74.6.65.227 - - [13/Apr/2007:09:47:58 -0400] "GET / HTTP/1.0" 200 787 "-" "Mozilla/5.0 (compatible; Yahoo! Slurp; http://help.yahoo.com/help/us/ysearch/slurp)"
74.6.75.22 - - [13/Apr/2007:10:07:16 -0400] "GET /robots.txt HTTP/1.0" 404 370 "-" "Mozilla/5.0 (compatible; Yahoo! Slurp; http://help.yahoo.com/help/us/ysearch/slurp)"
74.6.69.82 - - [13/Apr/2007:10:07:16 -0400] "GET / HTTP/1.0" 200 788 "-" "Mozilla/5.0 (compatible; Yahoo! Slurp; http://help.yahoo.com/help/us/ysearch/slurp)"
66.249.65.225 - - [13/Apr/2007:15:07:01 -0400] "GET /robots.txt HTTP/1.1" 404 369 "-" "Mozilla/5.0 (compatible; Googlebot/2.1; +http://www.google.com/bot.html)"
66.249.65.225 - - [13/Apr/2007:15:07:01 -0400] "GET /logs/access.log HTTP/1.1" 200 150351 "-" "Mozilla/5.0 (compatible; Googlebot/2.1; +http://www.google.com/bot.html)"
66.249.65.225 - - [13/Apr/2007:19:07:37 -0400] "GET /?C=N;O=A HTTP/1.1" 200 787 "-" "Mozilla/5.0 (compatible; Googlebot/2.1; +http://www.google.com/bot.html)"
72.14.195.223 - - [13/Apr/2007:21:09:57 -0400] "GET / HTTP/1.1" 200 787 "http://sportbikerecycler.com/main.html" "Mozilla/4.0 (compatible; MSIE 6.0; Windows NT 5.1; SV1; InfoPath.1; .NET CLR 1.1.4322; .NET CLR 2.0.50727)"
172.133.182.251 - - [13/Apr/2007:21:10:00 -0400] "GET /icons/blank.gif HTTP/1.1" 200 148 "http://www.sportbikerecyclers.com/" "Mozilla/4.0 (compatible; MSIE 6.0; Windows NT 5.1; SV1; InfoPath.1; .NET CLR 1.1.4322; .NET CLR 2.0.50727)"
172.133.182.251 - - [13/Apr/2007:21:10:01 -0400] "GET /icons/folder.gif HTTP/1.1" 200 225 "http://www.sportbikerecyclers.com/" "Mozilla/4.0 (compatible; MSIE 6.0; Windows NT 5.1; SV1; InfoPath.1; .NET CLR 1.1.4322; .NET CLR 2.0.50727)"
66.249.65.225 - - [14/Apr/2007:03:18:53 -0400] "GET /robots.txt HTTP/1.1" 404 369 "-" "Mozilla/5.0 (compatible; Googlebot/2.1; +http://www.google.com/bot.html)"
66.249.65.225 - - [14/Apr/2007:03:18:53 -0400] "GET /logs/?C=N;O=D HTTP/1.1" 200 1145 "-" "Mozilla/5.0 (compatible; Googlebot/2.1; +http://www.google.com/bot.html)"
69.47.54.7 - - [14/Apr/2007:05:08:27 -0400] "GET / HTTP/1.1" 200 787 "-" "Mozilla/4.0 (compatible; MSIE 6.0; Windows NT 5.1)"
69.47.54.7 - - [14/Apr/2007:05:08:27 -0400] "GET /icons/blank.gif HTTP/1.1" 200 148 "http://www.sportbikerecyclers.com/" "Mozilla/4.0 (compatible; MSIE 6.0; Windows NT 5.1)"
69.47.54.7 - - [14/Apr/2007:05:08:27 -0400] "GET /icons/folder.gif HTTP/1.1" 200 225 "http://www.sportbikerecyclers.com/" "Mozilla/4.0 (compatible; MSIE 6.0; Windows NT 5.1)"
69.47.54.7 - - [14/Apr/2007:05:08:27 -0400] "GET /favicon.ico HTTP/1.1" 404 370 "-" "Mozilla/4.0 (compatible; MSIE 6.0; Windows NT 5.1)"
64.34.145.200 - - [14/Apr/2007:06:36:12 -0400] "GET /robots.txt HTTP/1.0" 404 369 "-" "SBIder/SBIder-0.8.2-dev (http://www.sitesell.com/sbider.html)"
64.34.145.200 - - [14/Apr/2007:06:36:12 -0400] "GET /logs/ HTTP/1.0" 200 1145 "-" "SBIder/SBIder-0.8.2-dev (http://www.sitesell.com/sbider.html)"
212.95.252.16 - - [14/Apr/2007:23:56:21 -0400] "GET / HTTP/1.0" 200 788 "-" "Mozilla/4.0 (compatible; MSIE 6.0; Windows NT 5.1)"
74.6.75.36 - - [15/Apr/2007:16:15:20 -0400] "GET /robots.txt HTTP/1.0" 404 369 "-" "Mozilla/5.0 (compatible; Yahoo! Slurp; http://help.yahoo.com/help/us/ysearch/slurp)"
74.6.65.227 - - [15/Apr/2007:16:15:20 -0400] "GET / HTTP/1.0" 200 787 "-" "Mozilla/5.0 (compatible; Yahoo! Slurp; http://help.yahoo.com/help/us/ysearch/slurp)"
71.72.209.41 - - [15/Apr/2007:18:19:51 -0400] "GET / HTTP/1.1" 200 783 "-" "Mozilla/4.0 (compatible; MSIE 6.0; Windows NT 5.1; SV1; .NET CLR 1.1.4322)"
71.72.209.41 - - [15/Apr/2007:18:19:51 -0400] "GET /icons/blank.gif HTTP/1.1" 200 148 "http://sportbikerecyclers.com/" "Mozilla/4.0 (compatible; MSIE 6.0; Windows NT 5.1; SV1; .NET CLR 1.1.4322)"
71.72.209.41 - - [15/Apr/2007:18:19:51 -0400] "GET /icons/folder.gif HTTP/1.1" 200 225 "http://sportbikerecyclers.com/" "Mozilla/4.0 (compatible; MSIE 6.0; Windows NT 5.1; SV1; .NET CLR 1.1.4322)"
71.72.209.41 - - [15/Apr/2007:18:19:56 -0400] "GET /?C=N;O=D HTTP/1.1" 200 783 "http://sportbikerecyclers.com/" "Mozilla/4.0 (compatible; MSIE 6.0; Windows NT 5.1; SV1; .NET CLR 1.1.4322)"
71.72.209.41 - - [15/Apr/2007:18:19:59 -0400] "GET /?C=M;O=A HTTP/1.1" 200 783 "http://sportbikerecyclers.com/?C=N;O=D" "Mozilla/4.0 (compatible; MSIE 6.0; Windows NT 5.1; SV1; .NET CLR 1.1.4322)"
74.138.172.66 - - [15/Apr/2007:21:41:41 -0400] "GET /favicon.ico HTTP/1.1" 404 370 "-" "Mozilla/4.0 (compatible; MSIE 7.0; Windows NT 5.1; .NET CLR 1.0.3705; .NET CLR 1.1.4322; Media Center PC 4.0)"
74.138.172.66 - - [15/Apr/2007:21:41:41 -0400] "GET / HTTP/1.1" 200 787 "-" "Mozilla/4.0 (compatible; MSIE 7.0; Windows NT 5.1; .NET CLR 1.0.3705; .NET CLR 1.1.4322; Media Center PC 4.0)"
74.138.172.66 - - [15/Apr/2007:21:41:41 -0400] "GET /icons/blank.gif HTTP/1.1" 200 148 "http://www.sportbikerecyclers.com/" "Mozilla/4.0 (compatible; MSIE 7.0; Windows NT 5.1; .NET CLR 1.0.3705; .NET CLR 1.1.4322; Media Center PC 4.0)"
74.138.172.66 - - [15/Apr/2007:21:41:42 -0400] "GET /icons/folder.gif HTTP/1.1" 200 225 "http://www.sportbikerecyclers.com/" "Mozilla/4.0 (compatible; MSIE 7.0; Windows NT 5.1; .NET CLR 1.0.3705; .NET CLR 1.1.4322; Media Center PC 4.0)"
74.138.172.66 - - [15/Apr/2007:21:41:53 -0400] "GET /?C=D;O=A HTTP/1.1" 200 787 "http://www.sportbikerecyclers.com/" "Mozilla/4.0 (compatible; MSIE 7.0; Windows NT 5.1; .NET CLR 1.0.3705; .NET CLR 1.1.4322; Media Center PC 4.0)"
70.238.241.28 - - [16/Apr/2007:00:43:57 -0400] "GET /favicon.ico HTTP/1.1" 404 370 "-" "Mozilla/4.0 (compatible; MSIE 7.0; Windows NT 6.0; SLCC1; .NET CLR 2.0.50727; .NET CLR 3.0.04506)"
70.238.241.28 - - [16/Apr/2007:00:43:57 -0400] "GET / HTTP/1.1" 200 787 "http://www.sportbikerecycler.com/main.html" "Mozilla/4.0 (compatible; MSIE 7.0; Windows NT 6.0; SLCC1; .NET CLR 2.0.50727; .NET CLR 3.0.04506)"
70.238.241.28 - - [16/Apr/2007:00:43:57 -0400] "GET /icons/folder.gif HTTP/1.1" 200 225 "http://www.sportbikerecyclers.com/" "Mozilla/4.0 (compatible; MSIE 7.0; Windows NT 6.0; SLCC1; .NET CLR 2.0.50727; .NET CLR 3.0.04506)"
70.238.241.28 - - [16/Apr/2007:00:43:57 -0400] "GET /icons/blank.gif HTTP/1.1" 200 148 "http://www.sportbikerecyclers.com/" "Mozilla/4.0 (compatible; MSIE 7.0; Windows NT 6.0; SLCC1; .NET CLR 2.0.50727; .NET CLR 3.0.04506)"
70.238.241.28 - - [16/Apr/2007:00:44:13 -0400] "GET /logs/ HTTP/1.1" 200 1145 "http://www.sportbikerecyclers.com/" "Mozilla/4.0 (compatible; MSIE 7.0; Windows NT 6.0; SLCC1; .NET CLR 2.0.50727; .NET CLR 3.0.04506)"
70.238.241.28 - - [16/Apr/2007:00:44:13 -0400] "GET /icons/back.gif HTTP/1.1" 200 216 "http://www.sportbikerecyclers.com/logs/" "Mozilla/4.0 (compatible; MSIE 7.0; Windows NT 6.0; SLCC1; .NET CLR 2.0.50727; .NET CLR 3.0.04506)"
70.238.241.28 - - [16/Apr/2007:00:44:13 -0400] "GET /icons/unknown.gif HTTP/1.1" 200 245 "http://www.sportbikerecyclers.com/logs/" "Mozilla/4.0 (compatible; MSIE 7.0; Windows NT 6.0; SLCC1; .NET CLR 2.0.50727; .NET CLR 3.0.04506)"
64.246.165.190 - - [16/Apr/2007:04:31:21 -0400] "GET /robots.txt HTTP/1.0" 404 369 "http://www.whois.sc/" "SurveyBot/2.3 (Whois Source)"
64.246.165.190 - - [16/Apr/2007:04:31:21 -0400] "GET / HTTP/1.1" 206 787 "http://www.whois.sc/sportbikerecyclers.com" "SurveyBot/2.3 (Whois Source)"
216.145.11.94 - - [16/Apr/2007:07:41:54 -0400] "GET /robots.txt HTTP/1.0" 404 370 "http://www.whois.sc/" "SurveyBot/2.3 (Whois Source)"
216.145.11.94 - - [16/Apr/2007:07:41:54 -0400] "GET / HTTP/1.1" 206 788 "http://www.whois.sc/usedmotorcycleparts.biz" "SurveyBot/2.3 (Whois Source)"
38.100.41.105 - - [16/Apr/2007:13:01:50 -0400] "GET / HTTP/1.1" 200 784 "-" "Mozilla/4.0 (compatible; MSIE 6.0; Windows XP)"
38.100.41.105 - - [16/Apr/2007:13:02:41 -0400] "GET /logs/ HTTP/1.1" 200 1142 "http://usedmotorcycleparts.biz/" "Mozilla/4.0 (compatible; MSIE 6.0; Windows XP)"
38.100.41.105 - - [16/Apr/2007:13:03:38 -0400] "GET /logs/error.log HTTP/1.1" 200 26199 "http://usedmotorcycleparts.biz/logs/" "Mozilla/4.0 (compatible; MSIE 6.0; Windows XP)"
38.100.41.105 - - [16/Apr/2007:13:03:39 -0400] "GET /logs/access.log HTTP/1.1" 200 157644 "http://usedmotorcycleparts.biz/logs/" "Mozilla/4.0 (compatible; MSIE 6.0; Windows XP)"
66.249.65.225 - - [16/Apr/2007:13:47:17 -0400] "GET /robots.txt HTTP/1.1" 404 369 "-" "Mozilla/5.0 (compatible; Googlebot/2.1; +http://www.google.com/bot.html)"
66.249.65.225 - - [16/Apr/2007:13:47:17 -0400] "GET /logs/error.log HTTP/1.1" 200 26321 "-" "Mozilla/5.0 (compatible; Googlebot/2.1; +http://www.google.com/bot.html)"
205.188.117.11 - - [16/Apr/2007:16:20:00 -0400] "GET / HTTP/1.1" 200 787 "http://sportbikerecycler.com/main.html" "Mozilla/4.0 (compatible; MSIE 6.0; AOL 9.0; Windows NT 5.1; SeekmoToolbar 4.8.4)"
205.188.116.71 - - [16/Apr/2007:16:20:00 -0400] "GET /icons/blank.gif HTTP/1.1" 200 148 "http://www.sportbikerecyclers.com/" "Mozilla/4.0 (compatible; MSIE 6.0; AOL 9.0; Windows NT 5.1; SeekmoToolbar 4.8.4)"
205.188.116.134 - - [16/Apr/2007:16:20:00 -0400] "GET /icons/folder.gif HTTP/1.1" 200 225 "http://www.sportbikerecyclers.com/" "Mozilla/4.0 (compatible; MSIE 6.0; AOL 9.0; Windows NT 5.1; SeekmoToolbar 4.8.4)"
205.188.116.132 - - [16/Apr/2007:16:20:05 -0400] "GET /?C=D;O=A HTTP/1.1" 200 787 "http://www.sportbikerecyclers.com/" "Mozilla/4.0 (compatible; MSIE 6.0; AOL 9.0; Windows NT 5.1; SeekmoToolbar 4.8.4)"
205.188.116.135 - - [16/Apr/2007:16:20:12 -0400] "GET /?C=M;O=A HTTP/1.1" 200 787 "http://www.sportbikerecyclers.com/?C=D;O=A" "Mozilla/4.0 (compatible; MSIE 6.0; AOL 9.0; Windows NT 5.1; SeekmoToolbar 4.8.4)"
205.188.116.195 - - [16/Apr/2007:16:20:14 -0400] "GET /logs/ HTTP/1.1" 200 1145 "http://www.sportbikerecyclers.com/?C=M;O=A" "Mozilla/4.0 (compatible; MSIE 6.0; AOL 9.0; Windows NT 5.1; SeekmoToolbar 4.8.4)"
205.188.116.16 - - [16/Apr/2007:16:20:15 -0400] "GET /icons/unknown.gif HTTP/1.1" 200 245 "http://www.sportbikerecyclers.com/logs/" "Mozilla/4.0 (compatible; MSIE 6.0; AOL 9.0; Windows NT 5.1; SeekmoToolbar 4.8.4)"
205.188.116.77 - - [16/Apr/2007:16:20:15 -0400] "GET /icons/back.gif HTTP/1.1" 200 216 "http://www.sportbikerecyclers.com/logs/" "Mozilla/4.0 (compatible; MSIE 6.0; AOL 9.0; Windows NT 5.1; SeekmoToolbar 4.8.4)"
205.188.116.144 - - [16/Apr/2007:16:20:19 -0400] "GET /logs/access.log HTTP/1.1" 200 159812 "http://www.sportbikerecyclers.com/logs/" "Mozilla/4.0 (compatible; MSIE 6.0; AOL 9.0; Windows NT 5.1; SeekmoToolbar 4.8.4)"
66.249.65.225 - - [17/Apr/2007:09:00:32 -0400] "GET /robots.txt HTTP/1.1" 404 369 "-" "Mozilla/5.0 (compatible; Googlebot/2.1; +http://www.google.com/bot.html)"
66.249.65.225 - - [17/Apr/2007:09:00:32 -0400] "GET /logs/ HTTP/1.1" 200 1145 "-" "Mozilla/5.0 (compatible; Googlebot/2.1; +http://www.google.com/bot.html)"
63.123.238.8 - - [17/Apr/2007:15:17:08 -0400] "GET /robots.txt HTTP/1.1" 404 370 "-" "Mozilla/2.0 (compatible; Ask Jeeves/Teoma)"
63.123.238.8 - - [17/Apr/2007:15:17:08 -0400] "GET / HTTP/1.1" 200 788 "-" "Mozilla/2.0 (compatible; Ask Jeeves/Teoma)"
152.163.100.143 - - [17/Apr/2007:20:56:11 -0400] "GET / HTTP/1.1" 200 787 "-" "Mozilla/4.0 (compatible; MSIE 6.0; AOL 9.0; Windows NT 5.1; SV1; .NET CLR 1.1.4322; ZangoToolbar 4.8.2)"
152.163.100.72 - - [17/Apr/2007:20:56:12 -0400] "GET /icons/folder.gif HTTP/1.1" 200 225 "http://www.sportbikerecyclers.com/" "Mozilla/4.0 (compatible; MSIE 6.0; AOL 9.0; Windows NT 5.1; SV1; .NET CLR 1.1.4322; ZangoToolbar 4.8.2)"
152.163.100.18 - - [17/Apr/2007:20:56:12 -0400] "GET /icons/blank.gif HTTP/1.1" 200 148 "http://www.sportbikerecyclers.com/" "Mozilla/4.0 (compatible; MSIE 6.0; AOL 9.0; Windows NT 5.1; SV1; .NET CLR 1.1.4322; ZangoToolbar 4.8.2)"
69.133.35.207 - - [17/Apr/2007:21:30:42 -0400] "GET /logs/access.log HTTP/1.1" 200 161244 "-" "Mozilla/4.0 (compatible; MSIE 6.0; Windows NT 5.1; SV1; .NET CLR 1.0.3705; .NET CLR 1.1.4322; Media Center PC 4.0; .NET CLR 2.0.50727)"
74.6.75.38 - - [17/Apr/2007:22:35:09 -0400] "GET /robots.txt HTTP/1.0" 404 370 "-" "Mozilla/5.0 (compatible; Yahoo! Slurp; http://help.yahoo.com/help/us/ysearch/slurp)"
74.6.69.82 - - [17/Apr/2007:22:35:09 -0400] "GET / HTTP/1.0" 200 788 "-" "Mozilla/5.0 (compatible; Yahoo! Slurp; http://help.yahoo.com/help/us/ysearch/slurp)"
66.249.65.225 - - [18/Apr/2007:10:45:43 -0400] "GET /robots.txt HTTP/1.1" 404 369 "-" "Mozilla/5.0 (compatible; Googlebot/2.1; +http://www.google.com/bot.html)"
66.249.65.225 - - [18/Apr/2007:10:45:43 -0400] "GET /logs/?C=N;O=D HTTP/1.1" 200 1145 "-" "Mozilla/5.0 (compatible; Googlebot/2.1; +http://www.google.com/bot.html)"
72.30.177.78 - - [18/Apr/2007:14:49:27 -0400] "GET /robots.txt HTTP/1.0" 404 369 "-" "Mozilla/5.0 (compatible; Yahoo! Slurp; http://help.yahoo.com/help/us/ysearch/slurp)"
74.6.65.227 - - [18/Apr/2007:14:49:28 -0400] "GET / HTTP/1.0" 200 787 "-" "Mozilla/5.0 (compatible; Yahoo! Slurp; http://help.yahoo.com/help/us/ysearch/slurp)"
66.249.65.225 - - [18/Apr/2007:18:16:16 -0400] "GET /robots.txt HTTP/1.1" 404 369 "-" "Mozilla/5.0 (compatible; Googlebot/2.1; +http://www.google.com/bot.html)"
66.249.65.225 - - [18/Apr/2007:18:16:16 -0400] "GET /logs/access.log HTTP/1.1" 200 162621 "-" "Mozilla/5.0 (compatible; Googlebot/2.1; +http://www.google.com/bot.html)"
66.249.65.197 - - [20/Apr/2007:01:51:13 -0400] "GET /robots.txt HTTP/1.1" 404 369 "-" "Mozilla/5.0 (compatible; Googlebot/2.1; +http://www.google.com/bot.html)"
66.249.65.197 - - [20/Apr/2007:01:51:13 -0400] "GET /?C=D;O=A HTTP/1.1" 200 787 "-" "Mozilla/5.0 (compatible; Googlebot/2.1; +http://www.google.com/bot.html)"
66.249.65.197 - - [20/Apr/2007:11:40:28 -0400] "GET /robots.txt HTTP/1.1" 404 369 "-" "Mozilla/5.0 (compatible; Googlebot/2.1; +http://www.google.com/bot.html)"
66.249.65.197 - - [20/Apr/2007:11:40:28 -0400] "GET /logs/error.log HTTP/1.1" 200 27292 "-" "Mozilla/5.0 (compatible; Googlebot/2.1; +http://www.google.com/bot.html)"
67.98.29.92 - - [20/Apr/2007:19:43:42 -0400] "GET /logs/error.log HTTP/1.1" 200 27292 "http://www.google.com/search?client=firefox-a&rls=org.mozilla%3Aen-US%3Aofficial&channel=s&hl=en&q=sportbikerecyclers.com&btnG=Google+Search" "Mozilla/5.0 (Windows; U; Windows NT 5.1; en-US; rv:1.8.1.3) Gecko/20070309 Firefox/2.0.0.3"
67.98.29.92 - - [20/Apr/2007:19:43:42 -0400] "GET /favicon.ico HTTP/1.1" 404 370 "-" "Mozilla/5.0 (Windows; U; Windows NT 5.1; en-US; rv:1.8.1.3) Gecko/20070309 Firefox/2.0.0.3"
66.249.65.197 - - [20/Apr/2007:22:00:03 -0400] "GET /robots.txt HTTP/1.1" 404 369 "-" "Mozilla/5.0 (compatible; Googlebot/2.1; +http://www.google.com/bot.html)"
66.249.65.197 - - [20/Apr/2007:22:00:03 -0400] "GET /logs/access.log HTTP/1.1" 200 164099 "-" "Mozilla/5.0 (compatible; Googlebot/2.1; +http://www.google.com/bot.html)"
74.6.75.38 - - [21/Apr/2007:02:31:29 -0400] "GET /robots.txt HTTP/1.0" 404 370 "-" "Mozilla/5.0 (compatible; Yahoo! Slurp; http://help.yahoo.com/help/us/ysearch/slurp)"
74.6.69.82 - - [21/Apr/2007:02:31:29 -0400] "GET / HTTP/1.0" 200 788 "-" "Mozilla/5.0 (compatible; Yahoo! Slurp; http://help.yahoo.com/help/us/ysearch/slurp)"
72.30.177.78 - - [21/Apr/2007:05:02:32 -0400] "GET /robots.txt HTTP/1.0" 404 369 "-" "Mozilla/5.0 (compatible; Yahoo! Slurp; http://help.yahoo.com/help/us/ysearch/slurp)"
74.6.65.227 - - [21/Apr/2007:05:02:32 -0400] "GET / HTTP/1.0" 200 787 "-" "Mozilla/5.0 (compatible; Yahoo! Slurp; http://help.yahoo.com/help/us/ysearch/slurp)"
74.138.172.66 - - [21/Apr/2007:12:23:36 -0400] "GET / HTTP/1.1" 200 787 "-" "Mozilla/4.0 (compatible; MSIE 7.0; Windows NT 5.1; .NET CLR 1.0.3705; .NET CLR 1.1.4322; Media Center PC 4.0)"
74.138.172.66 - - [21/Apr/2007:12:23:36 -0400] "GET /icons/blank.gif HTTP/1.1" 200 148 "http://www.sportbikerecyclers.com/" "Mozilla/4.0 (compatible; MSIE 7.0; Windows NT 5.1; .NET CLR 1.0.3705; .NET CLR 1.1.4322; Media Center PC 4.0)"
74.138.172.66 - - [21/Apr/2007:12:23:36 -0400] "GET /icons/folder.gif HTTP/1.1" 200 225 "http://www.sportbikerecyclers.com/" "Mozilla/4.0 (compatible; MSIE 7.0; Windows NT 5.1; .NET CLR 1.0.3705; .NET CLR 1.1.4322; Media Center PC 4.0)"
80.137.234.67 - - [21/Apr/2007:14:36:46 -0400] "GET / HTTP/1.1" 200 787 "http://www.sportbikerecycler.com/main.html" "Mozilla/4.0 (compatible; MSIE 6.0; Windows 98; {6B41D681-59E5-11D9-B9EE-444553540000})"
80.137.234.67 - - [21/Apr/2007:14:36:46 -0400] "GET /icons/blank.gif HTTP/1.1" 200 148 "http://www.sportbikerecyclers.com/" "Mozilla/4.0 (compatible; MSIE 6.0; Windows 98; {6B41D681-59E5-11D9-B9EE-444553540000})"
80.137.234.67 - - [21/Apr/2007:14:36:46 -0400] "GET /icons/folder.gif HTTP/1.1" 200 225 "http://www.sportbikerecyclers.com/" "Mozilla/4.0 (compatible; MSIE 6.0; Windows 98; {6B41D681-59E5-11D9-B9EE-444553540000})"
66.249.65.197 - - [21/Apr/2007:18:47:37 -0400] "GET /robots.txt HTTP/1.1" 404 369 "-" "Mozilla/5.0 (compatible; Googlebot/2.1; +http://www.google.com/bot.html)"
66.249.65.197 - - [21/Apr/2007:18:47:37 -0400] "GET /logs/?C=N;O=D HTTP/1.1" 200 1145 "-" "Mozilla/5.0 (compatible; Googlebot/2.1; +http://www.google.com/bot.html)"
74.52.245.146 - - [21/Apr/2007:22:36:22 -0400] "GET / HTTP/1.0" 200 787 "-" "Mozilla/5.0 (X11; U; Linux i686; en-US; rv:1.7.5) Gecko/20041107 Firefox/1.0"
207.69.137.42 - - [22/Apr/2007:11:08:39 -0400] "GET / HTTP/1.1" 200 783 "-" "Mozilla/4.0 (compatible; MSIE 6.0; Windows NT 5.1; SV1; .NET CLR 1.0.3705; .NET CLR 1.1.4322; Media Center PC 4.0; PeoplePal 3.0)"
207.69.137.42 - - [22/Apr/2007:11:08:40 -0400] "GET /icons/blank.gif HTTP/1.1" 200 148 "http://sportbikerecyclers.com/" "Mozilla/4.0 (compatible; MSIE 6.0; Windows NT 5.1; SV1; .NET CLR 1.0.3705; .NET CLR 1.1.4322; Media Center PC 4.0; PeoplePal 3.0)"
207.69.137.42 - - [22/Apr/2007:11:08:40 -0400] "GET /icons/folder.gif HTTP/1.1" 200 225 "http://sportbikerecyclers.com/" "Mozilla/4.0 (compatible; MSIE 6.0; Windows NT 5.1; SV1; .NET CLR 1.0.3705; .NET CLR 1.1.4322; Media Center PC 4.0; PeoplePal 3.0)"
216.145.5.42 - - [23/Apr/2007:04:56:41 -0400] "GET /robots.txt HTTP/1.0" 404 369 "http://www.whois.sc/" "SurveyBot/2.3 (Whois Source)"
216.145.5.42 - - [23/Apr/2007:04:56:41 -0400] "GET / HTTP/1.1" 206 787 "http://www.whois.sc/sportbikerecyclers.com" "SurveyBot/2.3 (Whois Source)"
74.6.75.38 - - [23/Apr/2007:05:26:45 -0400] "GET /robots.txt HTTP/1.0" 404 370 "-" "Mozilla/5.0 (compatible; Yahoo! Slurp; http://help.yahoo.com/help/us/ysearch/slurp)"
74.6.69.82 - - [23/Apr/2007:05:26:46 -0400] "GET / HTTP/1.0" 200 788 "-" "Mozilla/5.0 (compatible; Yahoo! Slurp; http://help.yahoo.com/help/us/ysearch/slurp)"
64.246.165.200 - - [23/Apr/2007:08:06:09 -0400] "GET /robots.txt HTTP/1.0" 404 370 "http://www.whois.sc/" "SurveyBot/2.3 (Whois Source)"
64.246.165.200 - - [23/Apr/2007:08:06:09 -0400] "GET / HTTP/1.1" 206 788 "http://www.whois.sc/usedmotorcycleparts.biz" "SurveyBot/2.3 (Whois Source)"
72.30.177.78 - - [23/Apr/2007:11:49:48 -0400] "GET /robots.txt HTTP/1.0" 404 369 "-" "Mozilla/5.0 (compatible; Yahoo! Slurp; http://help.yahoo.com/help/us/ysearch/slurp)"
74.6.65.227 - - [23/Apr/2007:11:49:48 -0400] "GET / HTTP/1.0" 200 787 "-" "Mozilla/5.0 (compatible; Yahoo! Slurp; http://help.yahoo.com/help/us/ysearch/slurp)"
74.52.245.146 - - [23/Apr/2007:11:56:07 -0400] "GET / HTTP/1.0" 200 788 "-" "Mozilla/5.0 (X11; U; Linux i686; en-US; rv:1.7.5) Gecko/20041107 Firefox/1.0"
66.249.65.197 - - [23/Apr/2007:13:52:55 -0400] "GET /robots.txt HTTP/1.1" 404 369 "-" "Mozilla/5.0 (compatible; Googlebot/2.1; +http://www.google.com/bot.html)"
66.249.65.197 - - [23/Apr/2007:13:52:55 -0400] "GET /logs/error.log HTTP/1.1" 200 28565 "-" "Mozilla/5.0 (compatible; Googlebot/2.1; +http://www.google.com/bot.html)"
65.214.44.67 - - [24/Apr/2007:00:23:06 -0400] "GET /robots.txt HTTP/1.0" 404 370 "-" "Mozilla/2.0 (compatible; Ask Jeeves/Teoma; +http://about.ask.com/en/docs/about/webmasters.shtml)"
65.214.44.67 - - [24/Apr/2007:00:23:06 -0400] "GET / HTTP/1.0" 200 788 "-" "Mozilla/2.0 (compatible; Ask Jeeves/Teoma; +http://about.ask.com/en/docs/about/webmasters.shtml)"
65.214.44.67 - - [25/Apr/2007:00:46:34 -0400] "GET /robots.txt HTTP/1.0" 404 370 "-" "Mozilla/2.0 (compatible; Ask Jeeves/Teoma; +http://about.ask.com/en/docs/about/webmasters.shtml)"
65.214.44.67 - - [25/Apr/2007:00:46:53 -0400] "GET / HTTP/1.0" 200 788 "-" "Mozilla/2.0 (compatible; Ask Jeeves/Teoma; +http://about.ask.com/en/docs/about/webmasters.shtml)"
65.214.44.67 - - [25/Apr/2007:04:50:03 -0400] "GET /logs/ HTTP/1.0" 200 1146 "-" "Mozilla/2.0 (compatible; Ask Jeeves/Teoma; +http://about.ask.com/en/docs/about/webmasters.shtml)"
74.6.75.38 - - [25/Apr/2007:08:05:46 -0400] "GET /robots.txt HTTP/1.0" 404 370 "-" "Mozilla/5.0 (compatible; Yahoo! Slurp; http://help.yahoo.com/help/us/ysearch/slurp)"
74.6.69.82 - - [25/Apr/2007:08:05:46 -0400] "GET / HTTP/1.0" 200 788 "-" "Mozilla/5.0 (compatible; Yahoo! Slurp; http://help.yahoo.com/help/us/ysearch/slurp)"
66.249.65.197 - - [25/Apr/2007:11:59:22 -0400] "GET /robots.txt HTTP/1.1" 404 369 "-" "Mozilla/5.0 (compatible; Googlebot/2.1; +http://www.google.com/bot.html)"
66.249.65.197 - - [25/Apr/2007:11:59:22 -0400] "GET /logs/?C=N;O=D HTTP/1.1" 200 1145 "-" "Mozilla/5.0 (compatible; Googlebot/2.1; +http://www.google.com/bot.html)"
24.154.218.100 - - [25/Apr/2007:14:34:53 -0400] "GET / HTTP/1.1" 200 783 "-" "Mozilla/4.0 (compatible; MSIE 7.0; Windows NT 5.1; .NET CLR 1.1.4322; HbTools 4.8.0)"
24.154.218.100 - - [25/Apr/2007:14:34:53 -0400] "GET /icons/blank.gif HTTP/1.1" 200 148 "http://sportbikerecyclers.com/" "Mozilla/4.0 (compatible; MSIE 7.0; Windows NT 5.1; .NET CLR 1.1.4322; HbTools 4.8.0)"
24.154.218.100 - - [25/Apr/2007:14:34:53 -0400] "GET /icons/folder.gif HTTP/1.1" 200 225 "http://sportbikerecyclers.com/" "Mozilla/4.0 (compatible; MSIE 7.0; Windows NT 5.1; .NET CLR 1.1.4322; HbTools 4.8.0)"
24.154.218.100 - - [25/Apr/2007:14:34:53 -0400] "GET /favicon.ico HTTP/1.1" 404 366 "-" "Mozilla/4.0 (compatible; MSIE 7.0; Windows NT 5.1; .NET CLR 1.1.4322; HbTools 4.8.0)"
74.132.112.255 - - [25/Apr/2007:15:59:29 -0400] "GET / HTTP/1.1" 200 787 "-" "Mozilla/4.0 (compatible; MSIE 6.0; Windows NT 5.1; SV1; .NET CLR 1.0.3705; .NET CLR 1.1.4322; Media Center PC 4.0; .NET CLR 2.0.50727)"
74.132.112.255 - - [25/Apr/2007:15:59:29 -0400] "GET /icons/blank.gif HTTP/1.1" 200 148 "http://www.sportbikerecyclers.com/" "Mozilla/4.0 (compatible; MSIE 6.0; Windows NT 5.1; SV1; .NET CLR 1.0.3705; .NET CLR 1.1.4322; Media Center PC 4.0; .NET CLR 2.0.50727)"
66.249.65.197 - - [25/Apr/2007:16:51:50 -0400] "GET /logs/?C=S;O=A HTTP/1.1" 200 1145 "-" "Mozilla/5.0 (compatible; Googlebot/2.1; +http://www.google.com/bot.html)"
75.89.164.60 - - [25/Apr/2007:20:37:27 -0400] "GET / HTTP/1.1" 200 787 "http://www.sportbikerecycler.com/main.html" "Mozilla/4.0 (compatible; MSIE 7.0; Windows NT 6.0; SLCC1; .NET CLR 2.0.50727; .NET CLR 3.0.04506)"
75.89.164.60 - - [25/Apr/2007:20:37:27 -0400] "GET /favicon.ico HTTP/1.1" 404 370 "-" "Mozilla/4.0 (compatible; MSIE 7.0; Windows NT 6.0; SLCC1; .NET CLR 2.0.50727; .NET CLR 3.0.04506)"
75.89.164.60 - - [25/Apr/2007:20:37:27 -0400] "GET /icons/blank.gif HTTP/1.1" 200 148 "http://www.sportbikerecyclers.com/" "Mozilla/4.0 (compatible; MSIE 7.0; Windows NT 6.0; SLCC1; .NET CLR 2.0.50727; .NET CLR 3.0.04506)"
75.89.164.60 - - [25/Apr/2007:20:37:27 -0400] "GET /icons/folder.gif HTTP/1.1" 200 225 "http://www.sportbikerecyclers.com/" "Mozilla/4.0 (compatible; MSIE 7.0; Windows NT 6.0; SLCC1; .NET CLR 2.0.50727; .NET CLR 3.0.04506)"
75.89.164.60 - - [25/Apr/2007:20:37:32 -0400] "GET /favicon.ico HTTP/1.1" 404 370 "-" "Mozilla/5.0 (compatible; Google Desktop)"
66.249.65.197 - - [25/Apr/2007:23:04:51 -0400] "GET /robots.txt HTTP/1.1" 404 369 "-" "Mozilla/5.0 (compatible; Googlebot/2.1; +http://www.google.com/bot.html)"
66.249.65.197 - - [25/Apr/2007:23:04:51 -0400] "GET /logs/access.log HTTP/1.1" 200 173212 "-" "Mozilla/5.0 (compatible; Googlebot/2.1; +http://www.google.com/bot.html)"
72.147.18.97 - - [26/Apr/2007:00:56:22 -0400] "GET / HTTP/1.1" 200 787 "-" "Mozilla/4.0 (compatible; MSIE 6.0; Windows NT 5.1; SV1; .NET CLR 1.1.4322)"
72.147.18.97 - - [26/Apr/2007:00:56:22 -0400] "GET /icons/blank.gif HTTP/1.1" 200 148 "http://www.sportbikerecyclers.com/" "Mozilla/4.0 (compatible; MSIE 6.0; Windows NT 5.1; SV1; .NET CLR 1.1.4322)"
72.147.18.97 - - [26/Apr/2007:00:56:22 -0400] "GET /favicon.ico HTTP/1.1" 404 370 "-" "Mozilla/4.0 (compatible; MSIE 6.0; Windows NT 5.1; SV1; .NET CLR 1.1.4322)"
72.147.18.97 - - [26/Apr/2007:00:56:22 -0400] "GET /icons/folder.gif HTTP/1.1" 200 225 "http://www.sportbikerecyclers.com/" "Mozilla/4.0 (compatible; MSIE 6.0; Windows NT 5.1; SV1; .NET CLR 1.1.4322)"
72.147.18.97 - - [26/Apr/2007:00:56:23 -0400] "GET /_vti_bin/owssvr.dll?UL=1&ACT=4&BUILD=6254&STRMVER=4&CAPREQ=0 HTTP/1.1" 404 378 "-" "Mozilla/4.0 (compatible; MSIE 6.0; Windows NT 5.1; SV1; .NET CLR 1.1.4322)"
72.147.18.97 - - [26/Apr/2007:00:56:23 -0400] "GET /MSOffice/cltreq.asp?UL=1&ACT=4&BUILD=6254&STRMVER=4&CAPREQ=0 HTTP/1.1" 404 378 "-" "Mozilla/4.0 (compatible; MSIE 6.0; Windows NT 5.1; SV1; .NET CLR 1.1.4322)"
66.249.65.197 - - [26/Apr/2007:01:35:32 -0400] "GET /?C=S;O=A HTTP/1.1" 200 787 "-" "Mozilla/5.0 (compatible; Googlebot/2.1; +http://www.google.com/bot.html)"
66.249.65.197 - - [26/Apr/2007:06:01:22 -0400] "GET /robots.txt HTTP/1.1" 404 369 "-" "Mozilla/5.0 (compatible; Googlebot/2.1; +http://www.google.com/bot.html)"
66.249.65.197 - - [26/Apr/2007:06:01:22 -0400] "GET /logs/?C=M;O=A HTTP/1.1" 200 1145 "-" "Mozilla/5.0 (compatible; Googlebot/2.1; +http://www.google.com/bot.html)"
65.214.44.67 - - [26/Apr/2007:06:30:09 -0400] "GET /robots.txt HTTP/1.0" 404 370 "-" "Mozilla/2.0 (compatible; Ask Jeeves/Teoma; +http://about.ask.com/en/docs/about/webmasters.shtml)"
65.214.44.67 - - [26/Apr/2007:06:30:17 -0400] "GET /logs/access.log HTTP/1.0" 200 175190 "-" "Mozilla/2.0 (compatible; Ask Jeeves/Teoma; +http://about.ask.com/en/docs/about/webmasters.shtml)"
66.249.65.197 - - [26/Apr/2007:10:55:12 -0400] "GET /logs/?C=M;O=D HTTP/1.1" 200 1145 "-" "Mozilla/5.0 (compatible; Googlebot/2.1; +http://www.google.com/bot.html)"
71.31.19.107 - - [26/Apr/2007:11:51:38 -0400] "GET /favicon.ico HTTP/1.1" 404 370 "-" "Mozilla/4.0 (compatible; MSIE 7.0; Windows NT 5.1; .NET CLR 1.1.4322; .NET CLR 2.0.50727)"
71.31.19.107 - - [26/Apr/2007:11:51:38 -0400] "GET / HTTP/1.1" 200 787 "http://www.sportbikerecycler.com/main.html" "Mozilla/4.0 (compatible; MSIE 7.0; Windows NT 5.1; .NET CLR 1.1.4322; .NET CLR 2.0.50727)"
71.31.19.107 - - [26/Apr/2007:11:51:39 -0400] "GET /icons/blank.gif HTTP/1.1" 200 148 "http://www.sportbikerecyclers.com/" "Mozilla/4.0 (compatible; MSIE 7.0; Windows NT 5.1; .NET CLR 1.1.4322; .NET CLR 2.0.50727)"
71.31.19.107 - - [26/Apr/2007:11:51:39 -0400] "GET /icons/folder.gif HTTP/1.1" 200 225 "http://www.sportbikerecyclers.com/" "Mozilla/4.0 (compatible; MSIE 7.0; Windows NT 5.1; .NET CLR 1.1.4322; .NET CLR 2.0.50727)"
71.31.19.107 - - [26/Apr/2007:11:51:40 -0400] "GET /favicon.ico HTTP/1.1" 404 370 "-" "Mozilla/5.0 (compatible; Google Desktop)"
66.249.65.197 - - [26/Apr/2007:17:02:21 -0400] "GET /robots.txt HTTP/1.1" 404 369 "-" "Mozilla/5.0 (compatible; Googlebot/2.1; +http://www.google.com/bot.html)"
66.249.65.197 - - [26/Apr/2007:17:02:22 -0400] "GET /logs/?C=S;O=D HTTP/1.1" 200 1145 "-" "Mozilla/5.0 (compatible; Googlebot/2.1; +http://www.google.com/bot.html)"
72.30.177.78 - - [26/Apr/2007:21:33:53 -0400] "GET /robots.txt HTTP/1.0" 404 369 "-" "Mozilla/5.0 (compatible; Yahoo! Slurp; http://help.yahoo.com/help/us/ysearch/slurp)"
74.6.65.227 - - [26/Apr/2007:21:33:54 -0400] "GET / HTTP/1.0" 200 787 "-" "Mozilla/5.0 (compatible; Yahoo! Slurp; http://help.yahoo.com/help/us/ysearch/slurp)"
65.214.44.67 - - [27/Apr/2007:01:33:51 -0400] "GET /robots.txt HTTP/1.0" 404 370 "-" "Mozilla/2.0 (compatible; Ask Jeeves/Teoma; +http://about.ask.com/en/docs/about/webmasters.shtml)"
65.214.44.67 - - [27/Apr/2007:01:33:56 -0400] "GET /logs/error.log HTTP/1.0" 200 30749 "-" "Mozilla/2.0 (compatible; Ask Jeeves/Teoma; +http://about.ask.com/en/docs/about/webmasters.shtml)"
74.6.75.38 - - [27/Apr/2007:07:40:18 -0400] "GET /robots.txt HTTP/1.0" 404 370 "-" "Mozilla/5.0 (compatible; Yahoo! Slurp; http://help.yahoo.com/help/us/ysearch/slurp)"
74.6.69.82 - - [27/Apr/2007:07:40:18 -0400] "GET / HTTP/1.0" 200 788 "-" "Mozilla/5.0 (compatible; Yahoo! Slurp; http://help.yahoo.com/help/us/ysearch/slurp)"
71.13.115.117 - - [27/Apr/2007:17:22:58 -0400] "GET /robots.txt HTTP/1.0" 404 370 "-" "bot/1.0 (bot; http://; bot@bot.bot)"
71.13.115.117 - - [27/Apr/2007:17:22:58 -0400] "GET / HTTP/1.0" 200 788 "-" "bot/1.0 (bot; http://; bot@bot.bot)"
209.167.50.27 - - [27/Apr/2007:19:39:11 -0400] "GET /robots.txt HTTP/1.1" 404 369 "www.seventwentyfour.com/" "LinkWalker/2.0"
209.167.50.27 - - [27/Apr/2007:19:39:15 -0400] "GET / HTTP/1.1" 200 787 "http://www.sportbikerecycler.com/main.html" "LinkWalker/2.0"
209.167.50.27 - - [27/Apr/2007:19:39:30 -0400] "GET /?C=S;O=A HTTP/1.1" 200 787 "-" "LinkWalker/2.0"
209.167.50.27 - - [27/Apr/2007:19:39:50 -0400] "GET /?C=D;O=A HTTP/1.1" 200 787 "-" "LinkWalker/2.0"
209.167.50.27 - - [27/Apr/2007:19:40:01 -0400] "GET /logs/ HTTP/1.1" 200 1145 "-" "LinkWalker/2.0"
209.167.50.27 - - [27/Apr/2007:19:40:17 -0400] "GET /?C=M;O=A HTTP/1.1" 200 787 "-" "LinkWalker/2.0"
209.167.50.27 - - [27/Apr/2007:19:40:29 -0400] "GET /?C=N;O=D HTTP/1.1" 200 787 "-" "LinkWalker/2.0"
209.167.50.27 - - [27/Apr/2007:19:40:42 -0400] "GET /?C=S;O=D HTTP/1.1" 200 787 "-" "LinkWalker/2.0"
209.167.50.27 - - [27/Apr/2007:19:40:59 -0400] "GET /?C=N;O=A HTTP/1.1" 200 787 "-" "LinkWalker/2.0"
209.167.50.27 - - [27/Apr/2007:19:41:12 -0400] "GET /?C=D;O=D HTTP/1.1" 200 787 "-" "LinkWalker/2.0"
209.167.50.27 - - [27/Apr/2007:19:41:28 -0400] "GET /logs/?C=N;O=D HTTP/1.1" 200 1145 "-" "LinkWalker/2.0"
209.167.50.27 - - [27/Apr/2007:19:41:43 -0400] "GET /logs/error.log HTTP/1.1" 200 31147 "-" "LinkWalker/2.0"
209.167.50.27 - - [27/Apr/2007:19:41:57 -0400] "GET /logs/?C=S;O=A HTTP/1.1" 200 1145 "-" "LinkWalker/2.0"
209.167.50.27 - - [27/Apr/2007:19:42:12 -0400] "GET /logs/?C=D;O=A HTTP/1.1" 200 1145 "-" "LinkWalker/2.0"
209.167.50.27 - - [27/Apr/2007:19:42:28 -0400] "GET /logs/?C=M;O=A HTTP/1.1" 200 1145 "-" "LinkWalker/2.0"
209.167.50.27 - - [27/Apr/2007:19:42:42 -0400] "GET /logs/access.log HTTP/1.1" 200 179693 "-" "LinkWalker/2.0"
209.167.50.27 - - [27/Apr/2007:19:43:05 -0400] "GET /?C=M;O=D HTTP/1.1" 200 787 "-" "LinkWalker/2.0"
209.167.50.27 - - [27/Apr/2007:19:43:19 -0400] "GET /logs/?C=N;O=A HTTP/1.1" 200 1145 "-" "LinkWalker/2.0"
209.167.50.27 - - [27/Apr/2007:19:43:28 -0400] "GET /logs/?C=S;O=D HTTP/1.1" 200 1145 "-" "LinkWalker/2.0"
209.167.50.27 - - [27/Apr/2007:19:43:42 -0400] "GET /logs/?C=D;O=D HTTP/1.1" 200 1145 "-" "LinkWalker/2.0"
209.167.50.27 - - [27/Apr/2007:19:43:58 -0400] "GET /logs/?C=M;O=D HTTP/1.1" 200 1145 "-" "LinkWalker/2.0"
71.74.68.23 - - [27/Apr/2007:21:34:08 -0400] "GET /logs/ HTTP/1.1" 200 1145 "-" "Mozilla/4.0 (compatible; MSIE 7.0; Windows NT 5.1; .NET CLR 1.1.4322)"
71.74.68.23 - - [27/Apr/2007:21:34:08 -0400] "GET /icons/blank.gif HTTP/1.1" 200 148 "http://www.sportbikerecyclers.com/logs/" "Mozilla/4.0 (compatible; MSIE 7.0; Windows NT 5.1; .NET CLR 1.1.4322)"
71.74.68.23 - - [27/Apr/2007:21:34:08 -0400] "GET /icons/unknown.gif HTTP/1.1" 200 245 "http://www.sportbikerecyclers.com/logs/" "Mozilla/4.0 (compatible; MSIE 7.0; Windows NT 5.1; .NET CLR 1.1.4322)"
71.74.68.23 - - [27/Apr/2007:21:34:08 -0400] "GET /icons/back.gif HTTP/1.1" 200 216 "http://www.sportbikerecyclers.com/logs/" "Mozilla/4.0 (compatible; MSIE 7.0; Windows NT 5.1; .NET CLR 1.1.4322)"
71.74.68.23 - - [27/Apr/2007:21:34:09 -0400] "GET /favicon.ico HTTP/1.1" 404 370 "-" "Mozilla/4.0 (compatible; MSIE 7.0; Windows NT 5.1; .NET CLR 1.1.4322)"
66.249.65.197 - - [27/Apr/2007:21:55:16 -0400] "GET /robots.txt HTTP/1.1" 404 369 "-" "Mozilla/5.0 (compatible; Googlebot/2.1; +http://www.google.com/bot.html)"
66.249.65.197 - - [27/Apr/2007:21:55:16 -0400] "GET /logs/error.log HTTP/1.1" 200 31390 "-" "Mozilla/5.0 (compatible; Googlebot/2.1; +http://www.google.com/bot.html)"
64.12.116.140 - - [28/Apr/2007:00:50:37 -0400] "GET / HTTP/1.1" 200 783 "-" "Mozilla/4.0 (compatible; MSIE 7.0; AOL 8.0; Windows NT 5.1)"
64.12.116.11 - - [28/Apr/2007:00:50:39 -0400] "GET /icons/blank.gif HTTP/1.1" 200 148 "http://sportbikerecyclers.com/" "Mozilla/4.0 (compatible; MSIE 7.0; AOL 8.0; Windows NT 5.1)"
64.12.116.69 - - [28/Apr/2007:00:50:39 -0400] "GET /icons/folder.gif HTTP/1.1" 200 225 "http://sportbikerecyclers.com/" "Mozilla/4.0 (compatible; MSIE 7.0; AOL 8.0; Windows NT 5.1)"
64.12.116.140 - - [28/Apr/2007:00:51:46 -0400] "GET / HTTP/1.1" 200 783 "-" "Mozilla/4.0 (compatible; MSIE 7.0; AOL 8.0; Windows NT 5.1)"
64.12.117.7 - - [28/Apr/2007:00:52:00 -0400] "GET /logs/ HTTP/1.1" 200 1141 "http://sportbikerecyclers.com/" "Mozilla/4.0 (compatible; MSIE 7.0; AOL 8.0; Windows NT 5.1)"
64.12.117.9 - - [28/Apr/2007:00:52:01 -0400] "GET /icons/back.gif HTTP/1.1" 200 216 "http://sportbikerecyclers.com/logs/" "Mozilla/4.0 (compatible; MSIE 7.0; AOL 8.0; Windows NT 5.1)"
64.12.116.13 - - [28/Apr/2007:00:52:01 -0400] "GET /icons/unknown.gif HTTP/1.1" 200 245 "http://sportbikerecyclers.com/logs/" "Mozilla/4.0 (compatible; MSIE 7.0; AOL 8.0; Windows NT 5.1)"
205.188.116.144 - - [28/Apr/2007:03:14:22 -0400] "GET /logs/access.log HTTP/1.1" 200 182750 "http://aolsearch.aol.com/aol/search?invocationType=wscreen-searchboxhtml&query=www%2Esportbikerecycler%2Ecom" "Mozilla/4.0 (compatible; MSIE 7.0; AOL 9.0; Windows NT 5.1; .NET CLR 1.1.4322)"
205.188.117.11 - - [28/Apr/2007:03:14:26 -0400] "GET / HTTP/1.1" 200 787 "-" "Mozilla/4.0 (compatible; MSIE 7.0; AOL 9.0; Windows NT 5.1; .NET CLR 1.1.4322)"
66.249.65.197 - - [28/Apr/2007:23:21:53 -0400] "GET /robots.txt HTTP/1.1" 404 369 "-" "Googlebot-Image/1.0"
66.249.65.197 - - [28/Apr/2007:23:21:53 -0400] "GET /icons/back.gif HTTP/1.1" 200 216 "-" "Googlebot-Image/1.0"
66.249.65.197 - - [29/Apr/2007:02:51:10 -0400] "GET /icons/folder.gif HTTP/1.1" 200 225 "-" "Googlebot-Image/1.0"
74.138.172.66 - - [29/Apr/2007:08:47:47 -0400] "GET / HTTP/1.1" 200 787 "-" "Mozilla/4.0 (compatible; MSIE 7.0; Windows NT 5.1; .NET CLR 1.0.3705; .NET CLR 1.1.4322; Media Center PC 4.0)"
74.138.172.66 - - [29/Apr/2007:08:47:47 -0400] "GET /icons/blank.gif HTTP/1.1" 200 148 "http://www.sportbikerecyclers.com/" "Mozilla/4.0 (compatible; MSIE 7.0; Windows NT 5.1; .NET CLR 1.0.3705; .NET CLR 1.1.4322; Media Center PC 4.0)"
74.138.172.66 - - [29/Apr/2007:08:47:47 -0400] "GET /icons/folder.gif HTTP/1.1" 200 225 "http://www.sportbikerecyclers.com/" "Mozilla/4.0 (compatible; MSIE 7.0; Windows NT 5.1; .NET CLR 1.0.3705; .NET CLR 1.1.4322; Media Center PC 4.0)"
66.249.65.197 - - [29/Apr/2007:08:48:01 -0400] "GET /robots.txt HTTP/1.1" 404 369 "-" "Mozilla/5.0 (compatible; Googlebot/2.1; +http://www.google.com/bot.html)"
66.249.65.197 - - [29/Apr/2007:08:48:01 -0400] "GET /logs/?C=N;O=D HTTP/1.1" 200 1145 "-" "Mozilla/5.0 (compatible; Googlebot/2.1; +http://www.google.com/bot.html)"
66.249.65.197 - - [29/Apr/2007:16:26:31 -0400] "GET /robots.txt HTTP/1.1" 404 369 "-" "Mozilla/5.0 (compatible; Googlebot/2.1; +http://www.google.com/bot.html)"
66.249.65.197 - - [29/Apr/2007:16:26:31 -0400] "GET /logs/access.log HTTP/1.1" 200 184674 "-" "Mozilla/5.0 (compatible; Googlebot/2.1; +http://www.google.com/bot.html)"
71.75.56.170 - - [29/Apr/2007:19:19:05 -0400] "GET / HTTP/1.1" 200 787 "http://www.sportbikerecycler.com/main.html" "Mozilla/4.0 (compatible; MSIE 6.0; Windows NT 5.1; SV1)"
71.75.56.170 - - [29/Apr/2007:19:19:06 -0400] "GET /icons/blank.gif HTTP/1.1" 200 148 "http://www.sportbikerecyclers.com/" "Mozilla/4.0 (compatible; MSIE 6.0; Windows NT 5.1; SV1)"
71.75.56.170 - - [29/Apr/2007:19:19:06 -0400] "GET /icons/folder.gif HTTP/1.1" 200 225 "http://www.sportbikerecyclers.com/" "Mozilla/4.0 (compatible; MSIE 6.0; Windows NT 5.1; SV1)"
71.75.56.170 - - [29/Apr/2007:19:19:07 -0400] "GET /favicon.ico HTTP/1.1" 404 370 "-" "Mozilla/5.0 (compatible; Google Desktop)"
63.123.238.8 - - [30/Apr/2007:00:21:04 -0400] "GET /robots.txt HTTP/1.1" 404 370 "-" "Mozilla/2.0 (compatible; Ask Jeeves/Teoma)"
63.123.238.8 - - [30/Apr/2007:00:21:04 -0400] "GET / HTTP/1.1" 200 788 "-" "Mozilla/2.0 (compatible; Ask Jeeves/Teoma)"
66.249.65.197 - - [30/Apr/2007:06:04:25 -0400] "GET /robots.txt HTTP/1.1" 404 369 "-" "Mozilla/5.0 (compatible; Googlebot/2.1; +http://www.google.com/bot.html)"
66.249.65.197 - - [30/Apr/2007:06:04:25 -0400] "GET /logs/?C=S;O=A HTTP/1.1" 200 1145 "-" "Mozilla/5.0 (compatible; Googlebot/2.1; +http://www.google.com/bot.html)"
216.145.5.42 - - [30/Apr/2007:07:41:58 -0400] "GET /robots.txt HTTP/1.0" 404 369 "http://www.whois.sc/" "SurveyBot/2.3 (Whois Source)"
216.145.5.42 - - [30/Apr/2007:07:41:58 -0400] "GET / HTTP/1.1" 206 787 "http://www.whois.sc/sportbikerecyclers.com" "SurveyBot/2.3 (Whois Source)"
64.246.178.34 - - [30/Apr/2007:11:28:04 -0400] "GET /robots.txt HTTP/1.0" 404 370 "http://www.whois.sc/" "SurveyBot/2.3 (Whois Source)"
64.246.178.34 - - [30/Apr/2007:11:28:04 -0400] "GET / HTTP/1.1" 206 788 "http://www.whois.sc/usedmotorcycleparts.biz" "SurveyBot/2.3 (Whois Source)"
68.187.36.69 - - [30/Apr/2007:15:25:26 -0400] "GET / HTTP/1.1" 200 788 "-" "Mozilla/4.0 (compatible; MSIE 7.0; Windows NT 5.1)"
68.187.36.69 - - [30/Apr/2007:15:25:27 -0400] "GET /icons/blank.gif HTTP/1.1" 200 148 "http://www.usedmotorcycleparts.biz/" "Mozilla/4.0 (compatible; MSIE 7.0; Windows NT 5.1)"
68.187.36.69 - - [30/Apr/2007:15:25:27 -0400] "GET /icons/folder.gif HTTP/1.1" 200 225 "http://www.usedmotorcycleparts.biz/" "Mozilla/4.0 (compatible; MSIE 7.0; Windows NT 5.1)"
72.30.177.78 - - [30/Apr/2007:20:31:50 -0400] "GET /robots.txt HTTP/1.0" 404 369 "-" "Mozilla/5.0 (compatible; Yahoo! Slurp; http://help.yahoo.com/help/us/ysearch/slurp)"
74.6.65.227 - - [30/Apr/2007:20:31:51 -0400] "GET / HTTP/1.0" 200 787 "-" "Mozilla/5.0 (compatible; Yahoo! Slurp; http://help.yahoo.com/help/us/ysearch/slurp)"
66.249.65.197 - - [30/Apr/2007:21:30:55 -0400] "GET /robots.txt HTTP/1.1" 404 369 "-" "Mozilla/5.0 (compatible; Googlebot/2.1; +http://www.google.com/bot.html)"
66.249.65.197 - - [30/Apr/2007:21:30:55 -0400] "GET /logs/?C=D;O=D HTTP/1.1" 200 1145 "-" "Mozilla/5.0 (compatible; Googlebot/2.1; +http://www.google.com/bot.html)"
72.30.177.78 - - [01/May/2007:03:06:38 -0400] "GET /robots.txt HTTP/1.0" 404 369 "-" "Mozilla/5.0 (compatible; Yahoo! Slurp; http://help.yahoo.com/help/us/ysearch/slurp)"
74.6.68.201 - - [01/May/2007:03:06:46 -0400] "GET /logs/error.log HTTP/1.0" 200 32790 "-" "Mozilla/5.0 (compatible; Yahoo! Slurp; http://help.yahoo.com/help/us/ysearch/slurp)"
76.177.50.216 - - [01/May/2007:03:07:04 -0400] "GET / HTTP/1.1" 200 787 "http://www.sportbikerecycler.com/main.html" "Mozilla/4.0 (compatible; MSIE 7.0; Windows NT 5.1; SpamBlockerUtility 4.8.4; IEMB3; IEMB3)"
76.177.50.216 - - [01/May/2007:03:07:04 -0400] "GET /icons/blank.gif HTTP/1.1" 200 148 "http://www.sportbikerecyclers.com/" "Mozilla/4.0 (compatible; MSIE 7.0; Windows NT 5.1; SpamBlockerUtility 4.8.4; IEMB3; IEMB3)"
76.177.50.216 - - [01/May/2007:03:07:04 -0400] "GET /icons/folder.gif HTTP/1.1" 200 225 "http://www.sportbikerecyclers.com/" "Mozilla/4.0 (compatible; MSIE 7.0; Windows NT 5.1; SpamBlockerUtility 4.8.4; IEMB3; IEMB3)"
76.177.50.216 - - [01/May/2007:03:07:05 -0400] "GET /favicon.ico HTTP/1.1" 404 370 "-" "Mozilla/4.0 (compatible; MSIE 7.0; Windows NT 5.1; SpamBlockerUtility 4.8.4; IEMB3; IEMB3)"
66.249.65.232 - - [01/May/2007:07:31:36 -0400] "GET /robots.txt HTTP/1.1" 404 369 "-" "Mozilla/5.0 (compatible; Googlebot/2.1; +http://www.google.com/bot.html)"
66.249.65.232 - - [01/May/2007:07:31:36 -0400] "GET /logs/error.log HTTP/1.1" 200 33035 "-" "Mozilla/5.0 (compatible; Googlebot/2.1; +http://www.google.com/bot.html)"
74.6.75.38 - - [01/May/2007:15:16:30 -0400] "GET /robots.txt HTTP/1.0" 404 370 "-" "Mozilla/5.0 (compatible; Yahoo! Slurp; http://help.yahoo.com/help/us/ysearch/slurp)"
74.6.69.82 - - [01/May/2007:15:16:31 -0400] "GET / HTTP/1.0" 200 788 "-" "Mozilla/5.0 (compatible; Yahoo! Slurp; http://help.yahoo.com/help/us/ysearch/slurp)"
74.128.207.148 - - [01/May/2007:19:07:43 -0400] "GET / HTTP/1.1" 200 787 "-" "Opera/9.02 (X11; Linux i686; U; en)"
74.128.207.148 - - [01/May/2007:19:07:43 -0400] "GET /icons/blank.gif HTTP/1.1" 200 148 "http://www.sportbikerecyclers.com/" "Opera/9.02 (X11; Linux i686; U; en)"
74.128.207.148 - - [01/May/2007:19:07:43 -0400] "GET /icons/folder.gif HTTP/1.1" 200 225 "http://www.sportbikerecyclers.com/" "Opera/9.02 (X11; Linux i686; U; en)"
74.128.207.148 - - [01/May/2007:19:07:43 -0400] "GET /favicon.ico HTTP/1.1" 404 370 "http://www.sportbikerecyclers.com/" "Opera/9.02 (X11; Linux i686; U; en)"
74.128.207.148 - - [01/May/2007:19:07:59 -0400] "GET /logs/ HTTP/1.1" 200 1145 "http://www.sportbikerecyclers.com/" "Opera/9.02 (X11; Linux i686; U; en)"
74.128.207.148 - - [01/May/2007:19:07:59 -0400] "GET /icons/back.gif HTTP/1.1" 200 216 "http://www.sportbikerecyclers.com/logs/" "Opera/9.02 (X11; Linux i686; U; en)"
74.128.207.148 - - [01/May/2007:19:07:59 -0400] "GET /icons/unknown.gif HTTP/1.1" 200 245 "http://www.sportbikerecyclers.com/logs/" "Opera/9.02 (X11; Linux i686; U; en)"
74.128.207.148 - - [01/May/2007:19:08:01 -0400] "GET /logs/access.log HTTP/1.1" 200 190712 "http://www.sportbikerecyclers.com/logs/" "Opera/9.02 (X11; Linux i686; U; en)"
65.3.137.17 - - [01/May/2007:19:37:17 -0400] "GET / HTTP/1.1" 200 787 "-" "Mozilla/4.0 (compatible; MSIE 7.0; Windows NT 5.1; .NET CLR 1.1.4322)"
65.3.137.17 - - [01/May/2007:19:37:17 -0400] "GET /icons/blank.gif HTTP/1.1" 200 148 "http://www.sportbikerecyclers.com/" "Mozilla/4.0 (compatible; MSIE 7.0; Windows NT 5.1; .NET CLR 1.1.4322)"
65.3.137.17 - - [01/May/2007:19:37:17 -0400] "GET /icons/folder.gif HTTP/1.1" 200 225 "http://www.sportbikerecyclers.com/" "Mozilla/4.0 (compatible; MSIE 7.0; Windows NT 5.1; .NET CLR 1.1.4322)"
65.3.137.17 - - [01/May/2007:19:37:17 -0400] "GET /favicon.ico HTTP/1.1" 404 370 "-" "Mozilla/4.0 (compatible; MSIE 7.0; Windows NT 5.1; .NET CLR 1.1.4322)"
66.249.65.232 - - [01/May/2007:20:25:00 -0400] "GET /robots.txt HTTP/1.1" 404 369 "-" "Mozilla/5.0 (compatible; Googlebot/2.1; +http://www.google.com/bot.html)"
66.249.65.232 - - [01/May/2007:20:25:01 -0400] "GET /logs/ HTTP/1.1" 200 1145 "-" "Mozilla/5.0 (compatible; Googlebot/2.1; +http://www.google.com/bot.html)"
66.249.65.232 - - [01/May/2007:21:10:46 -0400] "GET /logs/?C=D;O=A HTTP/1.1" 200 1145 "-" "Mozilla/5.0 (compatible; Googlebot/2.1; +http://www.google.com/bot.html)"
74.129.36.169 - - [01/May/2007:21:11:40 -0400] "GET / HTTP/1.1" 200 788 "http://msxml.infospace.com/_1_22EMUW204R1G765__isight.main/search/web/usedmotorcycleparts" "Mozilla/4.0 (compatible; MSIE 7.0; Windows NT 5.1; .NET CLR 1.0.3705; .NET CLR 1.1.4322; Media Center PC 4.0; .NET CLR 2.0.50727)"
74.129.36.169 - - [01/May/2007:21:11:40 -0400] "GET /icons/blank.gif HTTP/1.1" 200 148 "http://www.usedmotorcycleparts.biz/" "Mozilla/4.0 (compatible; MSIE 7.0; Windows NT 5.1; .NET CLR 1.0.3705; .NET CLR 1.1.4322; Media Center PC 4.0; .NET CLR 2.0.50727)"
74.129.36.169 - - [01/May/2007:21:11:40 -0400] "GET /icons/folder.gif HTTP/1.1" 200 225 "http://www.usedmotorcycleparts.biz/" "Mozilla/4.0 (compatible; MSIE 7.0; Windows NT 5.1; .NET CLR 1.0.3705; .NET CLR 1.1.4322; Media Center PC 4.0; .NET CLR 2.0.50727)"
74.129.36.169 - - [01/May/2007:21:11:40 -0400] "GET /favicon.ico HTTP/1.1" 404 371 "-" "Mozilla/4.0 (compatible; MSIE 7.0; Windows NT 5.1; .NET CLR 1.0.3705; .NET CLR 1.1.4322; Media Center PC 4.0; .NET CLR 2.0.50727)"
74.129.36.169 - - [01/May/2007:21:11:43 -0400] "GET / HTTP/1.1" 200 788 "http://msxml.infospace.com/_1_22EMUW204R1G765__isight.main/search/web/usedmotorcycleparts" "Mozilla/4.0 (compatible; MSIE 7.0; Windows NT 5.1; .NET CLR 1.0.3705; .NET CLR 1.1.4322; Media Center PC 4.0; .NET CLR 2.0.50727)"
74.129.36.169 - - [01/May/2007:21:11:43 -0400] "GET / HTTP/1.1" 200 788 "http://msxml.infospace.com/_1_22EMUW204R1G765__isight.main/search/web/usedmotorcycleparts" "Mozilla/4.0 (compatible; MSIE 7.0; Windows NT 5.1; .NET CLR 1.0.3705; .NET CLR 1.1.4322; Media Center PC 4.0; .NET CLR 2.0.50727)"
74.129.36.169 - - [01/May/2007:21:11:44 -0400] "GET / HTTP/1.1" 200 788 "http://msxml.infospace.com/_1_22EMUW204R1G765__isight.main/search/web/usedmotorcycleparts" "Mozilla/4.0 (compatible; MSIE 7.0; Windows NT 5.1; .NET CLR 1.0.3705; .NET CLR 1.1.4322; Media Center PC 4.0; .NET CLR 2.0.50727)"
66.114.88.9 - - [02/May/2007:16:38:41 -0400] "GET /logs/access.log HTTP/1.1" 200 193976 "http://www.google.com/search?q=++Mozilla/4.0+SBUA+-statistics&hl=en&safe=off&client=firefox-a&rls=org.mozilla:en-US:official&hs=k8f&start=10&sa=N" "Mozilla/5.0 (Windows; U; Windows NT 5.1; en-US; rv:1.8.1.3) Gecko/20070309 Firefox/2.0.0.3"
66.114.88.9 - - [02/May/2007:16:38:43 -0400] "GET /favicon.ico HTTP/1.1" 404 370 "-" "Mozilla/5.0 (Windows; U; Windows NT 5.1; en-US; rv:1.8.1.3) Gecko/20070309 Firefox/2.0.0.3"
71.122.227.10 - - [02/May/2007:17:30:57 -0400] "GET / HTTP/1.1" 200 787 "http://www.sportbike.org/main.html" "Mozilla/4.0 (compatible; MSIE 6.0; Windows NT 5.1; SV1; YPC 3.2.0; .NET CLR 1.1.4322)"
71.122.227.10 - - [02/May/2007:17:30:57 -0400] "GET /favicon.ico HTTP/1.1" 404 370 "-" "Mozilla/4.0 (compatible; MSIE 6.0; Windows NT 5.1; SV1; YPC 3.2.0; .NET CLR 1.1.4322)"
71.122.227.10 - - [02/May/2007:17:30:57 -0400] "GET /icons/blank.gif HTTP/1.1" 200 148 "http://www.sportbikerecyclers.com/" "Mozilla/4.0 (compatible; MSIE 6.0; Windows NT 5.1; SV1; YPC 3.2.0; .NET CLR 1.1.4322)"
71.122.227.10 - - [02/May/2007:17:30:57 -0400] "GET /icons/folder.gif HTTP/1.1" 200 225 "http://www.sportbikerecyclers.com/" "Mozilla/4.0 (compatible; MSIE 6.0; Windows NT 5.1; SV1; YPC 3.2.0; .NET CLR 1.1.4322)"
66.249.65.232 - - [02/May/2007:23:02:42 -0400] "GET /robots.txt HTTP/1.1" 404 369 "-" "Mozilla/5.0 (compatible; Googlebot/2.1; +http://www.google.com/bot.html)"
66.249.65.232 - - [02/May/2007:23:02:42 -0400] "GET /logs/?C=S;O=A HTTP/1.1" 200 1145 "-" "Mozilla/5.0 (compatible; Googlebot/2.1; +http://www.google.com/bot.html)"
66.249.65.232 - - [03/May/2007:04:26:58 -0400] "GET /logs/access.log HTTP/1.1" 200 195606 "-" "Mozilla/5.0 (compatible; Googlebot/2.1; +http://www.google.com/bot.html)"
72.30.177.78 - - [03/May/2007:18:38:44 -0400] "GET /robots.txt HTTP/1.0" 404 369 "-" "Mozilla/5.0 (compatible; Yahoo! Slurp; http://help.yahoo.com/help/us/ysearch/slurp)"
74.6.70.87 - - [03/May/2007:18:38:44 -0400] "GET /logs/access.log HTTP/1.0" 200 195946 "-" "Mozilla/5.0 (compatible; Yahoo! Slurp; http://help.yahoo.com/help/us/ysearch/slurp)"
66.249.65.232 - - [03/May/2007:20:00:17 -0400] "GET /robots.txt HTTP/1.1" 404 369 "-" "Mozilla/5.0 (compatible; Googlebot/2.1; +http://www.google.com/bot.html)"
217.212.224.141 - - [04/May/2007:00:28:55 -0400] "GET /robots.txt HTTP/1.0" 404 370 "-" "psbot/0.1 (+http://www.picsearch.com/bot.html)"
217.212.224.177 - - [04/May/2007:00:28:56 -0400] "GET /logs/ HTTP/1.0" 200 1146 "-" "psbot/0.1 (+http://www.picsearch.com/bot.html)"
217.212.224.143 - - [04/May/2007:04:48:24 -0400] "GET /robots.txt HTTP/1.0" 404 370 "-" "psbot/0.1 (+http://www.picsearch.com/bot.html)"
217.212.224.178 - - [04/May/2007:04:48:27 -0400] "GET / HTTP/1.0" 200 788 "-" "psbot/0.1 (+http://www.picsearch.com/bot.html)"
208.17.184.59 - - [04/May/2007:16:32:35 -0400] "GET /robots.txt HTTP/1.1" 404 370 "-" "Mozilla/5.0 (X11; U; Linux i686; en-US; rv:1.7.12) Gecko/20050922 Fedora/1.0.7-1.1.fc4 Firefox/1.0.7"
208.17.184.59 - - [04/May/2007:16:32:35 -0400] "GET / HTTP/1.1" 200 788 "" "Mozilla/5.0 (X11; U; Linux i686; en-US; rv:1.7.12) Gecko/20050922 Fedora/1.0.7-1.1.fc4 Firefox/1.0.7"
208.17.184.59 - - [04/May/2007:16:32:35 -0400] "GET /?C=N;O=D HTTP/1.1" 200 788 "http://www.usedmotorcycleparts.biz/" "Mozilla/5.0 (X11; U; Linux i686; en-US; rv:1.7.12) Gecko/20050922 Fedora/1.0.7-1.1.fc4 Firefox/1.0.7"
208.17.184.59 - - [04/May/2007:16:32:35 -0400] "GET /?C=M;O=A HTTP/1.1" 200 788 "http://www.usedmotorcycleparts.biz/" "Mozilla/5.0 (X11; U; Linux i686; en-US; rv:1.7.12) Gecko/20050922 Fedora/1.0.7-1.1.fc4 Firefox/1.0.7"
208.17.184.59 - - [04/May/2007:16:32:35 -0400] "GET /?C=S;O=A HTTP/1.1" 200 788 "http://www.usedmotorcycleparts.biz/" "Mozilla/5.0 (X11; U; Linux i686; en-US; rv:1.7.12) Gecko/20050922 Fedora/1.0.7-1.1.fc4 Firefox/1.0.7"
208.17.184.59 - - [04/May/2007:16:32:36 -0400] "GET /?C=D;O=A HTTP/1.1" 200 788 "http://www.usedmotorcycleparts.biz/" "Mozilla/5.0 (X11; U; Linux i686; en-US; rv:1.7.12) Gecko/20050922 Fedora/1.0.7-1.1.fc4 Firefox/1.0.7"
74.6.75.38 - - [04/May/2007:17:38:55 -0400] "GET /robots.txt HTTP/1.0" 404 370 "-" "Mozilla/5.0 (compatible; Yahoo! Slurp; http://help.yahoo.com/help/us/ysearch/slurp)"
74.6.69.82 - - [04/May/2007:17:38:56 -0400] "GET / HTTP/1.0" 200 788 "-" "Mozilla/5.0 (compatible; Yahoo! Slurp; http://help.yahoo.com/help/us/ysearch/slurp)"
66.249.65.232 - - [04/May/2007:17:39:24 -0400] "GET /robots.txt HTTP/1.1" 404 369 "-" "Mozilla/5.0 (compatible; Googlebot/2.1; +http://www.google.com/bot.html)"
66.249.65.232 - - [04/May/2007:17:39:24 -0400] "GET /logs/error.log HTTP/1.1" 200 34921 "-" "Mozilla/5.0 (compatible; Googlebot/2.1; +http://www.google.com/bot.html)"
72.30.177.78 - - [04/May/2007:18:33:53 -0400] "GET /robots.txt HTTP/1.0" 404 369 "-" "Mozilla/5.0 (compatible; Yahoo! Slurp; http://help.yahoo.com/help/us/ysearch/slurp)"
74.6.65.227 - - [04/May/2007:18:33:53 -0400] "GET / HTTP/1.0" 200 787 "-" "Mozilla/5.0 (compatible; Yahoo! Slurp; http://help.yahoo.com/help/us/ysearch/slurp)"
63.123.238.8 - - [05/May/2007:06:00:21 -0400] "GET /robots.txt HTTP/1.1" 404 370 "-" "Mozilla/2.0 (compatible; Ask Jeeves/Teoma)"
63.123.238.8 - - [05/May/2007:06:00:21 -0400] "GET / HTTP/1.1" 200 788 "-" "Mozilla/2.0 (compatible; Ask Jeeves/Teoma)"
66.249.65.232 - - [05/May/2007:21:52:39 -0400] "GET /robots.txt HTTP/1.1" 404 369 "-" "Mozilla/5.0 (compatible; Googlebot/2.1; +http://www.google.com/bot.html)"
66.249.65.232 - - [05/May/2007:21:52:39 -0400] "GET /logs/?C=D;O=A HTTP/1.1" 200 1145 "-" "Mozilla/5.0 (compatible; Googlebot/2.1; +http://www.google.com/bot.html)"
