72.49.67.18 - - [05/Aug/2007:08:38:22 -0400] "GET /icons/folder.gif HTTP/1.1" 200 225 "http://www.sportbikerecyclers.com/" "Mozilla/4.0 (compatible; MSIE 7.0; Windows NT 5.1)"
72.49.67.18 - - [05/Aug/2007:08:38:22 -0400] "GET /favicon.ico HTTP/1.1" 404 370 "-" "Mozilla/4.0 (compatible; MSIE 7.0; Windows NT 5.1)"
72.49.67.18 - - [05/Aug/2007:08:41:29 -0400] "GET / HTTP/1.1" 200 787 "-" "Mozilla/4.0 (compatible; MSIE 7.0; Windows NT 5.1)"
72.49.67.18 - - [05/Aug/2007:08:41:29 -0400] "GET /icons/blank.gif HTTP/1.1" 304 - "http://www.sportbikerecyclers.com/" "Mozilla/4.0 (compatible; MSIE 7.0; Windows NT 5.1)"
72.49.67.18 - - [05/Aug/2007:08:41:29 -0400] "GET /icons/folder.gif HTTP/1.1" 304 - "http://www.sportbikerecyclers.com/" "Mozilla/4.0 (compatible; MSIE 7.0; Windows NT 5.1)"
72.49.67.18 - - [05/Aug/2007:08:41:41 -0400] "GET /logs/ HTTP/1.1" 200 1145 "http://www.sportbikerecyclers.com/" "Mozilla/4.0 (compatible; MSIE 7.0; Windows NT 5.1)"
72.49.67.18 - - [05/Aug/2007:08:41:41 -0400] "GET /icons/back.gif HTTP/1.1" 200 216 "http://www.sportbikerecyclers.com/logs/" "Mozilla/4.0 (compatible; MSIE 7.0; Windows NT 5.1)"
72.49.67.18 - - [05/Aug/2007:08:41:41 -0400] "GET /icons/unknown.gif HTTP/1.1" 200 245 "http://www.sportbikerecyclers.com/logs/" "Mozilla/4.0 (compatible; MSIE 7.0; Windows NT 5.1)"
74.6.68.121 - - [05/Aug/2007:09:04:02 -0400] "GET /robots.txt HTTP/1.0" 404 370 "-" "Mozilla/5.0 (compatible; Yahoo! Slurp; http://help.yahoo.com/help/us/ysearch/slurp)"
74.6.69.82 - - [05/Aug/2007:09:04:02 -0400] "GET / HTTP/1.0" 200 788 "-" "Mozilla/5.0 (compatible; Yahoo! Slurp; http://help.yahoo.com/help/us/ysearch/slurp)"
71.79.168.175 - - [05/Aug/2007:16:56:51 -0400] "GET / HTTP/1.1" 200 787 "-" "Mozilla/4.0 (compatible; MSIE 6.0; Windows NT 5.1; SV1; .NET CLR 1.1.4322)"
71.79.168.175 - - [05/Aug/2007:16:56:51 -0400] "GET /icons/blank.gif HTTP/1.1" 200 148 "http://www.sportbikerecyclers.com/" "Mozilla/4.0 (compatible; MSIE 6.0; Windows NT 5.1; SV1; .NET CLR 1.1.4322)"
71.79.168.175 - - [05/Aug/2007:16:56:51 -0400] "GET /icons/folder.gif HTTP/1.1" 200 225 "http://www.sportbikerecyclers.com/" "Mozilla/4.0 (compatible; MSIE 6.0; Windows NT 5.1; SV1; .NET CLR 1.1.4322)"
71.79.168.175 - - [05/Aug/2007:16:56:53 -0400] "GET /favicon.ico HTTP/1.1" 404 370 "-" "Mozilla/5.0 (compatible; Google Desktop)"
66.249.70.165 - - [05/Aug/2007:19:24:28 -0400] "GET /robots.txt HTTP/1.1" 404 370 "-" "Mozilla/5.0 (compatible; Googlebot/2.1; +http://www.google.com/bot.html)"
66.249.70.165 - - [05/Aug/2007:19:24:28 -0400] "GET /logs/?C=N;O=A HTTP/1.1" 200 1146 "-" "Mozilla/5.0 (compatible; Googlebot/2.1; +http://www.google.com/bot.html)"
74.6.74.162 - - [05/Aug/2007:21:52:13 -0400] "GET /robots.txt HTTP/1.0" 404 369 "-" "Mozilla/5.0 (compatible; Yahoo! Slurp; http://help.yahoo.com/help/us/ysearch/slurp)"
74.6.65.227 - - [05/Aug/2007:21:52:18 -0400] "GET / HTTP/1.0" 200 787 "-" "Mozilla/5.0 (compatible; Yahoo! Slurp; http://help.yahoo.com/help/us/ysearch/slurp)"
66.249.70.165 - - [06/Aug/2007:02:35:43 -0400] "GET /robots.txt HTTP/1.1" 404 369 "-" "Mozilla/5.0 (compatible; Googlebot/2.1; +http://www.google.com/bot.html)"
66.249.70.165 - - [06/Aug/2007:02:35:43 -0400] "GET /logs/error.log HTTP/1.1" 200 86354 "-" "Mozilla/5.0 (compatible; Googlebot/2.1; +http://www.google.com/bot.html)"
72.20.109.37 - - [06/Aug/2007:08:38:41 -0400] "GET /robots.txt HTTP/1.1" 404 369 "-" "GurujiBot/1.0 (+http://www.guruji.com/en/WebmasterFAQ.html)"
72.20.109.37 - - [06/Aug/2007:08:38:41 -0400] "GET / HTTP/1.1" 200 787 "-" "GurujiBot/1.0 (+http://www.guruji.com/en/WebmasterFAQ.html)"
64.246.165.10 - - [06/Aug/2007:11:59:00 -0400] "GET /robots.txt HTTP/1.0" 404 369 "http://www.whois.sc/" "SurveyBot/2.3 (Whois Source)"
64.246.165.10 - - [06/Aug/2007:11:59:00 -0400] "GET / HTTP/1.1" 206 787 "http://www.whois.sc/sportbikerecyclers.com" "SurveyBot/2.3 (Whois Source)"
72.51.176.237 - - [06/Aug/2007:13:02:29 -0400] "GET /favicon.ico HTTP/1.1" 404 370 "-" "Mozilla/4.0 (compatible; MSIE 6.0; Windows NT 5.1; SV1; .NET CLR 1.0.3705; .NET CLR 1.1.4322; Media Center PC 4.0; .NET CLR 2.0.50727)"
72.51.176.237 - - [06/Aug/2007:13:02:29 -0400] "GET / HTTP/1.1" 200 787 "-" "Mozilla/4.0 (compatible; MSIE 6.0; Windows NT 5.1; SV1; .NET CLR 1.0.3705; .NET CLR 1.1.4322; Media Center PC 4.0; .NET CLR 2.0.50727)"
72.51.176.237 - - [06/Aug/2007:13:02:29 -0400] "GET /icons/blank.gif HTTP/1.1" 200 148 "http://www.sportbikerecyclers.com/" "Mozilla/4.0 (compatible; MSIE 6.0; Windows NT 5.1; SV1; .NET CLR 1.0.3705; .NET CLR 1.1.4322; Media Center PC 4.0; .NET CLR 2.0.50727)"
72.51.176.237 - - [06/Aug/2007:13:02:29 -0400] "GET /icons/folder.gif HTTP/1.1" 200 225 "http://www.sportbikerecyclers.com/" "Mozilla/4.0 (compatible; MSIE 6.0; Windows NT 5.1; SV1; .NET CLR 1.0.3705; .NET CLR 1.1.4322; Media Center PC 4.0; .NET CLR 2.0.50727)"
72.51.176.237 - - [06/Aug/2007:13:02:38 -0400] "GET / HTTP/1.1" 200 787 "-" "Mozilla/4.0 (compatible; MSIE 6.0; Windows NT 5.1; SV1; .NET CLR 1.0.3705; .NET CLR 1.1.4322; Media Center PC 4.0; .NET CLR 2.0.50727)"
72.51.176.237 - - [06/Aug/2007:13:02:39 -0400] "GET /icons/blank.gif HTTP/1.1" 304 - "http://www.sportbikerecyclers.com/" "Mozilla/4.0 (compatible; MSIE 6.0; Windows NT 5.1; SV1; .NET CLR 1.0.3705; .NET CLR 1.1.4322; Media Center PC 4.0; .NET CLR 2.0.50727)"
72.51.176.237 - - [06/Aug/2007:13:02:39 -0400] "GET /icons/folder.gif HTTP/1.1" 304 - "http://www.sportbikerecyclers.com/" "Mozilla/4.0 (compatible; MSIE 6.0; Windows NT 5.1; SV1; .NET CLR 1.0.3705; .NET CLR 1.1.4322; Media Center PC 4.0; .NET CLR 2.0.50727)"
216.145.14.142 - - [06/Aug/2007:15:11:36 -0400] "GET /robots.txt HTTP/1.0" 404 370 "http://www.whois.sc/" "SurveyBot/2.3 (Whois Source)"
216.145.14.142 - - [06/Aug/2007:15:11:36 -0400] "GET / HTTP/1.1" 206 788 "http://www.whois.sc/usedmotorcycleparts.biz" "SurveyBot/2.3 (Whois Source)"
87.118.114.200 - - [06/Aug/2007:21:22:54 -0400] "GET /logs/access.log HTTP/1.1" 206 455964 "-" "Mozilla/5.0 (compatible; Googlebot/2.1; +http://www.google.com/bot.html)"
208.36.144.8 - - [06/Aug/2007:23:18:00 -0400] "GET /robots.txt HTTP/1.0" 404 370 "-" "Mozilla/5.0 (Twiceler-0.9 http://www.cuill.com/twiceler/robot.html)"
209.62.20.18 - - [07/Aug/2007:00:19:49 -0400] "GET /robots.txt HTTP/1.0" 404 366 "http://usedmotorcycleparts.biz/" "Mozilla/5.0 (Windows; U; Windows NT 5.1; en-US; +http://process1.com) Gecko/20070508 Firefox/1.5.0.12"
209.62.20.18 - - [07/Aug/2007:00:19:56 -0400] "GET / HTTP/1.0" 200 784 "-" "Mozilla/5.0 (Windows; U; Windows NT 5.1; en-US; +http://process1.com) Gecko/20070508 Firefox/1.5.0.12"
209.62.20.18 - - [07/Aug/2007:00:19:57 -0400] "GET /?C=S;O=A HTTP/1.0" 200 784 "http://usedmotorcycleparts.biz/" "Mozilla/5.0 (Windows; U; Windows NT 5.1; en-US; +http://process1.com) Gecko/20070508 Firefox/1.5.0.12"
209.62.20.18 - - [07/Aug/2007:00:20:02 -0400] "GET /?C=M;O=A HTTP/1.0" 200 784 "http://usedmotorcycleparts.biz/" "Mozilla/5.0 (Windows; U; Windows NT 5.1; en-US; +http://process1.com) Gecko/20070508 Firefox/1.5.0.12"
209.62.20.18 - - [07/Aug/2007:00:20:04 -0400] "GET /?C=D;O=A HTTP/1.0" 200 784 "http://usedmotorcycleparts.biz/" "Mozilla/5.0 (Windows; U; Windows NT 5.1; en-US; +http://process1.com) Gecko/20070508 Firefox/1.5.0.12"
209.62.20.18 - - [07/Aug/2007:00:20:04 -0400] "GET /?C=N;O=D HTTP/1.0" 200 784 "http://usedmotorcycleparts.biz/" "Mozilla/5.0 (Windows; U; Windows NT 5.1; en-US; +http://process1.com) Gecko/20070508 Firefox/1.5.0.12"
209.62.20.18 - - [07/Aug/2007:00:20:07 -0400] "GET /logs/ HTTP/1.0" 200 1142 "http://usedmotorcycleparts.biz/" "Mozilla/5.0 (Windows; U; Windows NT 5.1; en-US; +http://process1.com) Gecko/20070508 Firefox/1.5.0.12"
66.249.70.165 - - [07/Aug/2007:07:14:35 -0400] "GET /robots.txt HTTP/1.1" 404 370 "-" "Mozilla/5.0 (compatible; Googlebot/2.1; +http://www.google.com/bot.html)"
66.249.70.165 - - [07/Aug/2007:07:14:35 -0400] "GET /logs/?C=D;O=A HTTP/1.1" 200 1146 "-" "Mozilla/5.0 (compatible; Googlebot/2.1; +http://www.google.com/bot.html)"
66.249.70.165 - - [07/Aug/2007:07:59:02 -0400] "GET /robots.txt HTTP/1.1" 404 369 "-" "Mozilla/5.0 (compatible; Googlebot/2.1; +http://www.google.com/bot.html)"
66.249.70.165 - - [07/Aug/2007:07:59:03 -0400] "GET / HTTP/1.1" 200 787 "-" "Mozilla/5.0 (compatible; Googlebot/2.1; +http://www.google.com/bot.html)"
66.249.70.165 - - [07/Aug/2007:08:51:52 -0400] "GET /logs/?C=D;O=A HTTP/1.1" 200 1145 "-" "Mozilla/5.0 (compatible; Googlebot/2.1; +http://www.google.com/bot.html)"
64.27.28.154 - - [07/Aug/2007:11:10:19 -0400] "GET /logs/access.log HTTP/1.1" 206 103425 "-" "Mozilla/5.0 (compatible; Googlebot/2.1; +http://www.google.com/bot.html)"
208.36.144.8 - - [07/Aug/2007:13:04:23 -0400] "GET /robots.txt HTTP/1.0" 404 370 "-" "Mozilla/5.0 (Twiceler-0.9 http://www.cuill.com/twiceler/robot.html)"
85.12.45.22 - - [07/Aug/2007:13:29:12 -0400] "GET / HTTP/1.0" 200 787 "-" "Mozilla/2.0 (compatible; MSIE 3.0B; Windows NT)"
66.249.70.165 - - [07/Aug/2007:14:11:22 -0400] "GET /robots.txt HTTP/1.1" 404 370 "-" "Mozilla/5.0 (compatible; Googlebot/2.1; +http://www.google.com/bot.html)"
66.249.70.165 - - [07/Aug/2007:14:11:23 -0400] "GET /logs/?C=N;O=D HTTP/1.1" 200 1146 "-" "Mozilla/5.0 (compatible; Googlebot/2.1; +http://www.google.com/bot.html)"
66.249.70.165 - - [07/Aug/2007:15:04:31 -0400] "GET /logs/ HTTP/1.1" 200 1146 "-" "Mozilla/5.0 (compatible; Googlebot/2.1; +http://www.google.com/bot.html)"
72.30.177.250 - - [07/Aug/2007:16:19:41 -0400] "GET /robots.txt HTTP/1.0" 404 366 "-" "Mozilla/5.0 (compatible; Yahoo! Slurp; http://help.yahoo.com/help/us/ysearch/slurp)"
74.6.65.232 - - [07/Aug/2007:16:19:42 -0400] "GET / HTTP/1.0" 200 784 "-" "Mozilla/5.0 (compatible; Yahoo! Slurp; http://help.yahoo.com/help/us/ysearch/slurp)"
208.17.184.43 - - [07/Aug/2007:21:21:50 -0400] "GET /robots.txt HTTP/1.1" 404 369 "-" "Mozilla/5.0 (X11; U; Linux i686; en-US; rv:1.7.12) Gecko/20050922 Fedora/1.0.7-1.1.fc4 Firefox/1.0.7"
208.17.184.43 - - [07/Aug/2007:21:21:50 -0400] "GET / HTTP/1.1" 200 787 "" "Mozilla/5.0 (X11; U; Linux i686; en-US; rv:1.7.12) Gecko/20050922 Fedora/1.0.7-1.1.fc4 Firefox/1.0.7"
208.17.184.43 - - [07/Aug/2007:21:21:50 -0400] "GET /?C=N;O=D HTTP/1.1" 200 787 "http://www.sportbikerecyclers.com/" "Mozilla/5.0 (X11; U; Linux i686; en-US; rv:1.7.12) Gecko/20050922 Fedora/1.0.7-1.1.fc4 Firefox/1.0.7"
208.17.184.43 - - [07/Aug/2007:21:21:51 -0400] "GET /?C=M;O=A HTTP/1.1" 200 787 "http://www.sportbikerecyclers.com/" "Mozilla/5.0 (X11; U; Linux i686; en-US; rv:1.7.12) Gecko/20050922 Fedora/1.0.7-1.1.fc4 Firefox/1.0.7"
208.17.184.43 - - [07/Aug/2007:21:21:51 -0400] "GET /?C=S;O=A HTTP/1.1" 200 787 "http://www.sportbikerecyclers.com/" "Mozilla/5.0 (X11; U; Linux i686; en-US; rv:1.7.12) Gecko/20050922 Fedora/1.0.7-1.1.fc4 Firefox/1.0.7"
208.17.184.43 - - [07/Aug/2007:21:21:51 -0400] "GET /?C=D;O=A HTTP/1.1" 200 787 "http://www.sportbikerecyclers.com/" "Mozilla/5.0 (X11; U; Linux i686; en-US; rv:1.7.12) Gecko/20050922 Fedora/1.0.7-1.1.fc4 Firefox/1.0.7"
208.17.184.43 - - [07/Aug/2007:21:21:51 -0400] "GET /logs/ HTTP/1.1" 200 1145 "http://www.sportbikerecyclers.com/" "Mozilla/5.0 (X11; U; Linux i686; en-US; rv:1.7.12) Gecko/20050922 Fedora/1.0.7-1.1.fc4 Firefox/1.0.7"
208.17.184.43 - - [07/Aug/2007:21:21:52 -0400] "GET /?C=N;O=A HTTP/1.1" 200 787 "http://www.sportbikerecyclers.com/?C=N;O=D" "Mozilla/5.0 (X11; U; Linux i686; en-US; rv:1.7.12) Gecko/20050922 Fedora/1.0.7-1.1.fc4 Firefox/1.0.7"
208.17.184.43 - - [07/Aug/2007:21:21:52 -0400] "GET /?C=M;O=D HTTP/1.1" 200 787 "http://www.sportbikerecyclers.com/?C=M;O=A" "Mozilla/5.0 (X11; U; Linux i686; en-US; rv:1.7.12) Gecko/20050922 Fedora/1.0.7-1.1.fc4 Firefox/1.0.7"
66.249.70.165 - - [08/Aug/2007:07:03:55 -0400] "GET /robots.txt HTTP/1.1" 404 370 "-" "Mozilla/5.0 (compatible; Googlebot/2.1; +http://www.google.com/bot.html)"
66.249.70.165 - - [08/Aug/2007:07:03:55 -0400] "GET /logs/access.log HTTP/1.1" 200 461917 "-" "Mozilla/5.0 (compatible; Googlebot/2.1; +http://www.google.com/bot.html)"
63.210.115.10 - - [08/Aug/2007:21:23:35 -0400] "GET / HTTP/1.1" 200 787 "-" "Mozilla/5.0 (X11; U; Linux i686; en-US; rv:1.7.12) Gecko/20060202 CentOS/1.0.7-1.4.3.centos4 Firefox/1.0.7"
66.249.70.165 - - [09/Aug/2007:01:12:14 -0400] "GET /robots.txt HTTP/1.1" 404 370 "-" "Mozilla/5.0 (compatible; Googlebot/2.1; +http://www.google.com/bot.html)"
66.249.70.165 - - [09/Aug/2007:01:12:14 -0400] "GET /logs/error.log HTTP/1.1" 200 88176 "-" "Mozilla/5.0 (compatible; Googlebot/2.1; +http://www.google.com/bot.html)"
64.27.28.154 - - [09/Aug/2007:02:48:00 -0400] "GET /logs/access.log HTTP/1.1" 206 103425 "-" "Mozilla/5.0 (compatible; Googlebot/2.1; +http://www.google.com/bot.html)"
66.249.70.165 - - [09/Aug/2007:06:58:35 -0400] "GET / HTTP/1.1" 200 788 "-" "Mozilla/5.0 (compatible; Googlebot/2.1; +http://www.google.com/bot.html)"
38.100.41.105 - - [09/Aug/2007:07:13:17 -0400] "GET / HTTP/1.1" 200 787 "-" "Mozilla/4.0 (compatible; MSIE 6.0; Windows XP)"
38.100.41.105 - - [09/Aug/2007:07:14:20 -0400] "GET /logs/ HTTP/1.1" 200 1145 "http://www.sportbikerecyclers.com/" "Mozilla/4.0 (compatible; MSIE 6.0; Windows XP)"
38.100.41.105 - - [09/Aug/2007:07:15:35 -0400] "GET /logs/access.log HTTP/1.1" 200 463207 "http://www.sportbikerecyclers.com/logs/" "Mozilla/4.0 (compatible; MSIE 6.0; Windows XP)"
38.100.41.105 - - [09/Aug/2007:07:15:40 -0400] "GET /logs/error.log HTTP/1.1" 200 88176 "http://www.sportbikerecyclers.com/logs/" "Mozilla/4.0 (compatible; MSIE 6.0; Windows XP)"
87.118.114.200 - - [09/Aug/2007:22:27:53 -0400] "GET /logs/access.log HTTP/1.1" 206 463567 "-" "Mozilla/5.0 (compatible; Googlebot/2.1; +http://www.google.com/bot.html)"
87.118.114.200 - - [10/Aug/2007:00:11:57 -0400] "GET /logs/access.log HTTP/1.1" 206 463737 "-" "Mozilla/5.0 (compatible; Googlebot/2.1; +http://www.google.com/bot.html)"
66.249.70.165 - - [10/Aug/2007:02:09:08 -0400] "GET /robots.txt HTTP/1.1" 404 370 "-" "Mozilla/5.0 (compatible; Googlebot/2.1; +http://www.google.com/bot.html)"
66.249.70.165 - - [10/Aug/2007:02:09:08 -0400] "GET /logs/?C=S;O=A HTTP/1.1" 200 1146 "-" "Mozilla/5.0 (compatible; Googlebot/2.1; +http://www.google.com/bot.html)"
212.95.252.16 - - [10/Aug/2007:03:13:21 -0400] "GET / HTTP/1.0" 200 787 "-" "Mozilla/4.0 (compatible; MSIE 6.0; Windows NT 5.1)"
72.30.177.250 - - [10/Aug/2007:06:13:50 -0400] "GET /robots.txt HTTP/1.0" 404 366 "-" "Mozilla/5.0 (compatible; Yahoo! Slurp; http://help.yahoo.com/help/us/ysearch/slurp)"
74.6.65.232 - - [10/Aug/2007:06:13:51 -0400] "GET / HTTP/1.0" 200 784 "-" "Mozilla/5.0 (compatible; Yahoo! Slurp; http://help.yahoo.com/help/us/ysearch/slurp)"
66.249.70.165 - - [10/Aug/2007:06:53:41 -0400] "GET /robots.txt HTTP/1.1" 404 369 "-" "Mozilla/5.0 (compatible; Googlebot/2.1; +http://www.google.com/bot.html)"
66.249.70.165 - - [10/Aug/2007:06:53:41 -0400] "GET /logs/error.log HTTP/1.1" 200 88542 "-" "Mozilla/5.0 (compatible; Googlebot/2.1; +http://www.google.com/bot.html)"
66.249.70.165 - - [10/Aug/2007:08:24:38 -0400] "GET /logs/?C=D;O=A HTTP/1.1" 200 1145 "-" "Mozilla/5.0 (compatible; Googlebot/2.1; +http://www.google.com/bot.html)"
74.6.74.162 - - [10/Aug/2007:10:38:59 -0400] "GET /robots.txt HTTP/1.0" 404 369 "-" "Mozilla/5.0 (compatible; Yahoo! Slurp; http://help.yahoo.com/help/us/ysearch/slurp)"
74.6.65.227 - - [10/Aug/2007:10:39:01 -0400] "GET / HTTP/1.0" 200 787 "-" "Mozilla/5.0 (compatible; Yahoo! Slurp; http://help.yahoo.com/help/us/ysearch/slurp)"
82.165.148.17 - - [10/Aug/2007:20:04:05 -0400] "GET / HTTP/1.0" 200 787 "-" "Mozilla/4.0 (compatible; MSIE 6.0; Windows NT 5.1; SV1; .NET CLR 1.1.4322; .NET CLR 2.0.50727)"
66.249.70.165 - - [11/Aug/2007:00:41:06 -0400] "GET /robots.txt HTTP/1.1" 404 369 "-" "Googlebot-Image/1.0"
66.249.70.165 - - [11/Aug/2007:00:41:06 -0400] "GET /icons/blank.gif HTTP/1.1" 200 148 "-" "Googlebot-Image/1.0"
66.249.70.165 - - [11/Aug/2007:00:41:13 -0400] "GET /?C=D;O=A HTTP/1.1" 200 787 "-" "Mozilla/5.0 (compatible; Googlebot/2.1; +http://www.google.com/bot.html)"
208.36.144.8 - - [11/Aug/2007:05:52:14 -0400] "GET /robots.txt HTTP/1.0" 404 370 "-" "Mozilla/5.0 (Twiceler-0.9 http://www.cuill.com/twiceler/robot.html)"
212.95.252.16 - - [11/Aug/2007:06:07:38 -0400] "GET / HTTP/1.0" 200 788 "-" "Mozilla/4.0 (compatible; MSIE 6.0; Windows NT 5.1)"
63.123.238.8 - - [11/Aug/2007:06:35:59 -0400] "GET /robots.txt HTTP/1.1" 404 370 "-" "Mozilla/2.0 (compatible; Ask Jeeves/Teoma)"
63.123.238.8 - - [11/Aug/2007:06:35:59 -0400] "GET / HTTP/1.1" 200 788 "-" "Mozilla/2.0 (compatible; Ask Jeeves/Teoma)"
66.249.70.165 - - [11/Aug/2007:07:06:03 -0400] "GET /robots.txt HTTP/1.1" 404 370 "-" "Mozilla/5.0 (compatible; Googlebot/2.1; +http://www.google.com/bot.html)"
66.249.70.165 - - [11/Aug/2007:07:06:03 -0400] "GET /?C=N;O=D HTTP/1.1" 200 788 "-" "Mozilla/5.0 (compatible; Googlebot/2.1; +http://www.google.com/bot.html)"
66.249.70.165 - - [11/Aug/2007:07:45:36 -0400] "GET /robots.txt HTTP/1.1" 404 369 "-" "Mozilla/5.0 (compatible; Googlebot/2.1; +http://www.google.com/bot.html)"
66.249.70.165 - - [11/Aug/2007:07:45:36 -0400] "GET / HTTP/1.1" 200 787 "-" "Mozilla/5.0 (compatible; Googlebot/2.1; +http://www.google.com/bot.html)"
74.6.68.121 - - [11/Aug/2007:07:45:56 -0400] "GET /robots.txt HTTP/1.0" 404 370 "-" "Mozilla/5.0 (compatible; Yahoo! Slurp; http://help.yahoo.com/help/us/ysearch/slurp)"
74.6.69.82 - - [11/Aug/2007:07:45:57 -0400] "GET / HTTP/1.0" 200 788 "-" "Mozilla/5.0 (compatible; Yahoo! Slurp; http://help.yahoo.com/help/us/ysearch/slurp)"
64.27.28.154 - - [11/Aug/2007:07:52:31 -0400] "GET /logs/access.log HTTP/1.1" 206 103425 "-" "Mozilla/5.0 (compatible; Googlebot/2.1; +http://www.google.com/bot.html)"
24.160.147.223 - - [11/Aug/2007:08:13:18 -0400] "GET /logs/error.log HTTP/1.1" 200 89390 "http://www.google.com/search?hl=en&q=80.78.22.4&btnG=Google+Search" "Mozilla/4.0 (compatible; MSIE 7.0; Windows NT 5.1; .NET CLR 1.1.4322)"
66.249.70.165 - - [11/Aug/2007:12:18:21 -0400] "GET /logs/ HTTP/1.1" 200 1146 "-" "Mozilla/5.0 (compatible; Googlebot/2.1; +http://www.google.com/bot.html)"
87.118.114.200 - - [11/Aug/2007:17:36:13 -0400] "GET /logs/access.log HTTP/1.1" 206 468120 "-" "Mozilla/5.0 (compatible; Googlebot/2.1; +http://www.google.com/bot.html)"
65.55.208.185 - - [11/Aug/2007:18:52:53 -0400] "GET /robots.txt HTTP/1.0" 404 369 "-" "msnbot/1.0 (+http://search.msn.com/msnbot.htm)"
65.55.208.185 - - [11/Aug/2007:18:52:53 -0400] "GET / HTTP/1.0" 200 787 "-" "msnbot/1.0 (+http://search.msn.com/msnbot.htm)"
74.6.25.138 - - [12/Aug/2007:09:20:38 -0400] "GET /robots.txt HTTP/1.0" 404 369 "-" "Mozilla/5.0 (compatible; Yahoo! Slurp; http://help.yahoo.com/help/us/ysearch/slurp)"
74.6.24.217 - - [12/Aug/2007:09:20:39 -0400] "GET / HTTP/1.0" 200 787 "-" "Mozilla/5.0 (compatible; Yahoo! Slurp; http://help.yahoo.com/help/us/ysearch/slurp)"
208.66.194.5 - - [12/Aug/2007:10:37:34 -0400] "GET /logs/access.log HTTP/1.1" 200 468880 "http://www.google.com/search?q=allinurl:+%22/logs/access.log%22&num=100&hl=en&lr=&rlz=1B3DVFA_en___US235&as_qdr=all&start=100&sa=N" "Mozilla/5.0 (Windows; U; Windows NT 5.1; en-US; rv:1.8.1.6) Gecko/20070725 Firefox/2.0.0.6"
208.66.194.5 - - [12/Aug/2007:10:37:44 -0400] "GET /favicon.ico HTTP/1.1" 404 370 "-" "Mozilla/5.0 (Windows; U; Windows NT 5.1; en-US; rv:1.8.1.6) Gecko/20070725 Firefox/2.0.0.6"
208.66.194.5 - - [12/Aug/2007:10:37:45 -0400] "GET /favicon.ico HTTP/1.1" 404 370 "-" "Mozilla/5.0 (Windows; U; Windows NT 5.1; en-US; rv:1.8.1.6) Gecko/20070725 Firefox/2.0.0.6"
208.66.194.5 - - [12/Aug/2007:10:38:48 -0400] "GET /logs/access.log HTTP/1.1" 200 469553 "http://www.google.com/search?q=allinurl:+%22/logs/access.log%22&num=100&hl=en&lr=&rlz=1B3DVFA_en___US235&as_qdr=all&start=100&sa=N" "Mozilla/5.0 (Windows; U; Windows NT 5.1; en-US; rv:1.8.1.6) Gecko/20070725 Firefox/2.0.0.6"
74.6.26.218 - - [12/Aug/2007:13:01:19 -0400] "GET /logs/ HTTP/1.0" 200 1145 "-" "Mozilla/5.0 (compatible; Yahoo! Slurp; http://help.yahoo.com/help/us/ysearch/slurp)"
72.30.177.250 - - [12/Aug/2007:14:08:44 -0400] "GET /robots.txt HTTP/1.0" 404 366 "-" "Mozilla/5.0 (compatible; Yahoo! Slurp; http://help.yahoo.com/help/us/ysearch/slurp)"
74.6.65.232 - - [12/Aug/2007:14:08:45 -0400] "GET / HTTP/1.0" 200 784 "-" "Mozilla/5.0 (compatible; Yahoo! Slurp; http://help.yahoo.com/help/us/ysearch/slurp)"
74.6.69.101 - - [12/Aug/2007:17:47:52 -0400] "GET /robots.txt HTTP/1.0" 404 365 "-" "Mozilla/5.0 (compatible; Yahoo! Slurp; http://help.yahoo.com/help/us/ysearch/slurp)"
74.6.68.40 - - [12/Aug/2007:17:47:52 -0400] "GET / HTTP/1.0" 200 783 "-" "Mozilla/5.0 (compatible; Yahoo! Slurp; http://help.yahoo.com/help/us/ysearch/slurp)"
208.36.144.8 - - [12/Aug/2007:20:16:20 -0400] "GET /robots.txt HTTP/1.0" 404 370 "-" "Mozilla/5.0 (Twiceler-0.9 http://www.cuill.com/twiceler/robot.html)"
68.18.73.25 - - [13/Aug/2007:00:33:55 -0400] "GET /favicon.ico HTTP/1.1" 404 370 "-" "Mozilla/4.0 (compatible; MSIE 7.0; Windows NT 5.1; FunWebProducts; .NET CLR 1.0.3705; .NET CLR 1.1.4322; Media Center PC 4.0; Creative ZENcast v1.00.19)"
68.18.73.25 - - [13/Aug/2007:00:33:55 -0400] "GET / HTTP/1.1" 200 787 "http://www.sportbikerecycler.com/main.html" "Mozilla/4.0 (compatible; MSIE 7.0; Windows NT 5.1; FunWebProducts; .NET CLR 1.0.3705; .NET CLR 1.1.4322; Media Center PC 4.0; Creative ZENcast v1.00.19)"
68.18.73.25 - - [13/Aug/2007:00:33:55 -0400] "GET /icons/blank.gif HTTP/1.1" 200 148 "http://www.sportbikerecyclers.com/" "Mozilla/4.0 (compatible; MSIE 7.0; Windows NT 5.1; FunWebProducts; .NET CLR 1.0.3705; .NET CLR 1.1.4322; Media Center PC 4.0; Creative ZENcast v1.00.19)"
68.18.73.25 - - [13/Aug/2007:00:33:55 -0400] "GET /icons/folder.gif HTTP/1.1" 200 225 "http://www.sportbikerecyclers.com/" "Mozilla/4.0 (compatible; MSIE 7.0; Windows NT 5.1; FunWebProducts; .NET CLR 1.0.3705; .NET CLR 1.1.4322; Media Center PC 4.0; Creative ZENcast v1.00.19)"
66.249.70.165 - - [13/Aug/2007:01:29:38 -0400] "GET /robots.txt HTTP/1.1" 404 369 "-" "Mozilla/5.0 (compatible; Googlebot/2.1; +http://www.google.com/bot.html)"
66.249.70.165 - - [13/Aug/2007:01:29:38 -0400] "GET /logs/?C=N;O=D HTTP/1.1" 200 1145 "-" "Mozilla/5.0 (compatible; Googlebot/2.1; +http://www.google.com/bot.html)"
66.249.70.165 - - [13/Aug/2007:05:09:28 -0400] "GET /robots.txt HTTP/1.1" 404 370 "-" "Mozilla/5.0 (compatible; Googlebot/2.1; +http://www.google.com/bot.html)"
66.249.70.165 - - [13/Aug/2007:05:09:28 -0400] "GET /logs/?C=M;O=D HTTP/1.1" 200 1146 "-" "Mozilla/5.0 (compatible; Googlebot/2.1; +http://www.google.com/bot.html)"
66.249.70.165 - - [13/Aug/2007:07:28:14 -0400] "GET /logs/access.log HTTP/1.1" 200 472567 "-" "Mozilla/5.0 (compatible; Googlebot/2.1; +http://www.google.com/bot.html)"
68.165.204.19 - - [13/Aug/2007:10:53:39 -0400] "GET / HTTP/1.1" 200 787 "-" "Mozilla/4.0 (compatible; MSIE 6.0; Windows NT 5.1; SV1; .NET CLR 1.1.4322)"
68.165.204.19 - - [13/Aug/2007:10:53:39 -0400] "GET /icons/blank.gif HTTP/1.1" 200 148 "http://www.sportbikerecyclers.com/" "Mozilla/4.0 (compatible; MSIE 6.0; Windows NT 5.1; SV1; .NET CLR 1.1.4322)"
68.165.204.19 - - [13/Aug/2007:10:53:39 -0400] "GET /icons/folder.gif HTTP/1.1" 200 225 "http://www.sportbikerecyclers.com/" "Mozilla/4.0 (compatible; MSIE 6.0; Windows NT 5.1; SV1; .NET CLR 1.1.4322)"
68.165.204.19 - - [13/Aug/2007:10:53:43 -0400] "GET /logs/ HTTP/1.1" 200 1145 "http://www.sportbikerecyclers.com/" "Mozilla/4.0 (compatible; MSIE 6.0; Windows NT 5.1; SV1; .NET CLR 1.1.4322)"
68.165.204.19 - - [13/Aug/2007:10:53:43 -0400] "GET /icons/back.gif HTTP/1.1" 200 216 "http://www.sportbikerecyclers.com/logs/" "Mozilla/4.0 (compatible; MSIE 6.0; Windows NT 5.1; SV1; .NET CLR 1.1.4322)"
68.165.204.19 - - [13/Aug/2007:10:53:43 -0400] "GET /icons/unknown.gif HTTP/1.1" 200 245 "http://www.sportbikerecyclers.com/logs/" "Mozilla/4.0 (compatible; MSIE 6.0; Windows NT 5.1; SV1; .NET CLR 1.1.4322)"
68.165.204.19 - - [13/Aug/2007:10:53:45 -0400] "GET / HTTP/1.1" 200 787 "http://www.sportbikerecyclers.com/logs/" "Mozilla/4.0 (compatible; MSIE 6.0; Windows NT 5.1; SV1; .NET CLR 1.1.4322)"
68.165.204.19 - - [13/Aug/2007:10:53:46 -0400] "GET /logs/ HTTP/1.1" 200 1145 "http://www.sportbikerecyclers.com/" "Mozilla/4.0 (compatible; MSIE 6.0; Windows NT 5.1; SV1; .NET CLR 1.1.4322)"
68.165.204.19 - - [13/Aug/2007:10:53:47 -0400] "GET /logs/access.log HTTP/1.1" 200 474280 "http://www.sportbikerecyclers.com/logs/" "Mozilla/4.0 (compatible; MSIE 6.0; Windows NT 5.1; SV1; .NET CLR 1.1.4322)"
68.165.204.19 - - [13/Aug/2007:10:53:52 -0400] "GET /logs/access.log HTTP/1.1" 200 474489 "http://www.sportbikerecyclers.com/logs/" "Mozilla/4.0 (compatible; MSIE 6.0; Windows NT 5.1; SV1; .NET CLR 1.1.4322)"
74.52.245.146 - - [13/Aug/2007:10:57:30 -0400] "GET / HTTP/1.0" 200 787 "-" "Mozilla/5.0 (X11; U; Linux i686; en-US; rv:1.7.5) Gecko/20041107 Firefox/1.0"
172.158.152.63 - - [13/Aug/2007:11:43:05 -0400] "GET /logs/access.log HTTP/1.1" 200 474853 "http://www.sportbikerecyclers.com/" "Mozilla/5.0 (Windows; U; Windows NT 5.1; de; rv:1.8.1.6) Gecko/20070725 Firefox/2.0.0.6"
172.158.152.63 - - [13/Aug/2007:11:43:09 -0400] "GET /favicon.ico HTTP/1.1" 404 370 "http://www.sportbikerecyclers.com/" "Mozilla/5.0 (Windows; U; Windows NT 5.1; de; rv:1.8.1.6) Gecko/20070725 Firefox/2.0.0.6"
172.158.152.63 - - [13/Aug/2007:11:43:12 -0400] "GET /logs/ HTTP/1.1" 200 1145 "http://www.sportbikerecyclers.com/" "Mozilla/5.0 (Windows; U; Windows NT 5.1; de; rv:1.8.1.6) Gecko/20070725 Firefox/2.0.0.6"
172.158.152.63 - - [13/Aug/2007:11:43:13 -0400] "GET /icons/blank.gif HTTP/1.1" 200 148 "http://www.sportbikerecyclers.com/" "Mozilla/5.0 (Windows; U; Windows NT 5.1; de; rv:1.8.1.6) Gecko/20070725 Firefox/2.0.0.6"
172.158.152.63 - - [13/Aug/2007:11:43:13 -0400] "GET /icons/unknown.gif HTTP/1.1" 200 245 "http://www.sportbikerecyclers.com/" "Mozilla/5.0 (Windows; U; Windows NT 5.1; de; rv:1.8.1.6) Gecko/20070725 Firefox/2.0.0.6"
172.158.152.63 - - [13/Aug/2007:11:43:13 -0400] "GET /icons/back.gif HTTP/1.1" 200 216 "http://www.sportbikerecyclers.com/" "Mozilla/5.0 (Windows; U; Windows NT 5.1; de; rv:1.8.1.6) Gecko/20070725 Firefox/2.0.0.6"
172.158.152.63 - - [13/Aug/2007:11:43:16 -0400] "GET / HTTP/1.1" 200 787 "http://www.sportbikerecyclers.com/" "Mozilla/5.0 (Windows; U; Windows NT 5.1; de; rv:1.8.1.6) Gecko/20070725 Firefox/2.0.0.6"
172.158.152.63 - - [13/Aug/2007:11:43:16 -0400] "GET /icons/folder.gif HTTP/1.1" 200 225 "http://www.sportbikerecyclers.com/" "Mozilla/5.0 (Windows; U; Windows NT 5.1; de; rv:1.8.1.6) Gecko/20070725 Firefox/2.0.0.6"
66.249.70.165 - - [13/Aug/2007:13:17:24 -0400] "GET /robots.txt HTTP/1.1" 404 370 "-" "Mozilla/5.0 (compatible; Googlebot/2.1; +http://www.google.com/bot.html)"
66.249.70.165 - - [13/Aug/2007:13:17:24 -0400] "GET /logs/?C=D;O=D HTTP/1.1" 200 1146 "-" "Mozilla/5.0 (compatible; Googlebot/2.1; +http://www.google.com/bot.html)"
64.246.165.160 - - [13/Aug/2007:13:50:25 -0400] "GET /robots.txt HTTP/1.0" 404 369 "http://www.whois.sc/" "SurveyBot/2.3 (Whois Source)"
64.246.165.160 - - [13/Aug/2007:13:50:25 -0400] "GET / HTTP/1.1" 206 787 "http://www.whois.sc/sportbikerecyclers.com" "SurveyBot/2.3 (Whois Source)"
74.6.68.121 - - [13/Aug/2007:15:27:24 -0400] "GET /robots.txt HTTP/1.0" 404 370 "-" "Mozilla/5.0 (compatible; Yahoo! Slurp; http://help.yahoo.com/help/us/ysearch/slurp)"
74.6.69.82 - - [13/Aug/2007:15:27:25 -0400] "GET / HTTP/1.0" 200 788 "-" "Mozilla/5.0 (compatible; Yahoo! Slurp; http://help.yahoo.com/help/us/ysearch/slurp)"
64.246.165.10 - - [13/Aug/2007:17:25:10 -0400] "GET /robots.txt HTTP/1.0" 404 370 "http://www.whois.sc/" "SurveyBot/2.3 (Whois Source)"
64.246.165.10 - - [13/Aug/2007:17:25:10 -0400] "GET / HTTP/1.1" 206 788 "http://www.whois.sc/usedmotorcycleparts.biz" "SurveyBot/2.3 (Whois Source)"
208.36.144.8 - - [14/Aug/2007:03:37:09 -0400] "GET /robots.txt HTTP/1.0" 404 370 "-" "Mozilla/5.0 (Twiceler-0.9 http://www.cuill.com/twiceler/robot.html)"
74.6.19.121 - - [14/Aug/2007:04:58:47 -0400] "GET /robots.txt HTTP/1.0" 404 370 "-" "Mozilla/5.0 (compatible; Yahoo! Slurp; http://help.yahoo.com/help/us/ysearch/slurp)"
74.6.26.100 - - [14/Aug/2007:04:58:47 -0400] "GET / HTTP/1.0" 200 788 "-" "Mozilla/5.0 (compatible; Yahoo! Slurp; http://help.yahoo.com/help/us/ysearch/slurp)"
66.249.70.165 - - [14/Aug/2007:05:36:21 -0400] "GET /robots.txt HTTP/1.1" 404 369 "-" "Mozilla/5.0 (compatible; Googlebot/2.1; +http://www.google.com/bot.html)"
66.249.70.165 - - [14/Aug/2007:05:36:21 -0400] "GET /logs/?C=S;O=A HTTP/1.1" 200 1145 "-" "Mozilla/5.0 (compatible; Googlebot/2.1; +http://www.google.com/bot.html)"
66.249.70.165 - - [14/Aug/2007:06:40:48 -0400] "GET /robots.txt HTTP/1.1" 404 370 "-" "Mozilla/5.0 (compatible; Googlebot/2.1; +http://www.google.com/bot.html)"
66.249.70.165 - - [14/Aug/2007:06:40:48 -0400] "GET /logs/?C=M;O=D HTTP/1.1" 200 1146 "-" "Mozilla/5.0 (compatible; Googlebot/2.1; +http://www.google.com/bot.html)"
66.249.70.165 - - [14/Aug/2007:07:44:28 -0400] "GET /logs/error.log HTTP/1.1" 200 91807 "-" "Mozilla/5.0 (compatible; Googlebot/2.1; +http://www.google.com/bot.html)"
74.6.19.121 - - [14/Aug/2007:08:54:23 -0400] "GET /robots.txt HTTP/1.0" 404 370 "-" "Mozilla/5.0 (compatible; Yahoo! Slurp; http://help.yahoo.com/help/us/ysearch/slurp)"
74.6.24.48 - - [14/Aug/2007:08:54:23 -0400] "GET /logs/ HTTP/1.0" 200 1146 "-" "Mozilla/5.0 (compatible; Yahoo! Slurp; http://help.yahoo.com/help/us/ysearch/slurp)"
66.249.70.165 - - [14/Aug/2007:10:24:05 -0400] "GET / HTTP/1.1" 200 788 "-" "Mozilla/5.0 (compatible; Googlebot/2.1; +http://www.google.com/bot.html)"
72.30.177.250 - - [14/Aug/2007:18:06:37 -0400] "GET /robots.txt HTTP/1.0" 404 366 "-" "Mozilla/5.0 (compatible; Yahoo! Slurp; http://help.yahoo.com/help/us/ysearch/slurp)"
74.6.65.232 - - [14/Aug/2007:18:06:38 -0400] "GET / HTTP/1.0" 200 784 "-" "Mozilla/5.0 (compatible; Yahoo! Slurp; http://help.yahoo.com/help/us/ysearch/slurp)"
74.52.245.146 - - [15/Aug/2007:03:51:20 -0400] "GET / HTTP/1.0" 200 788 "-" "Mozilla/5.0 (X11; U; Linux i686; en-US; rv:1.7.5) Gecko/20041107 Firefox/1.0"
82.232.13.178 - - [15/Aug/2007:10:57:50 -0400] "GET /logs/access.log HTTP/1.1" 200 480053 "-" "-"
74.6.74.162 - - [15/Aug/2007:12:43:03 -0400] "GET /robots.txt HTTP/1.0" 404 369 "-" "Mozilla/5.0 (compatible; Yahoo! Slurp; http://help.yahoo.com/help/us/ysearch/slurp)"
74.6.65.227 - - [15/Aug/2007:12:43:11 -0400] "GET / HTTP/1.0" 200 787 "-" "Mozilla/5.0 (compatible; Yahoo! Slurp; http://help.yahoo.com/help/us/ysearch/slurp)"
209.167.50.27 - - [15/Aug/2007:12:49:10 -0400] "GET /robots.txt HTTP/1.1" 404 370 "www.seventwentyfour.com/" "LinkWalker/2.0"
209.167.50.27 - - [15/Aug/2007:12:49:10 -0400] "GET / HTTP/1.1" 200 788 "http://www.ubizdot.biz/u_078000_biz.html" "LinkWalker/2.0"
209.167.50.27 - - [15/Aug/2007:12:49:25 -0400] "GET /?C=N;O=D HTTP/1.1" 200 788 "-" "LinkWalker/2.0"
209.167.50.27 - - [15/Aug/2007:12:49:40 -0400] "GET /logs/ HTTP/1.1" 200 1146 "-" "LinkWalker/2.0"
209.167.50.27 - - [15/Aug/2007:12:49:55 -0400] "GET /?C=S;O=A HTTP/1.1" 200 788 "-" "LinkWalker/2.0"
209.167.50.27 - - [15/Aug/2007:12:50:11 -0400] "GET /?C=M;O=A HTTP/1.1" 200 788 "-" "LinkWalker/2.0"
209.167.50.27 - - [15/Aug/2007:12:50:25 -0400] "GET /?C=D;O=A HTTP/1.1" 200 788 "-" "LinkWalker/2.0"
209.167.50.27 - - [15/Aug/2007:12:50:40 -0400] "GET /?C=N;O=A HTTP/1.1" 200 788 "-" "LinkWalker/2.0"
209.167.50.27 - - [15/Aug/2007:12:50:56 -0400] "GET /logs/access.log HTTP/1.1" 200 481343 "-" "LinkWalker/2.0"
209.167.50.27 - - [15/Aug/2007:12:51:11 -0400] "GET /logs/?C=D;O=A HTTP/1.1" 200 1146 "-" "LinkWalker/2.0"
209.167.50.27 - - [15/Aug/2007:12:51:25 -0400] "GET /logs/?C=M;O=A HTTP/1.1" 200 1146 "-" "LinkWalker/2.0"
209.167.50.27 - - [15/Aug/2007:12:51:41 -0400] "GET /logs/?C=N;O=D HTTP/1.1" 200 1146 "-" "LinkWalker/2.0"
209.167.50.27 - - [15/Aug/2007:12:51:56 -0400] "GET /logs/?C=S;O=A HTTP/1.1" 200 1146 "-" "LinkWalker/2.0"
209.167.50.27 - - [15/Aug/2007:12:52:11 -0400] "GET /logs/error.log HTTP/1.1" 200 92326 "-" "LinkWalker/2.0"
209.167.50.27 - - [15/Aug/2007:12:52:26 -0400] "GET /?C=S;O=D HTTP/1.1" 200 788 "-" "LinkWalker/2.0"
209.167.50.27 - - [15/Aug/2007:12:52:41 -0400] "GET /?C=M;O=D HTTP/1.1" 200 788 "-" "LinkWalker/2.0"
209.167.50.27 - - [15/Aug/2007:12:52:56 -0400] "GET /?C=D;O=D HTTP/1.1" 200 788 "-" "LinkWalker/2.0"
209.167.50.27 - - [15/Aug/2007:12:53:11 -0400] "GET /logs/?C=D;O=D HTTP/1.1" 200 1146 "-" "LinkWalker/2.0"
209.167.50.27 - - [15/Aug/2007:12:53:26 -0400] "GET /logs/?C=N;O=A HTTP/1.1" 200 1146 "-" "LinkWalker/2.0"
209.167.50.27 - - [15/Aug/2007:12:53:41 -0400] "GET /logs/?C=M;O=D HTTP/1.1" 200 1146 "-" "LinkWalker/2.0"
209.167.50.27 - - [15/Aug/2007:12:53:56 -0400] "GET /logs/?C=S;O=D HTTP/1.1" 200 1146 "-" "LinkWalker/2.0"
64.27.28.154 - - [15/Aug/2007:13:32:19 -0400] "GET /logs/access.log HTTP/1.1" 206 103425 "-" "Mozilla/5.0 (compatible; Googlebot/2.1; +http://www.google.com/bot.html)"
87.101.244.8 - - [15/Aug/2007:13:42:57 -0400] "GET /favicon.ico HTTP/1.1" 404 370 "-" "Mozilla/4.0 (compatible; MSIE 6.0; Windows NT 5.1; SV1)"
87.101.244.10 - - [15/Aug/2007:13:42:57 -0400] "GET /?SID=aVR4P0NieDtqRFp4X1ROdFg+Tj1qPz1mb0RkPWpEWjhpS0p7aGJZ HTTP/1.1" 200 787 "http://us.f305.mail.yahoo.com/ym/ShowLetter?MsgId=9914_0_210820_1233_886_0_15818_1614_388914212_oSOYkYn4Ur6Rg9SuJfSMZylawvafl_ZIeGfzYTPKxPtBv1Ak2LgFgUwnzIdGBiSjBmViKbQpual9t3onOfMGHV4FiSZz_9DJJOE4Re7pY4JFmOMF2hU2emxf6uj01gnqV1CeCMwcMhkChIQidNr6oWhulvNK1pPLaWv9_F5d&Idx=0&YY=56683&y5beta=yes&y5beta=yes&inc=25&order=down&sort=date&pos=0&view=a&head=b&box=%40B%40Bulk" "Mozilla/4.0 (compatible; MSIE 6.0; Windows NT 5.1; SV1)"
87.101.244.8 - - [15/Aug/2007:13:43:00 -0400] "GET /icons/blank.gif HTTP/1.1" 200 148 "http://www.sportbikerecyclers.com/?SID=aVR4P0NieDtqRFp4X1ROdFg+Tj1qPz1mb0RkPWpEWjhpS0p7aGJZ" "Mozilla/4.0 (compatible; MSIE 6.0; Windows NT 5.1; SV1)"
87.101.244.8 - - [15/Aug/2007:13:43:07 -0400] "GET /icons/folder.gif HTTP/1.1" 200 225 "http://www.sportbikerecyclers.com/?SID=aVR4P0NieDtqRFp4X1ROdFg+Tj1qPz1mb0RkPWpEWjhpS0p7aGJZ" "Mozilla/4.0 (compatible; MSIE 6.0; Windows NT 5.1; SV1)"
213.6.103.16 - - [15/Aug/2007:14:10:07 -0400] "GET /?SID=aVR4P0NieDtqRFp4X1ROdFg/dHRWYmA9aVRaNGhd HTTP/1.1" 200 787 "http://us.f561.mail.yahoo.com/ym/ShowLetter?MsgId=6295_0_92512_1260_903_0_3366_1652_4268202754_oSOYkYn4Ur6Rg9euJfSMZ2XJUpXy9M8ud7zxUFO7KUwzcbhbTm2Srdr0cZQGvOM6cdqrNeEMDMbKAXKa0V1oSB0hOWrIvyzB4TbQDq0KPrORxQ_yX7Ng0xl65aHWJrrmaqafOqYBG8fiP_yelfSTgoRkx0bVbkTF98KmxVF3&Idx=0&YY=72721&y5beta=yes&y5beta=yes&inc=25&order=down&sort=date&pos=0&view=a&head=b&box=%40B%40Bulk" "Mozilla/4.0 (compatible; MSIE 6.0; Windows NT 5.1; SV1; Avant Browser)"
213.6.103.16 - - [15/Aug/2007:14:10:08 -0400] "GET /icons/blank.gif HTTP/1.1" 200 148 "http://www.sportbikerecyclers.com/?SID=aVR4P0NieDtqRFp4X1ROdFg/dHRWYmA9aVRaNGhd" "Mozilla/4.0 (compatible; MSIE 6.0; Windows NT 5.1; SV1; Avant Browser)"
213.6.103.16 - - [15/Aug/2007:14:10:10 -0400] "GET /icons/folder.gif HTTP/1.1" 200 225 "http://www.sportbikerecyclers.com/?SID=aVR4P0NieDtqRFp4X1ROdFg/dHRWYmA9aVRaNGhd" "Mozilla/4.0 (compatible; MSIE 6.0; Windows NT 5.1; SV1; Avant Browser)"
209.191.87.219 - - [15/Aug/2007:14:54:37 -0400] "GET /?sid=avr4p0niedtqrfp4x1rodfh1b2dgt11hafr8o1vladhoxq HTTP/1.0" 200 787 "-" "Mozilla/4.0 (compatible; MSIE 6.0; Windows NT 5.1)"
209.191.87.219 - - [15/Aug/2007:14:54:39 -0400] "GET /?sid=avr4p0niedtqrfp4x1rodfh1b2dgt11hafr8o1vladhoxq HTTP/1.0" 200 787 "-" "Mozilla/4.0 (compatible; MSIE 6.0; Windows NT 5.1)"
72.14.164.93 - - [15/Aug/2007:15:18:06 -0400] "GET /robots.txt HTTP/1.1" 404 370 "http://www.yahoo.com" "Mozilla/4.0+(compatible;+MSIE+6.0;+Windows+NT+5.1)"
72.14.164.93 - - [15/Aug/2007:15:18:07 -0400] "HEAD /icons/folder.gif HTTP/1.1" 200 - "-" "IWAgent/ 1.0 - www.brandprotect.com"
72.14.164.93 - - [15/Aug/2007:15:18:10 -0400] "HEAD /icons/blank.gif HTTP/1.1" 200 - "-" "IWAgent/ 1.0 - www.brandprotect.com"
72.14.164.93 - - [15/Aug/2007:15:18:13 -0400] "HEAD /icons/back.gif HTTP/1.1" 200 - "-" "IWAgent/ 1.0 - www.brandprotect.com"
72.14.164.93 - - [15/Aug/2007:15:18:16 -0400] "HEAD /icons/unknown.gif HTTP/1.1" 200 - "-" "IWAgent/ 1.0 - www.brandprotect.com"
66.196.97.168 - - [15/Aug/2007:15:19:44 -0400] "GET /?sid=avr4p0niedtqrfp4x1rodfh1wx9ax1p0altonwplqnhvrhr2alrgoglewq HTTP/1.0" 200 787 "-" "Mozilla/4.0 (compatible; MSIE 6.0; Windows NT 5.1)"
66.196.97.168 - - [15/Aug/2007:15:19:46 -0400] "GET /?sid=avr4p0niedtqrfp4x1rodfh1wx9ax1p0altonwplqnhvrhr2alrgoglewq HTTP/1.0" 200 787 "-" "Mozilla/4.0 (compatible; MSIE 6.0; Windows NT 5.1)"
66.249.70.165 - - [15/Aug/2007:15:33:04 -0400] "GET /robots.txt HTTP/1.1" 404 369 "-" "Mozilla/5.0 (compatible; Googlebot/2.1; +http://www.google.com/bot.html)"
66.249.70.165 - - [15/Aug/2007:15:33:04 -0400] "GET /logs/error.log HTTP/1.1" 200 92722 "-" "Mozilla/5.0 (compatible; Googlebot/2.1; +http://www.google.com/bot.html)"
209.191.87.216 - - [15/Aug/2007:19:29:22 -0400] "GET /?sid=avr4p0niedtqrfp4x1rodfh1e2fgyko6alrgoglewq HTTP/1.0" 200 787 "-" "Mozilla/4.0 (compatible; MSIE 6.0; Windows NT 5.1)"
209.191.87.216 - - [15/Aug/2007:19:29:24 -0400] "GET /?sid=avr4p0niedtqrfp4x1rodfh1e2fgyko6alrgoglewq HTTP/1.0" 200 787 "-" "Mozilla/4.0 (compatible; MSIE 6.0; Windows NT 5.1)"
190.66.253.0 - - [15/Aug/2007:22:33:53 -0400] "GET /?SID=aVR4P0NieDtqRFp4X1ROdFg/PTtWYlonaFtoOGhd HTTP/1.1" 200 787 "http://e1.f634.mail.yahoo.com/ym/ShowLetter?MsgId=4752_0_2401_1274_879_0_2063_1600_2447379033_oSOYkYn4Ur6Rg9WuJfSMZ.Sr6r3ayXRfTqZHlxUjpQI1uiOckflC4CV0zZOcv6cqNPaCFn2hPdnpuw_4ymUC7ppXly_E4YxxKf29MAW_GGdNbkf8fJEtBh_Pl3B8mbx6OF37U.2Iao4vJaKNL0A.yMqoqFHrzVoH0I.Zfbr.3w--&Idx=0&YY=21196&y5beta=yes&y5beta=yes&inc=25&order=down&sort=date&pos=0&view=a&head=b&box=%40B%40Bulk" "Mozilla/4.0 (compatible; MSIE 6.0; Windows NT 5.1; SV1; .NET CLR 1.1.4322)"
190.66.253.0 - - [15/Aug/2007:22:33:53 -0400] "GET /icons/blank.gif HTTP/1.1" 200 148 "http://www.sportbikerecyclers.com/?SID=aVR4P0NieDtqRFp4X1ROdFg/PTtWYlonaFtoOGhd" "Mozilla/4.0 (compatible; MSIE 6.0; Windows NT 5.1; SV1; .NET CLR 1.1.4322)"
190.66.253.0 - - [15/Aug/2007:22:33:53 -0400] "GET /icons/folder.gif HTTP/1.1" 200 225 "http://www.sportbikerecyclers.com/?SID=aVR4P0NieDtqRFp4X1ROdFg/PTtWYlonaFtoOGhd" "Mozilla/4.0 (compatible; MSIE 6.0; Windows NT 5.1; SV1; .NET CLR 1.1.4322)"
66.196.97.167 - - [15/Aug/2007:23:24:35 -0400] "GET /?sid=avr4p0niedtqrfp4x1rodfg/wntqve44af0 HTTP/1.0" 200 787 "-" "Mozilla/4.0 (compatible; MSIE 6.0; Windows NT 5.1)"
66.196.97.167 - - [15/Aug/2007:23:24:37 -0400] "GET /?sid=avr4p0niedtqrfp4x1rodfg/wntqve44af0 HTTP/1.0" 200 787 "-" "Mozilla/4.0 (compatible; MSIE 6.0; Windows NT 5.1)"
203.215.42.148 - - [15/Aug/2007:23:29:04 -0400] "GET /favicon.ico HTTP/1.1" 404 370 "-" "Mozilla/4.0 (compatible; MSIE 6.0; Windows NT 5.1; SV1; .NET CLR 2.0.50727)"
203.215.42.148 - - [15/Aug/2007:23:29:04 -0400] "GET /favicon.ico HTTP/1.1" 404 370 "-" "Mozilla/4.0 (compatible; MSIE 6.0; Windows NT 5.1; SV1; .NET CLR 2.0.50727)"
203.215.42.148 - - [15/Aug/2007:23:29:05 -0400] "GET /favicon.ico HTTP/1.1" 404 370 "-" "Mozilla/4.0 (compatible; MSIE 6.0; Windows NT 5.1; SV1; .NET CLR 2.0.50727)"
203.215.42.148 - - [15/Aug/2007:23:29:05 -0400] "GET /?SID=aVR4P0NieDtqRFp4X1ROdFg/PT1uYjU1aWJaa1Y8eDRoVGQ4VVROPmhd HTTP/1.1" 200 787 "http://us.f396.mail.yahoo.com/dc/launch?action=welcome&YY=1180301918&.rand=f2rsvj8h288i2" "Mozilla/4.0 (compatible; MSIE 6.0; Windows NT 5.1; SV1; .NET CLR 2.0.50727)"
203.215.42.148 - - [15/Aug/2007:23:29:06 -0400] "GET /icons/blank.gif HTTP/1.1" 200 148 "http://www.sportbikerecyclers.com/?SID=aVR4P0NieDtqRFp4X1ROdFg/PT1uYjU1aWJaa1Y8eDRoVGQ4VVROPmhd" "Mozilla/4.0 (compatible; MSIE 6.0; Windows NT 5.1; SV1; .NET CLR 2.0.50727)"
203.215.42.148 - - [15/Aug/2007:23:29:06 -0400] "GET /icons/folder.gif HTTP/1.1" 200 225 "http://www.sportbikerecyclers.com/?SID=aVR4P0NieDtqRFp4X1ROdFg/PT1uYjU1aWJaa1Y8eDRoVGQ4VVROPmhd" "Mozilla/4.0 (compatible; MSIE 6.0; Windows NT 5.1; SV1; .NET CLR 2.0.50727)"
203.215.42.148 - - [15/Aug/2007:23:29:07 -0400] "GET /favicon.ico HTTP/1.1" 404 370 "-" "Mozilla/4.0 (compatible; MSIE 6.0; Windows NT 5.1; SV1; .NET CLR 2.0.50727)"
203.215.42.148 - - [15/Aug/2007:23:29:08 -0400] "GET /favicon.ico HTTP/1.1" 404 370 "-" "Mozilla/4.0 (compatible; MSIE 6.0; Windows NT 5.1; SV1; .NET CLR 2.0.50727)"
203.215.42.148 - - [15/Aug/2007:23:31:32 -0400] "GET /?C=N;O=D HTTP/1.1" 200 787 "http://www.sportbikerecyclers.com/?SID=aVR4P0NieDtqRFp4X1ROdFg/PT1uYjU1aWJaa1Y8eDRoVGQ4VVROPmhd" "Mozilla/4.0 (compatible; MSIE 6.0; Windows NT 5.1; SV1; .NET CLR 2.0.50727)"
203.215.42.148 - - [15/Aug/2007:23:31:34 -0400] "GET /favicon.ico HTTP/1.1" 404 370 "-" "Mozilla/4.0 (compatible; MSIE 6.0; Windows NT 5.1; SV1; .NET CLR 2.0.50727)"
203.215.42.148 - - [15/Aug/2007:23:31:35 -0400] "GET /favicon.ico HTTP/1.1" 404 370 "-" "Mozilla/4.0 (compatible; MSIE 6.0; Windows NT 5.1; SV1; .NET CLR 2.0.50727)"
66.196.97.167 - - [16/Aug/2007:00:36:07 -0400] "GET /?sid=avr4p0niedtqrfp4x1rodfg+vnrwrgbkamfwe2liwq HTTP/1.0" 200 787 "-" "Mozilla/4.0 (compatible; MSIE 6.0; Windows NT 5.1)"
66.196.97.167 - - [16/Aug/2007:00:36:08 -0400] "GET /?sid=avr4p0niedtqrfp4x1rodfg+vnrwrgbkamfwe2liwq HTTP/1.0" 200 787 "-" "Mozilla/4.0 (compatible; MSIE 6.0; Windows NT 5.1)"
208.36.144.8 - - [16/Aug/2007:00:47:59 -0400] "GET /robots.txt HTTP/1.0" 404 370 "-" "Mozilla/5.0 (Twiceler-0.9 http://www.cuill.com/twiceler/robot.html)"
124.125.48.178 - - [16/Aug/2007:02:53:00 -0400] "GET /?SID=aVR4P0NieDtqRFp4X1ROdFg/WmtqVGBkaT9gYmhbQmJqVFU HTTP/1.1" 200 787 "-" "Mozilla/4.0 (compatible; MSIE 6.0; Windows NT 5.1)"
124.125.48.178 - - [16/Aug/2007:02:53:01 -0400] "GET /icons/blank.gif HTTP/1.1" 200 148 "http://www.sportbikerecyclers.com/?SID=aVR4P0NieDtqRFp4X1ROdFg/WmtqVGBkaT9gYmhbQmJqVFU" "Mozilla/4.0 (compatible; MSIE 6.0; Windows NT 5.1)"
124.125.48.178 - - [16/Aug/2007:02:53:01 -0400] "GET /icons/folder.gif HTTP/1.1" 200 225 "http://www.sportbikerecyclers.com/?SID=aVR4P0NieDtqRFp4X1ROdFg/WmtqVGBkaT9gYmhbQmJqVFU" "Mozilla/4.0 (compatible; MSIE 6.0; Windows NT 5.1)"
124.125.48.178 - - [16/Aug/2007:02:53:08 -0400] "GET /logs/ HTTP/1.1" 200 1145 "http://www.sportbikerecyclers.com/?SID=aVR4P0NieDtqRFp4X1ROdFg/WmtqVGBkaT9gYmhbQmJqVFU" "Mozilla/4.0 (compatible; MSIE 6.0; Windows NT 5.1)"
124.125.48.178 - - [16/Aug/2007:02:53:09 -0400] "GET /icons/back.gif HTTP/1.1" 200 216 "http://www.sportbikerecyclers.com/logs/" "Mozilla/4.0 (compatible; MSIE 6.0; Windows NT 5.1)"
124.125.48.178 - - [16/Aug/2007:02:53:09 -0400] "GET /icons/unknown.gif HTTP/1.1" 200 245 "http://www.sportbikerecyclers.com/logs/" "Mozilla/4.0 (compatible; MSIE 6.0; Windows NT 5.1)"
209.8.247.133 - - [16/Aug/2007:03:00:39 -0400] "GET /?SID=aVR4P0NieDtqRFp4X1ROdFg/PThoX0VlQF9aQG9EWnhoXQ HTTP/1.1" 200 787 "http://us.f396.mail.yahoo.com/ym/ShowLetter?MsgId=4209_0_40405_1240_858_0_39403_1573_2511149683_oSOYkYn4Ur6Rg9KuJfSMZ5WjVjW.WOueyaOCJo3Gd5CMitjXxYxS4buVVUbNfgkYdBzTg_xyqbrrMOoFoRLh5VJUekC8BL8gvmq6nM8ED.vI09CKTbFQN.jqwfBQNtpkqlXkbVhKeR8sYQA40zoVy1_4osZHrM79_oODot_P7Q--&Idx=0&YY=95597&y5beta=yes&y5beta=yes&inc=25&order=down&sort=date&pos=0&view=a&head=b&box=%40B%40Bulk" "Mozilla/4.0 (compatible; MSIE 6.0; Windows NT 5.1; SV1; .NET CLR 1.1.4322)"
209.8.247.133 - - [16/Aug/2007:03:00:40 -0400] "GET /icons/blank.gif HTTP/1.1" 200 148 "http://www.sportbikerecyclers.com/?SID=aVR4P0NieDtqRFp4X1ROdFg/PThoX0VlQF9aQG9EWnhoXQ" "Mozilla/4.0 (compatible; MSIE 6.0; Windows NT 5.1; SV1; .NET CLR 1.1.4322)"
209.8.247.133 - - [16/Aug/2007:03:00:41 -0400] "GET /icons/folder.gif HTTP/1.1" 200 225 "http://www.sportbikerecyclers.com/?SID=aVR4P0NieDtqRFp4X1ROdFg/PThoX0VlQF9aQG9EWnhoXQ" "Mozilla/4.0 (compatible; MSIE 6.0; Windows NT 5.1; SV1; .NET CLR 1.1.4322)"
209.8.247.133 - - [16/Aug/2007:03:00:47 -0400] "GET /logs/ HTTP/1.1" 200 1145 "http://www.sportbikerecyclers.com/?SID=aVR4P0NieDtqRFp4X1ROdFg/PThoX0VlQF9aQG9EWnhoXQ" "Mozilla/4.0 (compatible; MSIE 6.0; Windows NT 5.1; SV1; .NET CLR 1.1.4322)"
209.8.247.133 - - [16/Aug/2007:03:00:48 -0400] "GET /icons/back.gif HTTP/1.1" 200 216 "http://www.sportbikerecyclers.com/logs/" "Mozilla/4.0 (compatible; MSIE 6.0; Windows NT 5.1; SV1; .NET CLR 1.1.4322)"
209.8.247.133 - - [16/Aug/2007:03:00:48 -0400] "GET /icons/unknown.gif HTTP/1.1" 200 245 "http://www.sportbikerecyclers.com/logs/" "Mozilla/4.0 (compatible; MSIE 6.0; Windows NT 5.1; SV1; .NET CLR 1.1.4322)"
209.8.247.133 - - [16/Aug/2007:03:00:54 -0400] "GET /logs/?C=N;O=D HTTP/1.1" 200 1145 "http://www.sportbikerecyclers.com/logs/" "Mozilla/4.0 (compatible; MSIE 6.0; Windows NT 5.1; SV1; .NET CLR 1.1.4322)"
66.196.97.160 - - [16/Aug/2007:03:23:51 -0400] "GET /?sid=avr4p0niedtqrfp4x1rodfg/zdhqvga4aurz HTTP/1.0" 200 787 "-" "Mozilla/4.0 (compatible; MSIE 6.0; Windows NT 5.1)"
66.196.97.160 - - [16/Aug/2007:03:23:53 -0400] "GET /?sid=avr4p0niedtqrfp4x1rodfg/zdhqvga4aurz HTTP/1.0" 200 787 "-" "Mozilla/4.0 (compatible; MSIE 6.0; Windows NT 5.1)"
213.178.224.162 - - [16/Aug/2007:07:02:03 -0400] "GET /?SID=aVR4P0NieDtqRFp4X1ROdFg/RjVvW1Y9aktoOWhUdHhoXQ HTTP/1.1" 200 787 "-" "Mozilla/4.0 (compatible; MSIE 7.0; Windows NT 5.1; .NET CLR 2.0.50727)"
213.178.224.162 - - [16/Aug/2007:07:02:04 -0400] "GET /icons/blank.gif HTTP/1.1" 200 148 "http://www.sportbikerecyclers.com/?SID=aVR4P0NieDtqRFp4X1ROdFg/RjVvW1Y9aktoOWhUdHhoXQ" "Mozilla/4.0 (compatible; MSIE 7.0; Windows NT 5.1; .NET CLR 2.0.50727)"
213.178.224.162 - - [16/Aug/2007:07:02:04 -0400] "GET /icons/folder.gif HTTP/1.1" 200 225 "http://www.sportbikerecyclers.com/?SID=aVR4P0NieDtqRFp4X1ROdFg/RjVvW1Y9aktoOWhUdHhoXQ" "Mozilla/4.0 (compatible; MSIE 7.0; Windows NT 5.1; .NET CLR 2.0.50727)"
213.178.224.162 - - [16/Aug/2007:07:02:06 -0400] "GET /favicon.ico HTTP/1.1" 404 370 "-" "Mozilla/4.0 (compatible; MSIE 7.0; Windows NT 5.1; .NET CLR 2.0.50727)"
209.191.87.216 - - [16/Aug/2007:08:07:56 -0400] "GET /?sid=avr4p0niedtqrfp4x1rodfh1wwjfp0o+afrwyw9unttpply+ HTTP/1.0" 200 787 "-" "Mozilla/4.0 (compatible; MSIE 6.0; Windows NT 5.1)"
209.191.87.216 - - [16/Aug/2007:08:07:58 -0400] "GET /?sid=avr4p0niedtqrfp4x1rodfh1wwjfp0o+afrwyw9unttpply+ HTTP/1.0" 200 787 "-" "Mozilla/4.0 (compatible; MSIE 6.0; Windows NT 5.1)"
66.196.97.159 - - [16/Aug/2007:08:15:43 -0400] "GET /?sid=avr4p0niedtqrfp4x1rodfh1xwrpylp4vmfepg HTTP/1.0" 200 787 "-" "Mozilla/4.0 (compatible; MSIE 6.0; Windows NT 5.1)"
66.196.97.159 - - [16/Aug/2007:08:15:45 -0400] "GET /?sid=avr4p0niedtqrfp4x1rodfh1xwrpylp4vmfepg HTTP/1.0" 200 787 "-" "Mozilla/4.0 (compatible; MSIE 6.0; Windows NT 5.1)"
89.136.161.100 - - [16/Aug/2007:08:45:54 -0400] "GET /?SID=aVR4P0NieDtqRFp4X1ROdFg/WjlpPk5AaFR8PWk/PUBVRFo/aT5GPQ HTTP/1.1" 200 787 "http://us.f355.mail.yahoo.com/ym/ShowLetter?MsgId=3967_11090475_227218_1174_925_0_3154_1670_2069901158&Idx=0&YY=39456&y5beta=yes&y5beta=yes&inc=25&order=down&sort=date&pos=0&view=a&head=b&box=Inbox" "Mozilla/4.0 (compatible; MSIE 6.0; Windows NT 5.1; SV1; .NET CLR 1.1.4322)"
89.136.161.100 - - [16/Aug/2007:08:45:54 -0400] "GET /icons/blank.gif HTTP/1.1" 200 148 "http://www.sportbikerecyclers.com/?SID=aVR4P0NieDtqRFp4X1ROdFg/WjlpPk5AaFR8PWk/PUBVRFo/aT5GPQ" "Mozilla/4.0 (compatible; MSIE 6.0; Windows NT 5.1; SV1; .NET CLR 1.1.4322)"
89.136.161.100 - - [16/Aug/2007:08:45:54 -0400] "GET /icons/folder.gif HTTP/1.1" 200 225 "http://www.sportbikerecyclers.com/?SID=aVR4P0NieDtqRFp4X1ROdFg/WjlpPk5AaFR8PWk/PUBVRFo/aT5GPQ" "Mozilla/4.0 (compatible; MSIE 6.0; Windows NT 5.1; SV1; .NET CLR 1.1.4322)"
195.229.236.214 - - [16/Aug/2007:08:47:42 -0400] "GET /?SID=aVR4P0NieDtqRFp4X1ROdFg/fDVvS2g5aFR0YmpUZD0 HTTP/1.1" 200 787 "http://us.f510.mail.yahoo.com/ym/ShowLetter?MsgId=2724_0_142_1300_899_0_1406_1627_750659047_oSOYkYn4Ur6Rg9SuJfSMZylF0qCfl_ZIAhxTnM9GZ8Qb9L5ptOXeXcQRNEJnBh_4M82K1WD43FMOrQebaDnScZDpiztA0jRsPLStEhFDHhPbS62oh4yGxeQbMeQDU6WFIPg5gj8X4upOjg9u7bXuKLpQJuetpD2.LAFxThgV&Idx=0&YY=5452&y5beta=yes&y5beta=yes&inc=25&order=down&sort=date&pos=0&view=&head=&box=%40B%40Bulk" "Mozilla/4.0 (compatible; MSIE 6.0; Windows NT 5.1; SV1; .NET CLR 1.1.4322)"
195.229.236.214 - - [16/Aug/2007:08:47:43 -0400] "GET /icons/blank.gif HTTP/1.1" 200 148 "http://www.sportbikerecyclers.com/?SID=aVR4P0NieDtqRFp4X1ROdFg/fDVvS2g5aFR0YmpUZD0" "Mozilla/4.0 (compatible; MSIE 6.0; Windows NT 5.1; SV1; .NET CLR 1.1.4322)"
195.229.236.214 - - [16/Aug/2007:08:47:43 -0400] "GET /icons/folder.gif HTTP/1.1" 200 225 "http://www.sportbikerecyclers.com/?SID=aVR4P0NieDtqRFp4X1ROdFg/fDVvS2g5aFR0YmpUZD0" "Mozilla/4.0 (compatible; MSIE 6.0; Windows NT 5.1; SV1; .NET CLR 1.1.4322)"
209.191.87.216 - - [16/Aug/2007:09:46:52 -0400] "GET /?sid=avr4p0niedtqrfp4x1rodfh1twvax1o6alraywhitmfqvfu HTTP/1.0" 200 787 "-" "Mozilla/4.0 (compatible; MSIE 6.0; Windows NT 5.1)"
209.191.87.216 - - [16/Aug/2007:09:46:54 -0400] "GET /?sid=avr4p0niedtqrfp4x1rodfh1twvax1o6alraywhitmfqvfu HTTP/1.0" 200 787 "-" "Mozilla/4.0 (compatible; MSIE 6.0; Windows NT 5.1)"
209.191.87.216 - - [16/Aug/2007:10:48:47 -0400] "GET /?sid=avr4p0niedtqrfp4x1rodfh1xwvfdv5nat90ympuvq HTTP/1.0" 200 787 "-" "Mozilla/4.0 (compatible; MSIE 6.0; Windows NT 5.1)"
209.191.87.216 - - [16/Aug/2007:10:48:50 -0400] "GET /?sid=avr4p0niedtqrfp4x1rodfh1xwvfdv5nat90ympuvq HTTP/1.0" 200 787 "-" "Mozilla/4.0 (compatible; MSIE 6.0; Windows NT 5.1)"
66.249.70.165 - - [16/Aug/2007:11:12:27 -0400] "GET /robots.txt HTTP/1.1" 404 370 "-" "Mozilla/5.0 (compatible; Googlebot/2.1; +http://www.google.com/bot.html)"
66.249.70.165 - - [16/Aug/2007:11:12:27 -0400] "GET /logs/?C=D;O=A HTTP/1.1" 200 1146 "-" "Mozilla/5.0 (compatible; Googlebot/2.1; +http://www.google.com/bot.html)"
66.111.122.81 - - [16/Aug/2007:11:19:23 -0400] "GET /?SID=aVR4P0NieDtqRFp4X1ROdFg+PXtvRFp7Xz9KI1ZhSj4 HTTP/1.1" 200 787 "http://us.f600.mail.yahoo.com/ym/ShowLetter?MsgId=887_0_133746_1233_897_0_89025_1630_2736960111_oSOYkYn4Ur6Rg9SuJfSMZylF0qCfl_ZIAhxTnM9GZ8Qb9LtptOXeXWwBRUcuzn67mAn3e2PKe2tE3C_4EhdfHlLxMY2vR4qG9LdFQO1d1Fh7nfPIKaT7qPTBVNqNMbEOBaWL.yzg_UoJoDE5SoltWT99j3BQvKjhc5_3HvNWfg--&Idx=104&YY=67955&y5beta=yes&y5beta=yes&inc=200&order=down&sort=date&pos=0&view=a&head=b&box=%40B%40Bulk" "Mozilla/4.0 (compatible; MSIE 6.0; Windows NT 5.1; SV1; .NET CLR 2.0.50727)"
