12.156.194.3 - - [17/Jul/2007:07:47:06 -0400] "GET / HTTP/1.1" 200 787 "http://www.sportbikerecycler.com/main.html" "Mozilla/4.0 (compatible; MSIE 6.0; Windows NT 5.0; FunWebProducts; .NET CLR 1.1.4322; InfoPath.1)"
12.156.194.3 - - [17/Jul/2007:07:47:06 -0400] "GET /icons/blank.gif HTTP/1.1" 200 148 "http://www.sportbikerecyclers.com/" "Mozilla/4.0 (compatible; MSIE 6.0; Windows NT 5.0; FunWebProducts; .NET CLR 1.1.4322; InfoPath.1)"
12.156.194.3 - - [17/Jul/2007:07:47:06 -0400] "GET /icons/folder.gif HTTP/1.1" 200 225 "http://www.sportbikerecyclers.com/" "Mozilla/4.0 (compatible; MSIE 6.0; Windows NT 5.0; FunWebProducts; .NET CLR 1.1.4322; InfoPath.1)"
74.6.68.121 - - [17/Jul/2007:08:11:30 -0400] "GET /robots.txt HTTP/1.0" 404 370 "-" "Mozilla/5.0 (compatible; Yahoo! Slurp; http://help.yahoo.com/help/us/ysearch/slurp)"
74.6.69.82 - - [17/Jul/2007:08:11:30 -0400] "GET / HTTP/1.0" 200 788 "-" "Mozilla/5.0 (compatible; Yahoo! Slurp; http://help.yahoo.com/help/us/ysearch/slurp)"
38.100.41.105 - - [17/Jul/2007:09:36:06 -0400] "GET / HTTP/1.1" 200 788 "-" "Mozilla/4.0 (compatible; MSIE 6.0; Windows XP)"
38.100.41.105 - - [17/Jul/2007:09:37:20 -0400] "GET /logs/ HTTP/1.1" 200 1146 "http://www.usedmotorcycleparts.biz/" "Mozilla/4.0 (compatible; MSIE 6.0; Windows XP)"
38.100.41.105 - - [17/Jul/2007:09:38:23 -0400] "GET /logs/error.log HTTP/1.1" 200 75275 "http://www.usedmotorcycleparts.biz/logs/" "Mozilla/4.0 (compatible; MSIE 6.0; Windows XP)"
38.100.41.105 - - [17/Jul/2007:09:38:23 -0400] "GET /logs/access.log HTTP/1.1" 200 401604 "http://www.usedmotorcycleparts.biz/logs/" "Mozilla/4.0 (compatible; MSIE 6.0; Windows XP)"
72.49.150.35 - - [17/Jul/2007:12:33:27 -0400] "GET /logs/access.log HTTP/1.1" 200 401786 "http://search.yahoo.com/search?ei=utf-8&fr=slv8-msgr&p=sportbikerecyclers.com" "Mozilla/4.0 (compatible; MSIE 6.0; Windows NT 5.1; SV1; .NET CLR 1.0.3705; .NET CLR 1.1.4322; Media Center PC 4.0)"
72.49.150.35 - - [17/Jul/2007:12:33:42 -0400] "GET / HTTP/1.1" 200 787 "http://search.yahoo.com/search?ei=utf-8&fr=slv8-msgr&p=sportbikerecyclers.com" "Mozilla/4.0 (compatible; MSIE 6.0; Windows NT 5.1; SV1; .NET CLR 1.0.3705; .NET CLR 1.1.4322; Media Center PC 4.0)"
72.49.150.35 - - [17/Jul/2007:12:33:42 -0400] "GET /icons/blank.gif HTTP/1.1" 200 148 "http://www.sportbikerecyclers.com/" "Mozilla/4.0 (compatible; MSIE 6.0; Windows NT 5.1; SV1; .NET CLR 1.0.3705; .NET CLR 1.1.4322; Media Center PC 4.0)"
72.49.150.35 - - [17/Jul/2007:12:33:43 -0400] "GET /icons/folder.gif HTTP/1.1" 200 225 "http://www.sportbikerecyclers.com/" "Mozilla/4.0 (compatible; MSIE 6.0; Windows NT 5.1; SV1; .NET CLR 1.0.3705; .NET CLR 1.1.4322; Media Center PC 4.0)"
63.123.238.8 - - [17/Jul/2007:14:32:23 -0400] "GET /robots.txt HTTP/1.1" 404 370 "-" "Mozilla/2.0 (compatible; Ask Jeeves/Teoma)"
63.123.238.8 - - [17/Jul/2007:14:32:23 -0400] "GET / HTTP/1.1" 200 788 "-" "Mozilla/2.0 (compatible; Ask Jeeves/Teoma)"
209.85.94.163 - - [17/Jul/2007:18:47:54 -0400] "GET /robots.txt HTTP/1.0" 404 365 "http://sportbikerecyclers.com/" "Mozilla/5.0 (Windows; U; Windows NT 5.0; en-US; +http://process3.com) Gecko/20070508 Firefox/1.5.0.12"
209.85.94.163 - - [17/Jul/2007:18:47:54 -0400] "GET / HTTP/1.0" 200 783 "-" "Mozilla/5.0 (Windows; U; Windows NT 5.0; en-US; +http://process3.com) Gecko/20070508 Firefox/1.5.0.12"
209.85.94.163 - - [17/Jul/2007:18:47:54 -0400] "GET /?C=M;O=A HTTP/1.0" 200 783 "http://sportbikerecyclers.com/" "Mozilla/5.0 (Windows; U; Windows NT 5.0; en-US; +http://process3.com) Gecko/20070508 Firefox/1.5.0.12"
209.85.94.163 - - [17/Jul/2007:18:47:55 -0400] "GET /?C=S;O=A HTTP/1.0" 200 783 "http://sportbikerecyclers.com/" "Mozilla/5.0 (Windows; U; Windows NT 5.0; en-US; +http://process3.com) Gecko/20070508 Firefox/1.5.0.12"
209.85.94.163 - - [17/Jul/2007:18:47:55 -0400] "GET /?C=D;O=A HTTP/1.0" 200 783 "http://sportbikerecyclers.com/" "Mozilla/5.0 (Windows; U; Windows NT 5.0; en-US; +http://process3.com) Gecko/20070508 Firefox/1.5.0.12"
209.85.94.163 - - [17/Jul/2007:18:47:56 -0400] "GET /logs/ HTTP/1.0" 200 1141 "http://sportbikerecyclers.com/" "Mozilla/5.0 (Windows; U; Windows NT 5.0; en-US; +http://process3.com) Gecko/20070508 Firefox/1.5.0.12"
209.85.94.163 - - [17/Jul/2007:18:47:56 -0400] "GET /?C=N;O=D HTTP/1.0" 200 783 "http://sportbikerecyclers.com/" "Mozilla/5.0 (Windows; U; Windows NT 5.0; en-US; +http://process3.com) Gecko/20070508 Firefox/1.5.0.12"
74.6.74.162 - - [18/Jul/2007:02:59:41 -0400] "GET /robots.txt HTTP/1.0" 404 369 "-" "Mozilla/5.0 (compatible; Yahoo! Slurp; http://help.yahoo.com/help/us/ysearch/slurp)"
74.6.65.227 - - [18/Jul/2007:02:59:42 -0400] "GET / HTTP/1.0" 200 787 "-" "Mozilla/5.0 (compatible; Yahoo! Slurp; http://help.yahoo.com/help/us/ysearch/slurp)"
64.208.172.173 - - [18/Jul/2007:09:18:50 -0400] "GET /robots.txt HTTP/1.0" 404 369 "-" "ia_archiver"
64.208.172.173 - - [18/Jul/2007:09:18:50 -0400] "GET /logs/?C=N;O=A HTTP/1.0" 200 1145 "-" "ia_archiver"
64.208.172.173 - - [18/Jul/2007:12:34:05 -0400] "GET /robots.txt HTTP/1.0" 404 369 "-" "ia_archiver"
64.208.172.173 - - [18/Jul/2007:12:34:05 -0400] "GET /?C=S;O=A HTTP/1.0" 200 787 "-" "ia_archiver"
64.208.172.173 - - [18/Jul/2007:12:34:10 -0400] "GET /?C=N;O=D HTTP/1.0" 200 787 "-" "ia_archiver"
64.208.172.173 - - [18/Jul/2007:12:34:15 -0400] "GET /logs/ HTTP/1.0" 200 1145 "-" "ia_archiver"
64.208.172.173 - - [18/Jul/2007:12:34:33 -0400] "GET /?C=M;O=A HTTP/1.0" 200 787 "-" "ia_archiver"
64.208.172.173 - - [18/Jul/2007:12:34:38 -0400] "GET /?C=D;O=A HTTP/1.0" 200 787 "-" "ia_archiver"
162.130.197.18 - - [18/Jul/2007:14:44:18 -0400] "GET / HTTP/1.1" 200 787 "http://www.sportbikerecycler.com/main.html" "Mozilla/4.0 (compatible; MSIE 6.0; Windows NT 5.1; SV1; .NET CLR 1.1.4322; InfoPath.1)"
162.130.197.18 - - [18/Jul/2007:14:44:18 -0400] "GET /icons/blank.gif HTTP/1.1" 200 148 "http://www.sportbikerecyclers.com/" "Mozilla/4.0 (compatible; MSIE 6.0; Windows NT 5.1; SV1; .NET CLR 1.1.4322; InfoPath.1)"
162.130.197.18 - - [18/Jul/2007:14:44:18 -0400] "GET /icons/folder.gif HTTP/1.1" 200 225 "http://www.sportbikerecyclers.com/" "Mozilla/4.0 (compatible; MSIE 6.0; Windows NT 5.1; SV1; .NET CLR 1.1.4322; InfoPath.1)"
162.130.197.18 - - [18/Jul/2007:14:44:22 -0400] "GET /logs/ HTTP/1.1" 200 1145 "http://www.sportbikerecyclers.com/" "Mozilla/4.0 (compatible; MSIE 6.0; Windows NT 5.1; SV1; .NET CLR 1.1.4322; InfoPath.1)"
162.130.197.18 - - [18/Jul/2007:14:44:22 -0400] "GET /icons/back.gif HTTP/1.1" 200 216 "http://www.sportbikerecyclers.com/logs/" "Mozilla/4.0 (compatible; MSIE 6.0; Windows NT 5.1; SV1; .NET CLR 1.1.4322; InfoPath.1)"
162.130.197.18 - - [18/Jul/2007:14:44:22 -0400] "GET /icons/unknown.gif HTTP/1.1" 200 245 "http://www.sportbikerecyclers.com/logs/" "Mozilla/4.0 (compatible; MSIE 6.0; Windows NT 5.1; SV1; .NET CLR 1.1.4322; InfoPath.1)"
162.130.197.18 - - [18/Jul/2007:14:44:27 -0400] "GET /logs/access.log HTTP/1.1" 200 406963 "http://www.sportbikerecyclers.com/logs/" "Mozilla/4.0 (compatible; MSIE 6.0; Windows NT 5.1; SV1; .NET CLR 1.1.4322; InfoPath.1)"
65.14.47.34 - - [18/Jul/2007:16:37:42 -0400] "GET / HTTP/1.1" 200 787 "http://www.sportbikerecycler.com/main.html" "Mozilla/4.0 (compatible; MSIE 6.0; Windows NT 5.1; SV1; .NET CLR 1.1.4322)"
65.14.47.34 - - [18/Jul/2007:16:37:42 -0400] "GET /icons/blank.gif HTTP/1.1" 200 148 "http://www.sportbikerecyclers.com/" "Mozilla/4.0 (compatible; MSIE 6.0; Windows NT 5.1; SV1; .NET CLR 1.1.4322)"
65.14.47.34 - - [18/Jul/2007:16:37:42 -0400] "GET /icons/folder.gif HTTP/1.1" 200 225 "http://www.sportbikerecyclers.com/" "Mozilla/4.0 (compatible; MSIE 6.0; Windows NT 5.1; SV1; .NET CLR 1.1.4322)"
64.208.172.173 - - [18/Jul/2007:17:07:12 -0400] "GET /logs/?C=S;O=D HTTP/1.0" 200 1145 "-" "ia_archiver"
64.208.172.173 - - [18/Jul/2007:17:07:23 -0400] "GET /logs/?C=M;O=D HTTP/1.0" 200 1145 "-" "ia_archiver"
64.208.172.173 - - [18/Jul/2007:17:07:32 -0400] "GET /logs/?C=D;O=D HTTP/1.0" 200 1145 "-" "ia_archiver"
208.36.144.8 - - [18/Jul/2007:19:14:20 -0400] "GET /robots.txt HTTP/1.0" 404 370 "-" "Mozilla/5.0 (Twiceler-0.9 http://www.cuill.com/twiceler/robot.html)"
66.249.70.165 - - [18/Jul/2007:21:53:53 -0400] "GET /robots.txt HTTP/1.1" 404 369 "-" "Mozilla/5.0 (compatible; Googlebot/2.1; +http://www.google.com/bot.html)"
66.249.70.165 - - [18/Jul/2007:21:53:53 -0400] "GET /logs/ HTTP/1.1" 200 1145 "-" "Mozilla/5.0 (compatible; Googlebot/2.1; +http://www.google.com/bot.html)"
66.249.70.165 - - [19/Jul/2007:01:20:00 -0400] "GET / HTTP/1.1" 200 787 "-" "Mozilla/5.0 (compatible; Googlebot/2.1; +http://www.google.com/bot.html)"
72.30.177.224 - - [19/Jul/2007:01:21:32 -0400] "GET /robots.txt HTTP/1.0" 404 366 "-" "Mozilla/5.0 (compatible; Yahoo! Slurp; http://help.yahoo.com/help/us/ysearch/slurp)"
74.6.65.232 - - [19/Jul/2007:01:21:41 -0400] "GET / HTTP/1.0" 200 784 "-" "Mozilla/5.0 (compatible; Yahoo! Slurp; http://help.yahoo.com/help/us/ysearch/slurp)"
66.249.70.165 - - [19/Jul/2007:03:54:48 -0400] "GET /robots.txt HTTP/1.1" 404 369 "-" "Mozilla/5.0 (compatible; Googlebot/2.1; +http://www.google.com/bot.html)"
66.249.70.165 - - [19/Jul/2007:03:54:48 -0400] "GET /logs/?C=M;O=A HTTP/1.1" 200 1145 "-" "Mozilla/5.0 (compatible; Googlebot/2.1; +http://www.google.com/bot.html)"
66.249.70.165 - - [19/Jul/2007:06:30:38 -0400] "GET /robots.txt HTTP/1.1" 404 370 "-" "Mozilla/5.0 (compatible; Googlebot/2.1; +http://www.google.com/bot.html)"
66.249.70.165 - - [19/Jul/2007:06:30:38 -0400] "GET /logs/ HTTP/1.1" 200 1146 "-" "Mozilla/5.0 (compatible; Googlebot/2.1; +http://www.google.com/bot.html)"
128.194.135.94 - - [19/Jul/2007:13:33:07 -0400] "GET /robots.txt HTTP/1.1" 404 370 "-" "IRLbot/3.0 (compatible; MSIE 6.0; http://irl.cs.tamu.edu/crawler)"
208.36.144.8 - - [19/Jul/2007:14:13:13 -0400] "GET /robots.txt HTTP/1.0" 404 370 "-" "Mozilla/5.0 (Twiceler-0.9 http://www.cuill.com/twiceler/robot.html)"
128.194.135.94 - - [19/Jul/2007:15:23:28 -0400] "GET /robots.txt HTTP/1.1" 404 369 "-" "IRLbot/3.0 (compatible; MSIE 6.0; http://irl.cs.tamu.edu/crawler)"
128.194.135.94 - - [19/Jul/2007:15:33:00 -0400] "GET /logs/?C=N;O=A HTTP/1.1" 200 1146 "-" "IRLbot/3.0 (compatible; MSIE 6.0; http://irl.cs.tamu.edu/crawler)"
128.194.135.94 - - [19/Jul/2007:15:33:57 -0400] "GET /logs/?C=S;O=D HTTP/1.1" 200 1146 "-" "IRLbot/3.0 (compatible; MSIE 6.0; http://irl.cs.tamu.edu/crawler)"
128.194.135.94 - - [19/Jul/2007:15:34:57 -0400] "GET /logs/?C=D;O=D HTTP/1.1" 200 1146 "-" "IRLbot/3.0 (compatible; MSIE 6.0; http://irl.cs.tamu.edu/crawler)"
128.194.135.94 - - [19/Jul/2007:15:35:54 -0400] "GET /logs/?C=M;O=D HTTP/1.1" 200 1146 "-" "IRLbot/3.0 (compatible; MSIE 6.0; http://irl.cs.tamu.edu/crawler)"
128.194.135.94 - - [19/Jul/2007:21:05:42 -0400] "GET / HTTP/1.1" 200 787 "-" "IRLbot/3.0 (compatible; MSIE 6.0; http://irl.cs.tamu.edu/crawler)"
212.95.252.16 - - [20/Jul/2007:03:34:45 -0400] "GET / HTTP/1.0" 200 787 "-" "Mozilla/4.0 (compatible; MSIE 6.0; Windows NT 5.1)"
66.249.70.165 - - [20/Jul/2007:05:51:44 -0400] "GET /robots.txt HTTP/1.1" 404 369 "-" "Mozilla/5.0 (compatible; Googlebot/2.1; +http://www.google.com/bot.html)"
66.249.70.165 - - [20/Jul/2007:05:51:44 -0400] "GET /logs/access.log HTTP/1.1" 200 411227 "-" "Mozilla/5.0 (compatible; Googlebot/2.1; +http://www.google.com/bot.html)"
82.165.148.17 - - [20/Jul/2007:07:30:16 -0400] "GET / HTTP/1.0" 200 787 "-" "Mozilla/4.0 (compatible; MSIE 6.0; Windows NT 5.1; SV1; .NET CLR 1.1.4322; .NET CLR 2.0.50727)"
82.165.182.106 - - [20/Jul/2007:07:52:43 -0400] "GET /logs/ HTTP/1.0" 200 1145 "-" "Mozilla/4.0 (compatible; MSIE 6.0; Windows NT 5.1; SV1; .NET CLR 1.1.4322; .NET CLR 2.0.50727)"
64.208.172.173 - - [20/Jul/2007:11:38:50 -0400] "GET /robots.txt HTTP/1.0" 404 369 "-" "ia_archiver"
64.208.172.173 - - [20/Jul/2007:11:38:50 -0400] "GET /?C=N;O=A HTTP/1.0" 200 787 "-" "ia_archiver"
64.208.172.173 - - [20/Jul/2007:11:39:19 -0400] "GET /?C=S;O=A HTTP/1.0" 200 787 "-" "ia_archiver"
64.208.172.173 - - [20/Jul/2007:14:30:35 -0400] "GET /?C=S;O=D HTTP/1.0" 200 787 "-" "ia_archiver"
64.208.172.173 - - [20/Jul/2007:14:30:44 -0400] "GET /?C=M;O=D HTTP/1.0" 200 787 "-" "ia_archiver"
64.208.172.173 - - [20/Jul/2007:14:30:51 -0400] "GET /?C=D;O=D HTTP/1.0" 200 787 "-" "ia_archiver"
66.249.70.165 - - [20/Jul/2007:20:53:52 -0400] "GET /robots.txt HTTP/1.1" 404 369 "-" "Mozilla/5.0 (compatible; Googlebot/2.1; +http://www.google.com/bot.html)"
66.249.70.165 - - [20/Jul/2007:20:53:52 -0400] "GET /logs/?C=S;O=A HTTP/1.1" 200 1145 "-" "Mozilla/5.0 (compatible; Googlebot/2.1; +http://www.google.com/bot.html)"
66.249.70.165 - - [20/Jul/2007:22:56:36 -0400] "GET /robots.txt HTTP/1.1" 404 370 "-" "Mozilla/5.0 (compatible; Googlebot/2.1; +http://www.google.com/bot.html)"
66.249.70.165 - - [20/Jul/2007:22:56:36 -0400] "GET / HTTP/1.1" 200 788 "-" "Mozilla/5.0 (compatible; Googlebot/2.1; +http://www.google.com/bot.html)"
74.6.68.121 - - [21/Jul/2007:00:24:42 -0400] "GET /robots.txt HTTP/1.0" 404 370 "-" "Mozilla/5.0 (compatible; Yahoo! Slurp; http://help.yahoo.com/help/us/ysearch/slurp)"
74.6.69.82 - - [21/Jul/2007:00:24:42 -0400] "GET / HTTP/1.0" 200 788 "-" "Mozilla/5.0 (compatible; Yahoo! Slurp; http://help.yahoo.com/help/us/ysearch/slurp)"
66.249.70.165 - - [21/Jul/2007:00:58:31 -0400] "GET /logs/error.log HTTP/1.1" 200 77510 "-" "Mozilla/5.0 (compatible; Googlebot/2.1; +http://www.google.com/bot.html)"
128.194.135.94 - - [21/Jul/2007:07:46:35 -0400] "GET /?C=D;O=A HTTP/1.1" 200 787 "-" "IRLbot/3.0 (compatible; MSIE 6.0; http://irl.cs.tamu.edu/crawler)"
128.194.135.94 - - [21/Jul/2007:07:47:21 -0400] "GET /?C=S;O=A HTTP/1.1" 200 787 "-" "IRLbot/3.0 (compatible; MSIE 6.0; http://irl.cs.tamu.edu/crawler)"
128.194.135.94 - - [21/Jul/2007:07:48:05 -0400] "GET /?C=N;O=D HTTP/1.1" 200 787 "-" "IRLbot/3.0 (compatible; MSIE 6.0; http://irl.cs.tamu.edu/crawler)"
128.194.135.94 - - [21/Jul/2007:07:48:52 -0400] "GET /?C=M;O=A HTTP/1.1" 200 787 "-" "IRLbot/3.0 (compatible; MSIE 6.0; http://irl.cs.tamu.edu/crawler)"
128.194.135.94 - - [21/Jul/2007:07:49:38 -0400] "GET /logs/ HTTP/1.1" 200 1145 "-" "IRLbot/3.0 (compatible; MSIE 6.0; http://irl.cs.tamu.edu/crawler)"
212.95.252.16 - - [21/Jul/2007:09:22:02 -0400] "GET / HTTP/1.0" 200 787 "-" "Mozilla/4.0 (compatible; MSIE 6.0; Windows NT 5.1)"
38.99.203.110 - - [21/Jul/2007:11:04:01 -0400] "GET /robots.txt HTTP/1.1" 404 369 "-" "Java/1.7.0-ea"
38.99.203.110 - - [21/Jul/2007:11:04:01 -0400] "GET / HTTP/1.1" 200 787 "-" "panscient.com"
38.99.203.110 - - [21/Jul/2007:11:04:01 -0400] "GET /robots.txt HTTP/1.1" 404 369 "-" "Java/1.7.0-ea"
38.99.203.110 - - [21/Jul/2007:11:04:02 -0400] "GET /?C=N;O=D HTTP/1.1" 200 787 "-" "panscient.com"
38.99.203.110 - - [21/Jul/2007:11:04:04 -0400] "GET /?C=D;O=A HTTP/1.1" 200 787 "-" "panscient.com"
38.99.203.110 - - [21/Jul/2007:11:04:05 -0400] "GET /?C=D;O=D HTTP/1.1" 200 787 "-" "panscient.com"
38.99.203.110 - - [21/Jul/2007:11:04:06 -0400] "GET /?C=N;O=A HTTP/1.1" 200 787 "-" "panscient.com"
38.99.203.110 - - [21/Jul/2007:11:04:07 -0400] "GET /?C=M;O=A HTTP/1.1" 200 787 "-" "panscient.com"
38.99.203.110 - - [21/Jul/2007:11:04:08 -0400] "GET /?C=S;O=A HTTP/1.1" 200 787 "-" "panscient.com"
38.99.203.110 - - [21/Jul/2007:11:04:09 -0400] "GET /logs/ HTTP/1.1" 200 1145 "-" "panscient.com"
38.99.203.110 - - [21/Jul/2007:11:04:11 -0400] "GET /logs/?C=N;O=D HTTP/1.1" 200 1145 "-" "panscient.com"
38.99.203.110 - - [21/Jul/2007:11:04:12 -0400] "GET /logs/?C=D;O=A HTTP/1.1" 200 1145 "-" "panscient.com"
38.99.203.110 - - [21/Jul/2007:11:04:13 -0400] "GET /logs/?C=D;O=D HTTP/1.1" 200 1145 "-" "panscient.com"
38.99.203.110 - - [21/Jul/2007:11:04:15 -0400] "GET /logs/?C=N;O=A HTTP/1.1" 200 1145 "-" "panscient.com"
38.99.203.110 - - [21/Jul/2007:11:04:16 -0400] "GET /logs/?C=M;O=A HTTP/1.1" 200 1145 "-" "panscient.com"
38.99.203.110 - - [21/Jul/2007:11:04:17 -0400] "GET /logs/?C=S;O=A HTTP/1.1" 200 1145 "-" "panscient.com"
212.95.252.16 - - [21/Jul/2007:13:35:45 -0400] "GET / HTTP/1.0" 200 788 "-" "Mozilla/4.0 (compatible; MSIE 6.0; Windows NT 5.1)"
70.85.114.58 - - [21/Jul/2007:17:58:07 -0400] "GET /robots.txt HTTP/1.1" 404 369 "www.sportbikerecyclers.com" "Pingdom GIGRIB (http://www.pingdom.com)"
70.85.114.58 - - [21/Jul/2007:18:01:00 -0400] "GET // HTTP/1.1" 200 787 "http://www.pingdom.com/tools/fpt/?url=www.sportbikerecyclers.com" "Pingdom GIGRIB (http://www.pingdom.com)"
66.249.70.165 - - [21/Jul/2007:18:23:12 -0400] "GET /robots.txt HTTP/1.1" 404 369 "-" "Mozilla/5.0 (compatible; Googlebot/2.1; +http://www.google.com/bot.html)"
66.249.70.165 - - [21/Jul/2007:18:23:12 -0400] "GET /logs/error.log HTTP/1.1" 200 78034 "-" "Mozilla/5.0 (compatible; Googlebot/2.1; +http://www.google.com/bot.html)"
66.98.148.24 - - [21/Jul/2007:20:14:39 -0400] "GET /robots.txt HTTP/1.1" 404 370 "www.usedmotorcycleparts.biz" "Pingdom GIGRIB (http://www.pingdom.com)"
66.98.148.24 - - [21/Jul/2007:20:17:07 -0400] "GET // HTTP/1.1" 200 788 "http://www.pingdom.com/tools/fpt/?url=www.usedmotorcycleparts.biz" "Pingdom GIGRIB (http://www.pingdom.com)"
74.6.74.162 - - [22/Jul/2007:17:37:07 -0400] "GET /robots.txt HTTP/1.0" 404 369 "-" "Mozilla/5.0 (compatible; Yahoo! Slurp; http://help.yahoo.com/help/us/ysearch/slurp)"
74.6.65.227 - - [22/Jul/2007:17:37:07 -0400] "GET / HTTP/1.0" 200 787 "-" "Mozilla/5.0 (compatible; Yahoo! Slurp; http://help.yahoo.com/help/us/ysearch/slurp)"
66.249.70.165 - - [22/Jul/2007:18:34:34 -0400] "GET /robots.txt HTTP/1.1" 404 369 "-" "Mozilla/5.0 (compatible; Googlebot/2.1; +http://www.google.com/bot.html)"
66.249.70.165 - - [22/Jul/2007:18:34:34 -0400] "GET / HTTP/1.1" 200 787 "-" "Mozilla/5.0 (compatible; Googlebot/2.1; +http://www.google.com/bot.html)"
66.249.70.165 - - [22/Jul/2007:21:42:46 -0400] "GET /robots.txt HTTP/1.1" 404 370 "-" "Mozilla/5.0 (compatible; Googlebot/2.1; +http://www.google.com/bot.html)"
66.249.70.165 - - [22/Jul/2007:21:42:46 -0400] "GET /logs/ HTTP/1.1" 200 1146 "-" "Mozilla/5.0 (compatible; Googlebot/2.1; +http://www.google.com/bot.html)"
72.30.177.224 - - [23/Jul/2007:01:37:27 -0400] "GET /robots.txt HTTP/1.0" 404 366 "-" "Mozilla/5.0 (compatible; Yahoo! Slurp; http://help.yahoo.com/help/us/ysearch/slurp)"
74.6.65.232 - - [23/Jul/2007:01:37:36 -0400] "GET / HTTP/1.0" 200 784 "-" "Mozilla/5.0 (compatible; Yahoo! Slurp; http://help.yahoo.com/help/us/ysearch/slurp)"
128.194.135.94 - - [23/Jul/2007:02:54:31 -0400] "GET /?C=D;O=D HTTP/1.1" 200 787 "-" "IRLbot/3.0 (compatible; MSIE 6.0; http://irl.cs.tamu.edu/crawler)"
128.194.135.94 - - [23/Jul/2007:02:55:19 -0400] "GET /?C=N;O=A HTTP/1.1" 200 787 "-" "IRLbot/3.0 (compatible; MSIE 6.0; http://irl.cs.tamu.edu/crawler)"
128.194.135.94 - - [23/Jul/2007:02:56:04 -0400] "GET /?C=S;O=D HTTP/1.1" 200 787 "-" "IRLbot/3.0 (compatible; MSIE 6.0; http://irl.cs.tamu.edu/crawler)"
128.194.135.94 - - [23/Jul/2007:02:56:51 -0400] "GET /?C=M;O=D HTTP/1.1" 200 787 "-" "IRLbot/3.0 (compatible; MSIE 6.0; http://irl.cs.tamu.edu/crawler)"
128.194.135.94 - - [23/Jul/2007:02:57:38 -0400] "GET /logs/?C=D;O=A HTTP/1.1" 200 1145 "-" "IRLbot/3.0 (compatible; MSIE 6.0; http://irl.cs.tamu.edu/crawler)"
128.194.135.94 - - [23/Jul/2007:02:58:26 -0400] "GET /logs/?C=N;O=D HTTP/1.1" 200 1145 "-" "IRLbot/3.0 (compatible; MSIE 6.0; http://irl.cs.tamu.edu/crawler)"
128.194.135.94 - - [23/Jul/2007:02:59:11 -0400] "GET /logs/?C=S;O=A HTTP/1.1" 200 1145 "-" "IRLbot/3.0 (compatible; MSIE 6.0; http://irl.cs.tamu.edu/crawler)"
128.194.135.94 - - [23/Jul/2007:02:59:59 -0400] "GET /logs/?C=M;O=A HTTP/1.1" 200 1145 "-" "IRLbot/3.0 (compatible; MSIE 6.0; http://irl.cs.tamu.edu/crawler)"
74.6.74.162 - - [23/Jul/2007:06:54:32 -0400] "GET /robots.txt HTTP/1.0" 404 369 "-" "Mozilla/5.0 (compatible; Yahoo! Slurp; http://help.yahoo.com/help/us/ysearch/slurp)"
74.6.65.227 - - [23/Jul/2007:06:54:32 -0400] "GET / HTTP/1.0" 200 787 "-" "Mozilla/5.0 (compatible; Yahoo! Slurp; http://help.yahoo.com/help/us/ysearch/slurp)"
208.36.144.8 - - [23/Jul/2007:19:22:46 -0400] "GET /robots.txt HTTP/1.0" 404 370 "-" "Mozilla/5.0 (Twiceler-0.9 http://www.cuill.com/twiceler/robot.html)"
66.249.70.165 - - [23/Jul/2007:20:23:17 -0400] "GET /robots.txt HTTP/1.1" 404 370 "-" "Mozilla/5.0 (compatible; Googlebot/2.1; +http://www.google.com/bot.html)"
66.249.70.165 - - [23/Jul/2007:20:23:17 -0400] "GET /logs/access.log HTTP/1.1" 200 420312 "-" "Mozilla/5.0 (compatible; Googlebot/2.1; +http://www.google.com/bot.html)"
64.246.161.30 - - [24/Jul/2007:02:35:38 -0400] "GET /robots.txt HTTP/1.0" 404 369 "http://www.whois.sc/" "SurveyBot/2.3 (Whois Source)"
64.246.161.30 - - [24/Jul/2007:02:35:38 -0400] "GET / HTTP/1.1" 206 787 "http://www.whois.sc/sportbikerecyclers.com" "SurveyBot/2.3 (Whois Source)"
64.246.165.210 - - [24/Jul/2007:06:12:37 -0400] "GET /robots.txt HTTP/1.0" 404 370 "http://www.whois.sc/" "SurveyBot/2.3 (Whois Source)"
64.246.165.210 - - [24/Jul/2007:06:12:37 -0400] "GET / HTTP/1.1" 206 788 "http://www.whois.sc/usedmotorcycleparts.biz" "SurveyBot/2.3 (Whois Source)"
206.169.110.66 - - [24/Jul/2007:09:06:41 -0400] "GET / HTTP/1.1" 200 787 "-" "page_prefetcher"
63.123.238.8 - - [24/Jul/2007:14:05:07 -0400] "GET /robots.txt HTTP/1.1" 404 370 "-" "Mozilla/2.0 (compatible; Ask Jeeves/Teoma)"
63.123.238.8 - - [24/Jul/2007:14:05:07 -0400] "GET / HTTP/1.1" 200 788 "-" "Mozilla/2.0 (compatible; Ask Jeeves/Teoma)"
66.249.70.165 - - [24/Jul/2007:14:54:05 -0400] "GET /robots.txt HTTP/1.1" 404 370 "-" "Mozilla/5.0 (compatible; Googlebot/2.1; +http://www.google.com/bot.html)"
66.249.70.165 - - [24/Jul/2007:14:54:05 -0400] "GET /?C=S;O=A HTTP/1.1" 200 788 "-" "Mozilla/5.0 (compatible; Googlebot/2.1; +http://www.google.com/bot.html)"
66.249.70.165 - - [24/Jul/2007:18:25:10 -0400] "GET / HTTP/1.1" 200 788 "-" "Mozilla/5.0 (compatible; Googlebot/2.1; +http://www.google.com/bot.html)"
66.249.70.165 - - [24/Jul/2007:23:19:03 -0400] "GET /robots.txt HTTP/1.1" 404 369 "-" "Mozilla/5.0 (compatible; Googlebot/2.1; +http://www.google.com/bot.html)"
66.249.70.165 - - [24/Jul/2007:23:19:03 -0400] "GET /logs/?C=D;O=D HTTP/1.1" 200 1145 "-" "Mozilla/5.0 (compatible; Googlebot/2.1; +http://www.google.com/bot.html)"
128.194.135.94 - - [25/Jul/2007:09:42:35 -0400] "GET /logs/?C=D;O=D HTTP/1.1" 200 1145 "-" "IRLbot/3.0 (compatible; MSIE 6.0; http://irl.cs.tamu.edu/crawler)"
128.194.135.94 - - [25/Jul/2007:09:43:35 -0400] "GET /logs/?C=N;O=A HTTP/1.1" 200 1145 "-" "IRLbot/3.0 (compatible; MSIE 6.0; http://irl.cs.tamu.edu/crawler)"
128.194.135.94 - - [25/Jul/2007:09:44:27 -0400] "GET /logs/?C=M;O=D HTTP/1.1" 200 1145 "-" "IRLbot/3.0 (compatible; MSIE 6.0; http://irl.cs.tamu.edu/crawler)"
128.194.135.94 - - [25/Jul/2007:09:45:20 -0400] "GET /logs/?C=S;O=D HTTP/1.1" 200 1145 "-" "IRLbot/3.0 (compatible; MSIE 6.0; http://irl.cs.tamu.edu/crawler)"
66.249.70.165 - - [25/Jul/2007:13:04:38 -0400] "GET /robots.txt HTTP/1.1" 404 369 "-" "Mozilla/5.0 (compatible; Googlebot/2.1; +http://www.google.com/bot.html)"
66.249.70.165 - - [25/Jul/2007:13:04:38 -0400] "GET /?C=M;O=A HTTP/1.1" 200 787 "-" "Mozilla/5.0 (compatible; Googlebot/2.1; +http://www.google.com/bot.html)"
74.6.73.188 - - [25/Jul/2007:13:09:47 -0400] "GET /robots.txt HTTP/1.0" 404 370 "-" "Mozilla/5.0 (compatible; Yahoo! Slurp; http://help.yahoo.com/help/us/ysearch/slurp)"
74.6.69.82 - - [25/Jul/2007:13:09:48 -0400] "GET / HTTP/1.0" 200 788 "-" "Mozilla/5.0 (compatible; Yahoo! Slurp; http://help.yahoo.com/help/us/ysearch/slurp)"
72.30.177.250 - - [25/Jul/2007:13:16:29 -0400] "GET /robots.txt HTTP/1.0" 404 366 "-" "Mozilla/5.0 (compatible; Yahoo! Slurp; http://help.yahoo.com/help/us/ysearch/slurp)"
74.6.65.232 - - [25/Jul/2007:13:16:53 -0400] "GET / HTTP/1.0" 200 784 "-" "Mozilla/5.0 (compatible; Yahoo! Slurp; http://help.yahoo.com/help/us/ysearch/slurp)"
72.196.147.24 - - [25/Jul/2007:15:36:01 -0400] "GET /logs/error.log HTTP/1.1" 200 80078 "-" "Mozilla/4.0 (compatible; MSIE 6.0; Windows NT 5.1; SV1; .NET CLR 1.1.4322; .NET CLR 2.0.50727; Creative ZENcast v1.02.08)"
75.81.223.98 - - [25/Jul/2007:20:12:07 -0400] "GET / HTTP/1.1" 200 787 "-" "Mozilla/4.0 (compatible; MSIE 6.0; Windows NT 5.1; SV1; .NET CLR 1.1.4322)"
75.81.223.98 - - [25/Jul/2007:20:12:07 -0400] "GET /icons/blank.gif HTTP/1.1" 200 148 "http://www.sportbikerecyclers.com/" "Mozilla/4.0 (compatible; MSIE 6.0; Windows NT 5.1; SV1; .NET CLR 1.1.4322)"
75.81.223.98 - - [25/Jul/2007:20:12:07 -0400] "GET /icons/folder.gif HTTP/1.1" 200 225 "http://www.sportbikerecyclers.com/" "Mozilla/4.0 (compatible; MSIE 6.0; Windows NT 5.1; SV1; .NET CLR 1.1.4322)"
66.249.70.165 - - [26/Jul/2007:13:35:22 -0400] "GET /robots.txt HTTP/1.1" 404 370 "-" "Mozilla/5.0 (compatible; Googlebot/2.1; +http://www.google.com/bot.html)"
66.249.70.165 - - [26/Jul/2007:13:35:22 -0400] "GET /logs/?C=D;O=A HTTP/1.1" 200 1146 "-" "Mozilla/5.0 (compatible; Googlebot/2.1; +http://www.google.com/bot.html)"
66.249.70.165 - - [26/Jul/2007:16:41:07 -0400] "GET /robots.txt HTTP/1.1" 404 369 "-" "Mozilla/5.0 (compatible; Googlebot/2.1; +http://www.google.com/bot.html)"
66.249.70.165 - - [26/Jul/2007:16:41:07 -0400] "GET / HTTP/1.1" 200 787 "-" "Mozilla/5.0 (compatible; Googlebot/2.1; +http://www.google.com/bot.html)"
152.163.100.143 - - [26/Jul/2007:16:41:25 -0400] "GET / HTTP/1.1" 200 787 "-" "Mozilla/4.0 (compatible; MSIE 7.0; AOL 9.0; Windows NT 5.1; FunWebProducts)"
152.163.100.202 - - [26/Jul/2007:16:41:26 -0400] "GET /icons/folder.gif HTTP/1.1" 200 225 "http://www.sportbikerecyclers.com/" "Mozilla/4.0 (compatible; MSIE 7.0; AOL 9.0; Windows NT 5.1; FunWebProducts)"
152.163.100.133 - - [26/Jul/2007:16:41:26 -0400] "GET /icons/blank.gif HTTP/1.1" 200 148 "http://www.sportbikerecyclers.com/" "Mozilla/4.0 (compatible; MSIE 7.0; AOL 9.0; Windows NT 5.1; FunWebProducts)"
66.249.70.165 - - [26/Jul/2007:18:33:07 -0400] "GET /logs/ HTTP/1.1" 200 1146 "-" "Mozilla/5.0 (compatible; Googlebot/2.1; +http://www.google.com/bot.html)"
208.36.144.8 - - [26/Jul/2007:20:01:26 -0400] "GET /robots.txt HTTP/1.0" 404 370 "-" "Mozilla/5.0 (Twiceler-0.9 http://www.cuill.com/twiceler/robot.html)"
216.220.216.157 - - [27/Jul/2007:11:34:24 -0400] "GET / HTTP/1.0" 200 787 "http://www.sportbikerecycler.com/main.html" "Mozilla/5.0 (Danger hiptop 3.4; U; AvantGo 3.2)"
216.220.216.156 - - [27/Jul/2007:11:34:24 -0400] "GET /icons/folder.gif HTTP/1.0" 200 225 "http://www.sportbikerecyclers.com/" "Mozilla/5.0 (Danger hiptop 3.4; U; AvantGo 3.2)"
216.220.216.151 - - [27/Jul/2007:11:34:24 -0400] "GET /icons/blank.gif HTTP/1.0" 200 148 "http://www.sportbikerecyclers.com/" "Mozilla/5.0 (Danger hiptop 3.4; U; AvantGo 3.2)"
66.249.70.165 - - [27/Jul/2007:13:37:24 -0400] "GET /robots.txt HTTP/1.1" 404 370 "-" "Mozilla/5.0 (compatible; Googlebot/2.1; +http://www.google.com/bot.html)"
66.249.70.165 - - [27/Jul/2007:13:37:24 -0400] "GET /logs/?C=D;O=D HTTP/1.1" 200 1146 "-" "Mozilla/5.0 (compatible; Googlebot/2.1; +http://www.google.com/bot.html)"
66.249.70.165 - - [27/Jul/2007:16:52:20 -0400] "GET /robots.txt HTTP/1.1" 404 369 "-" "Mozilla/5.0 (compatible; Googlebot/2.1; +http://www.google.com/bot.html)"
66.249.70.165 - - [27/Jul/2007:16:52:20 -0400] "GET /logs/access.log HTTP/1.1" 200 427104 "-" "Mozilla/5.0 (compatible; Googlebot/2.1; +http://www.google.com/bot.html)"
72.30.177.250 - - [28/Jul/2007:04:25:23 -0400] "GET /robots.txt HTTP/1.0" 404 366 "-" "Mozilla/5.0 (compatible; Yahoo! Slurp; http://help.yahoo.com/help/us/ysearch/slurp)"
74.6.65.232 - - [28/Jul/2007:04:25:24 -0400] "GET / HTTP/1.0" 200 784 "-" "Mozilla/5.0 (compatible; Yahoo! Slurp; http://help.yahoo.com/help/us/ysearch/slurp)"
63.123.238.8 - - [28/Jul/2007:06:12:13 -0400] "GET /robots.txt HTTP/1.1" 404 370 "-" "Mozilla/2.0 (compatible; Ask Jeeves/Teoma)"
63.123.238.8 - - [28/Jul/2007:06:12:13 -0400] "GET / HTTP/1.1" 200 788 "-" "Mozilla/2.0 (compatible; Ask Jeeves/Teoma)"
161.155.170.31 - - [28/Jul/2007:07:57:12 -0400] "GET /logs/access.log HTTP/1.1" 200 427855 "http://search.yahoo.com/search;_ylt=A0geu_HTMatGwTYBlZJXNyoA?p=sportbikerecyclers&fr=yfp-t-501-s" "Mozilla/4.0 (compatible; MSIE 6.0; Windows NT 5.0; .NET CLR 1.1.4322)"
161.155.170.31 - - [28/Jul/2007:07:58:03 -0400] "GET / HTTP/1.1" 200 787 "-" "Mozilla/4.0 (compatible; MSIE 6.0; Windows NT 5.0; .NET CLR 1.1.4322)"
161.155.170.31 - - [28/Jul/2007:07:58:03 -0400] "GET /icons/blank.gif HTTP/1.1" 200 148 "http://www.sportbikerecyclers.com/" "Mozilla/4.0 (compatible; MSIE 6.0; Windows NT 5.0; .NET CLR 1.1.4322)"
161.155.170.31 - - [28/Jul/2007:07:58:04 -0400] "GET /icons/folder.gif HTTP/1.1" 200 225 "http://www.sportbikerecyclers.com/" "Mozilla/4.0 (compatible; MSIE 6.0; Windows NT 5.0; .NET CLR 1.1.4322)"
161.155.170.31 - - [28/Jul/2007:07:58:13 -0400] "GET /logs/ HTTP/1.1" 200 1145 "http://www.sportbikerecyclers.com/" "Mozilla/4.0 (compatible; MSIE 6.0; Windows NT 5.0; .NET CLR 1.1.4322)"
161.155.170.31 - - [28/Jul/2007:07:58:13 -0400] "GET /icons/back.gif HTTP/1.1" 200 216 "http://www.sportbikerecyclers.com/logs/" "Mozilla/4.0 (compatible; MSIE 6.0; Windows NT 5.0; .NET CLR 1.1.4322)"
161.155.170.31 - - [28/Jul/2007:07:58:13 -0400] "GET /icons/unknown.gif HTTP/1.1" 200 245 "http://www.sportbikerecyclers.com/logs/" "Mozilla/4.0 (compatible; MSIE 6.0; Windows NT 5.0; .NET CLR 1.1.4322)"
161.155.170.31 - - [28/Jul/2007:08:02:19 -0400] "GET / HTTP/1.1" 200 787 "http://www.sportbikerecycler.com/main.html" "Mozilla/4.0 (compatible; MSIE 6.0; Windows NT 5.0; .NET CLR 1.1.4322)"
161.155.170.31 - - [28/Jul/2007:08:02:19 -0400] "GET /icons/blank.gif HTTP/1.1" 304 - "http://www.sportbikerecyclers.com/" "Mozilla/4.0 (compatible; MSIE 6.0; Windows NT 5.0; .NET CLR 1.1.4322)"
161.155.170.31 - - [28/Jul/2007:08:02:19 -0400] "GET /icons/folder.gif HTTP/1.1" 304 - "http://www.sportbikerecyclers.com/" "Mozilla/4.0 (compatible; MSIE 6.0; Windows NT 5.0; .NET CLR 1.1.4322)"
161.155.170.31 - - [28/Jul/2007:08:02:31 -0400] "GET / HTTP/1.1" 200 783 "-" "Mozilla/4.0 (compatible; MSIE 6.0; Windows NT 5.0; .NET CLR 1.1.4322)"
161.155.170.31 - - [28/Jul/2007:08:02:31 -0400] "GET /icons/blank.gif HTTP/1.1" 200 148 "http://sportbikerecyclers.com/" "Mozilla/4.0 (compatible; MSIE 6.0; Windows NT 5.0; .NET CLR 1.1.4322)"
161.155.170.31 - - [28/Jul/2007:08:02:31 -0400] "GET /icons/folder.gif HTTP/1.1" 200 225 "http://sportbikerecyclers.com/" "Mozilla/4.0 (compatible; MSIE 6.0; Windows NT 5.0; .NET CLR 1.1.4322)"
66.249.70.165 - - [28/Jul/2007:09:19:54 -0400] "GET /robots.txt HTTP/1.1" 404 369 "-" "Mozilla/5.0 (compatible; Googlebot/2.1; +http://www.google.com/bot.html)"
66.249.70.165 - - [28/Jul/2007:09:19:54 -0400] "GET /logs/?C=S;O=A HTTP/1.1" 200 1145 "-" "Mozilla/5.0 (compatible; Googlebot/2.1; +http://www.google.com/bot.html)"
66.249.70.165 - - [28/Jul/2007:09:29:19 -0400] "GET /logs/?C=D;O=A HTTP/1.1" 200 1145 "-" "Mozilla/5.0 (compatible; Googlebot/2.1; +http://www.google.com/bot.html)"
68.210.181.95 - - [28/Jul/2007:11:03:57 -0400] "GET / HTTP/1.1" 200 787 "-" "Mozilla/4.0 (compatible; MSIE 6.0; Windows NT 5.1; SV1)"
68.210.181.95 - - [28/Jul/2007:11:03:58 -0400] "GET /icons/blank.gif HTTP/1.1" 200 148 "http://www.sportbikerecyclers.com/" "Mozilla/4.0 (compatible; MSIE 6.0; Windows NT 5.1; SV1)"
68.210.181.95 - - [28/Jul/2007:11:03:58 -0400] "GET /icons/folder.gif HTTP/1.1" 200 225 "http://www.sportbikerecyclers.com/" "Mozilla/4.0 (compatible; MSIE 6.0; Windows NT 5.1; SV1)"
66.249.70.165 - - [28/Jul/2007:11:21:59 -0400] "GET /robots.txt HTTP/1.1" 404 370 "-" "Mozilla/5.0 (compatible; Googlebot/2.1; +http://www.google.com/bot.html)"
66.249.70.165 - - [28/Jul/2007:11:21:59 -0400] "GET /logs/error.log HTTP/1.1" 200 81174 "-" "Mozilla/5.0 (compatible; Googlebot/2.1; +http://www.google.com/bot.html)"
208.36.144.8 - - [28/Jul/2007:13:33:23 -0400] "GET /robots.txt HTTP/1.0" 404 370 "-" "Mozilla/5.0 (Twiceler-0.9 http://www.cuill.com/twiceler/robot.html)"
66.249.70.165 - - [28/Jul/2007:14:01:47 -0400] "GET / HTTP/1.1" 200 788 "-" "Mozilla/5.0 (compatible; Googlebot/2.1; +http://www.google.com/bot.html)"
199.1.140.67 - - [28/Jul/2007:15:00:46 -0400] "GET /logs/access.log HTTP/1.1" 200 431995 "-" "Mozilla/4.0 (compatible; MSIE 6.0; Windows NT 5.0)"
66.249.70.165 - - [29/Jul/2007:03:05:54 -0400] "GET /robots.txt HTTP/1.1" 404 369 "-" "Mozilla/5.0 (compatible; Googlebot/2.1; +http://www.google.com/bot.html)"
66.249.70.165 - - [29/Jul/2007:03:05:54 -0400] "GET /?C=M;O=A HTTP/1.1" 200 787 "-" "Mozilla/5.0 (compatible; Googlebot/2.1; +http://www.google.com/bot.html)"
208.17.184.62 - - [29/Jul/2007:04:26:56 -0400] "GET /robots.txt HTTP/1.1" 404 370 "-" "Mozilla/5.0 (X11; U; Linux i686; en-US; rv:1.7.12) Gecko/20050922 Fedora/1.0.7-1.1.fc4 Firefox/1.0.7"
208.17.184.62 - - [29/Jul/2007:04:26:57 -0400] "GET / HTTP/1.1" 200 788 "" "Mozilla/5.0 (X11; U; Linux i686; en-US; rv:1.7.12) Gecko/20050922 Fedora/1.0.7-1.1.fc4 Firefox/1.0.7"
208.17.184.62 - - [29/Jul/2007:04:26:57 -0400] "GET /?C=N;O=D HTTP/1.1" 200 788 "http://www.usedmotorcycleparts.biz/" "Mozilla/5.0 (X11; U; Linux i686; en-US; rv:1.7.12) Gecko/20050922 Fedora/1.0.7-1.1.fc4 Firefox/1.0.7"
208.17.184.62 - - [29/Jul/2007:04:26:57 -0400] "GET /?C=M;O=A HTTP/1.1" 200 788 "http://www.usedmotorcycleparts.biz/" "Mozilla/5.0 (X11; U; Linux i686; en-US; rv:1.7.12) Gecko/20050922 Fedora/1.0.7-1.1.fc4 Firefox/1.0.7"
208.17.184.62 - - [29/Jul/2007:04:26:57 -0400] "GET /?C=S;O=A HTTP/1.1" 200 788 "http://www.usedmotorcycleparts.biz/" "Mozilla/5.0 (X11; U; Linux i686; en-US; rv:1.7.12) Gecko/20050922 Fedora/1.0.7-1.1.fc4 Firefox/1.0.7"
208.17.184.62 - - [29/Jul/2007:04:26:58 -0400] "GET /?C=D;O=A HTTP/1.1" 200 788 "http://www.usedmotorcycleparts.biz/" "Mozilla/5.0 (X11; U; Linux i686; en-US; rv:1.7.12) Gecko/20050922 Fedora/1.0.7-1.1.fc4 Firefox/1.0.7"
208.17.184.62 - - [29/Jul/2007:04:26:58 -0400] "GET /logs/ HTTP/1.1" 200 1146 "http://www.usedmotorcycleparts.biz/" "Mozilla/5.0 (X11; U; Linux i686; en-US; rv:1.7.12) Gecko/20050922 Fedora/1.0.7-1.1.fc4 Firefox/1.0.7"
208.17.184.62 - - [29/Jul/2007:04:26:58 -0400] "GET /?C=N;O=A HTTP/1.1" 200 788 "http://www.usedmotorcycleparts.biz/?C=N;O=D" "Mozilla/5.0 (X11; U; Linux i686; en-US; rv:1.7.12) Gecko/20050922 Fedora/1.0.7-1.1.fc4 Firefox/1.0.7"
208.17.184.62 - - [29/Jul/2007:04:26:58 -0400] "GET /?C=M;O=D HTTP/1.1" 200 788 "http://www.usedmotorcycleparts.biz/?C=M;O=A" "Mozilla/5.0 (X11; U; Linux i686; en-US; rv:1.7.12) Gecko/20050922 Fedora/1.0.7-1.1.fc4 Firefox/1.0.7"
208.17.184.62 - - [29/Jul/2007:04:26:58 -0400] "GET /?C=S;O=D HTTP/1.1" 200 788 "http://www.usedmotorcycleparts.biz/?C=S;O=A" "Mozilla/5.0 (X11; U; Linux i686; en-US; rv:1.7.12) Gecko/20050922 Fedora/1.0.7-1.1.fc4 Firefox/1.0.7"
208.17.184.62 - - [29/Jul/2007:04:26:58 -0400] "GET /?C=D;O=D HTTP/1.1" 200 788 "http://www.usedmotorcycleparts.biz/?C=D;O=A" "Mozilla/5.0 (X11; U; Linux i686; en-US; rv:1.7.12) Gecko/20050922 Fedora/1.0.7-1.1.fc4 Firefox/1.0.7"
208.36.144.8 - - [29/Jul/2007:11:52:40 -0400] "GET /robots.txt HTTP/1.0" 404 370 "-" "Mozilla/5.0 (Twiceler-0.9 http://www.cuill.com/twiceler/robot.html)"
66.249.70.165 - - [29/Jul/2007:11:59:29 -0400] "GET /robots.txt HTTP/1.1" 404 369 "-" "Mozilla/5.0 (compatible; Googlebot/2.1; +http://www.google.com/bot.html)"
66.249.70.165 - - [29/Jul/2007:11:59:30 -0400] "GET /logs/error.log HTTP/1.1" 200 81794 "-" "Mozilla/5.0 (compatible; Googlebot/2.1; +http://www.google.com/bot.html)"
66.249.70.165 - - [30/Jul/2007:05:22:51 -0400] "GET /robots.txt HTTP/1.1" 404 369 "-" "Mozilla/5.0 (compatible; Googlebot/2.1; +http://www.google.com/bot.html)"
66.249.70.165 - - [30/Jul/2007:05:22:51 -0400] "GET / HTTP/1.1" 200 787 "-" "Mozilla/5.0 (compatible; Googlebot/2.1; +http://www.google.com/bot.html)"
66.249.70.165 - - [30/Jul/2007:12:06:26 -0400] "GET /robots.txt HTTP/1.1" 404 370 "-" "Mozilla/5.0 (compatible; Googlebot/2.1; +http://www.google.com/bot.html)"
66.249.70.165 - - [30/Jul/2007:12:06:26 -0400] "GET /logs/ HTTP/1.1" 200 1146 "-" "Mozilla/5.0 (compatible; Googlebot/2.1; +http://www.google.com/bot.html)"
208.36.144.8 - - [30/Jul/2007:22:15:14 -0400] "GET /robots.txt HTTP/1.0" 404 370 "-" "Mozilla/5.0 (Twiceler-0.9 http://www.cuill.com/twiceler/robot.html)"
66.249.70.165 - - [30/Jul/2007:22:34:38 -0400] "GET /robots.txt HTTP/1.1" 404 370 "-" "Mozilla/5.0 (compatible; Googlebot/2.1; +http://www.google.com/bot.html)"
66.249.70.165 - - [30/Jul/2007:22:34:38 -0400] "GET /logs/access.log HTTP/1.1" 200 436276 "-" "Mozilla/5.0 (compatible; Googlebot/2.1; +http://www.google.com/bot.html)"
66.249.70.165 - - [31/Jul/2007:00:55:16 -0400] "GET /robots.txt HTTP/1.1" 404 369 "-" "Mozilla/5.0 (compatible; Googlebot/2.1; +http://www.google.com/bot.html)"
66.249.70.165 - - [31/Jul/2007:00:55:16 -0400] "GET /logs/?C=N;O=D HTTP/1.1" 200 1145 "-" "Mozilla/5.0 (compatible; Googlebot/2.1; +http://www.google.com/bot.html)"
66.249.70.165 - - [31/Jul/2007:04:51:45 -0400] "GET /logs/?C=N;O=A HTTP/1.1" 200 1145 "-" "Mozilla/5.0 (compatible; Googlebot/2.1; +http://www.google.com/bot.html)"
66.249.70.165 - - [31/Jul/2007:08:53:19 -0400] "GET /robots.txt HTTP/1.1" 404 370 "-" "Mozilla/5.0 (compatible; Googlebot/2.1; +http://www.google.com/bot.html)"
66.249.70.165 - - [31/Jul/2007:08:53:19 -0400] "GET /?C=D;O=A HTTP/1.1" 200 788 "-" "Mozilla/5.0 (compatible; Googlebot/2.1; +http://www.google.com/bot.html)"
64.246.165.150 - - [31/Jul/2007:14:07:05 -0400] "GET /robots.txt HTTP/1.0" 404 369 "http://www.whois.sc/" "SurveyBot/2.3 (Whois Source)"
64.246.165.150 - - [31/Jul/2007:14:07:05 -0400] "GET / HTTP/1.1" 206 787 "http://www.whois.sc/sportbikerecyclers.com" "SurveyBot/2.3 (Whois Source)"
65.189.211.162 - - [31/Jul/2007:16:26:52 -0400] "GET / HTTP/1.1" 200 787 "http://www.sportbikerecycler.com/main.html" "Mozilla/4.0 (compatible; MSIE 6.0; Windows NT 5.1)"
65.189.211.162 - - [31/Jul/2007:16:26:52 -0400] "GET /icons/blank.gif HTTP/1.1" 200 148 "http://www.sportbikerecyclers.com/" "Mozilla/4.0 (compatible; MSIE 6.0; Windows NT 5.1)"
65.189.211.162 - - [31/Jul/2007:16:26:52 -0400] "GET /icons/folder.gif HTTP/1.1" 200 225 "http://www.sportbikerecyclers.com/" "Mozilla/4.0 (compatible; MSIE 6.0; Windows NT 5.1)"
66.249.70.165 - - [31/Jul/2007:16:58:11 -0400] "GET /robots.txt HTTP/1.1" 404 370 "-" "Mozilla/5.0 (compatible; Googlebot/2.1; +http://www.google.com/bot.html)"
66.249.70.165 - - [31/Jul/2007:16:58:11 -0400] "GET /logs/?C=M;O=D HTTP/1.1" 200 1146 "-" "Mozilla/5.0 (compatible; Googlebot/2.1; +http://www.google.com/bot.html)"
71.13.115.117 - - [31/Jul/2007:17:49:13 -0400] "GET /robots.txt HTTP/1.0" 404 369 "-" "bot/1.0 (bot; http://; bot@bot.bot)"
71.13.115.117 - - [31/Jul/2007:17:49:14 -0400] "GET /logs/error.log HTTP/1.0" 200 82923 "-" "bot/1.0 (bot; http://; bot@bot.bot)"
71.13.115.117 - - [31/Jul/2007:18:46:04 -0400] "GET /logs/ HTTP/1.0" 200 1145 "-" "bot/1.0 (bot; http://; bot@bot.bot)"
71.13.115.117 - - [31/Jul/2007:20:09:21 -0400] "GET /logs/access.log HTTP/1.0" 200 438770 "-" "bot/1.0 (bot; http://; bot@bot.bot)"
64.246.161.42 - - [31/Jul/2007:20:13:33 -0400] "GET /robots.txt HTTP/1.0" 404 370 "http://www.whois.sc/" "SurveyBot/2.3 (Whois Source)"
64.246.161.42 - - [31/Jul/2007:20:13:33 -0400] "GET / HTTP/1.1" 206 788 "http://www.whois.sc/usedmotorcycleparts.biz" "SurveyBot/2.3 (Whois Source)"
74.6.68.121 - - [31/Jul/2007:21:17:15 -0400] "GET /robots.txt HTTP/1.0" 404 370 "-" "Mozilla/5.0 (compatible; Yahoo! Slurp; http://help.yahoo.com/help/us/ysearch/slurp)"
74.6.69.82 - - [31/Jul/2007:21:17:15 -0400] "GET / HTTP/1.0" 200 788 "-" "Mozilla/5.0 (compatible; Yahoo! Slurp; http://help.yahoo.com/help/us/ysearch/slurp)"
66.249.70.165 - - [31/Jul/2007:21:26:18 -0400] "GET /?C=M;O=A HTTP/1.1" 200 788 "-" "Mozilla/5.0 (compatible; Googlebot/2.1; +http://www.google.com/bot.html)"
63.210.115.10 - - [31/Jul/2007:23:33:06 -0400] "GET / HTTP/1.1" 200 787 "-" "Mozilla/5.0 (X11; U; Linux i686; en-US; rv:1.7.12) Gecko/20060202 CentOS/1.0.7-1.4.3.centos4 Firefox/1.0.7"
66.249.70.231 - - [01/Aug/2007:03:41:59 -0400] "GET /robots.txt HTTP/1.1" 404 370 "-" "Mozilla/5.0 (compatible; Googlebot/2.1; +http://www.google.com/bot.html)"
66.249.70.231 - - [01/Aug/2007:03:41:59 -0400] "GET / HTTP/1.1" 200 788 "-" "Mozilla/5.0 (compatible; Googlebot/2.1; +http://www.google.com/bot.html)"
66.249.70.165 - - [01/Aug/2007:10:37:55 -0400] "GET /robots.txt HTTP/1.1" 404 370 "-" "Mozilla/5.0 (compatible; Googlebot/2.1; +http://www.google.com/bot.html)"
66.249.70.165 - - [01/Aug/2007:10:37:55 -0400] "GET /logs/?C=N;O=D HTTP/1.1" 200 1146 "-" "Mozilla/5.0 (compatible; Googlebot/2.1; +http://www.google.com/bot.html)"
208.36.144.8 - - [01/Aug/2007:13:07:46 -0400] "GET /robots.txt HTTP/1.0" 404 370 "-" "Mozilla/5.0 (Twiceler-0.9 http://www.cuill.com/twiceler/robot.html)"
66.249.70.165 - - [01/Aug/2007:18:41:42 -0400] "GET /robots.txt HTTP/1.1" 404 370 "-" "Mozilla/5.0 (compatible; Googlebot/2.1; +http://www.google.com/bot.html)"
66.249.70.165 - - [01/Aug/2007:18:41:43 -0400] "GET /logs/?C=N;O=A HTTP/1.1" 200 1146 "-" "Mozilla/5.0 (compatible; Googlebot/2.1; +http://www.google.com/bot.html)"
66.249.70.165 - - [02/Aug/2007:03:34:12 -0400] "GET /robots.txt HTTP/1.1" 404 369 "-" "Googlebot-Image/1.0"
66.249.70.165 - - [02/Aug/2007:03:34:12 -0400] "GET /icons/back.gif HTTP/1.1" 200 216 "-" "Googlebot-Image/1.0"
66.249.70.165 - - [02/Aug/2007:03:52:14 -0400] "GET /icons/blank.gif HTTP/1.1" 200 148 "-" "Googlebot-Image/1.0"
66.249.70.165 - - [02/Aug/2007:04:01:08 -0400] "GET /icons/folder.gif HTTP/1.1" 200 225 "-" "Googlebot-Image/1.0"
66.249.70.165 - - [02/Aug/2007:04:16:03 -0400] "GET /icons/unknown.gif HTTP/1.1" 200 245 "-" "Googlebot-Image/1.0"
72.30.177.250 - - [02/Aug/2007:06:10:47 -0400] "GET /robots.txt HTTP/1.0" 404 366 "-" "Mozilla/5.0 (compatible; Yahoo! Slurp; http://help.yahoo.com/help/us/ysearch/slurp)"
74.6.65.232 - - [02/Aug/2007:06:10:47 -0400] "GET / HTTP/1.0" 200 784 "-" "Mozilla/5.0 (compatible; Yahoo! Slurp; http://help.yahoo.com/help/us/ysearch/slurp)"
85.214.67.89 - - [02/Aug/2007:13:36:06 -0400] "GET / HTTP/1.1" 200 787 "-" "Mozilla/4.0 (compatible; MSIE 7.0; Windows NT 5.2; .NET CLR 1.1.4322; .NET CLR 2.0.50727; .NET CLR 3.0.04506.30)"
85.214.67.89 - - [02/Aug/2007:13:36:08 -0400] "GET /icons/blank.gif HTTP/1.1" 200 148 "http://www.sportbikerecyclers.com/" "Mozilla/4.0 (compatible; MSIE 7.0; Windows NT 5.2; .NET CLR 1.1.4322; .NET CLR 2.0.50727; .NET CLR 3.0.04506.30)"
85.214.67.89 - - [02/Aug/2007:13:36:08 -0400] "GET /icons/folder.gif HTTP/1.1" 200 225 "http://www.sportbikerecyclers.com/" "Mozilla/4.0 (compatible; MSIE 7.0; Windows NT 5.2; .NET CLR 1.1.4322; .NET CLR 2.0.50727; .NET CLR 3.0.04506.30)"
194.72.238.61 - - [02/Aug/2007:18:17:48 -0400] "HEAD / HTTP/1.1" 200 - "http://www.netcraft.com/survey/" "Mozilla/4.0 (compatible; Netcraft Web Server Survey)"
66.249.70.165 - - [02/Aug/2007:19:28:29 -0400] "GET /robots.txt HTTP/1.1" 404 369 "-" "Mozilla/5.0 (compatible; Googlebot/2.1; +http://www.google.com/bot.html)"
66.249.70.165 - - [02/Aug/2007:19:28:29 -0400] "GET /logs/ HTTP/1.1" 200 1145 "-" "Mozilla/5.0 (compatible; Googlebot/2.1; +http://www.google.com/bot.html)"
66.249.70.165 - - [03/Aug/2007:00:26:21 -0400] "GET / HTTP/1.1" 200 787 "-" "Mozilla/5.0 (compatible; Googlebot/2.1; +http://www.google.com/bot.html)"
66.249.70.165 - - [03/Aug/2007:06:20:38 -0400] "GET /robots.txt HTTP/1.1" 404 370 "-" "Mozilla/5.0 (compatible; Googlebot/2.1; +http://www.google.com/bot.html)"
66.249.70.165 - - [03/Aug/2007:06:20:38 -0400] "GET /logs/ HTTP/1.1" 200 1146 "-" "Mozilla/5.0 (compatible; Googlebot/2.1; +http://www.google.com/bot.html)"
64.27.28.154 - - [03/Aug/2007:07:52:10 -0400] "GET /logs/access.log HTTP/1.1" 206 103425 "-" "Mozilla/5.0 (compatible; Googlebot/2.1; +http://www.google.com/bot.html)"
209.62.20.18 - - [03/Aug/2007:09:47:20 -0400] "GET /robots.txt HTTP/1.0" 404 366 "http://usedmotorcycleparts.biz/" "Mozilla/5.0 (Windows; U; Windows NT 5.1; en-US; +http://process1.com) Gecko/20070508 Firefox/1.5.0.12"
209.62.20.18 - - [03/Aug/2007:09:47:21 -0400] "GET / HTTP/1.0" 200 784 "-" "Mozilla/5.0 (Windows; U; Windows NT 5.1; en-US; +http://process1.com) Gecko/20070508 Firefox/1.5.0.12"
209.62.20.18 - - [03/Aug/2007:09:47:27 -0400] "GET /?C=S;O=A HTTP/1.0" 200 784 "http://usedmotorcycleparts.biz/" "Mozilla/5.0 (Windows; U; Windows NT 5.1; en-US; +http://process1.com) Gecko/20070508 Firefox/1.5.0.12"
209.62.20.18 - - [03/Aug/2007:09:47:28 -0400] "GET /logs/ HTTP/1.0" 200 1142 "http://usedmotorcycleparts.biz/" "Mozilla/5.0 (Windows; U; Windows NT 5.1; en-US; +http://process1.com) Gecko/20070508 Firefox/1.5.0.12"
209.62.20.18 - - [03/Aug/2007:09:47:34 -0400] "GET /?C=D;O=A HTTP/1.0" 200 784 "http://usedmotorcycleparts.biz/" "Mozilla/5.0 (Windows; U; Windows NT 5.1; en-US; +http://process1.com) Gecko/20070508 Firefox/1.5.0.12"
209.62.20.18 - - [03/Aug/2007:09:47:35 -0400] "GET /?C=M;O=A HTTP/1.0" 200 784 "http://usedmotorcycleparts.biz/" "Mozilla/5.0 (Windows; U; Windows NT 5.1; en-US; +http://process1.com) Gecko/20070508 Firefox/1.5.0.12"
209.62.20.18 - - [03/Aug/2007:09:47:45 -0400] "GET /?C=N;O=D HTTP/1.0" 200 784 "http://usedmotorcycleparts.biz/" "Mozilla/5.0 (Windows; U; Windows NT 5.1; en-US; +http://process1.com) Gecko/20070508 Firefox/1.5.0.12"
68.210.181.95 - - [03/Aug/2007:13:24:59 -0400] "GET / HTTP/1.1" 200 787 "-" "Mozilla/4.0 (compatible; MSIE 6.0; Windows NT 5.1; SV1)"
68.210.181.95 - - [03/Aug/2007:13:24:59 -0400] "GET /icons/blank.gif HTTP/1.1" 304 - "http://www.sportbikerecyclers.com/" "Mozilla/4.0 (compatible; MSIE 6.0; Windows NT 5.1; SV1)"
68.210.181.95 - - [03/Aug/2007:13:25:00 -0400] "GET /icons/folder.gif HTTP/1.1" 304 - "http://www.sportbikerecyclers.com/" "Mozilla/4.0 (compatible; MSIE 6.0; Windows NT 5.1; SV1)"
64.34.145.196 - - [03/Aug/2007:16:05:53 -0400] "GET /robots.txt HTTP/1.0" 404 369 "-" "SBIder/SBIder-0.8.2-dev (http://www.sitesell.com/sbider.html)"
64.34.145.196 - - [03/Aug/2007:16:05:53 -0400] "GET / HTTP/1.0" 200 787 "-" "SBIder/SBIder-0.8.2-dev (http://www.sitesell.com/sbider.html)"
87.118.114.200 - - [03/Aug/2007:20:50:33 -0400] "GET /logs/access.log HTTP/1.1" 206 445921 "-" "Mozilla/5.0 (compatible; Googlebot/2.1; +http://www.google.com/bot.html)"
66.249.70.165 - - [03/Aug/2007:23:23:33 -0400] "GET /robots.txt HTTP/1.1" 404 369 "-" "Mozilla/5.0 (compatible; Googlebot/2.1; +http://www.google.com/bot.html)"
66.249.70.165 - - [03/Aug/2007:23:23:33 -0400] "GET /logs/access.log HTTP/1.1" 200 446252 "-" "Mozilla/5.0 (compatible; Googlebot/2.1; +http://www.google.com/bot.html)"
66.249.70.165 - - [03/Aug/2007:23:49:09 -0400] "GET /robots.txt HTTP/1.1" 404 370 "-" "Mozilla/5.0 (compatible; Googlebot/2.1; +http://www.google.com/bot.html)"
66.249.70.165 - - [03/Aug/2007:23:49:09 -0400] "GET /logs/?C=M;O=A HTTP/1.1" 200 1146 "-" "Mozilla/5.0 (compatible; Googlebot/2.1; +http://www.google.com/bot.html)"
66.249.70.165 - - [04/Aug/2007:00:18:41 -0400] "GET /logs/?C=S;O=A HTTP/1.1" 200 1146 "-" "Mozilla/5.0 (compatible; Googlebot/2.1; +http://www.google.com/bot.html)"
63.123.238.8 - - [04/Aug/2007:06:58:10 -0400] "GET /robots.txt HTTP/1.1" 404 370 "-" "Mozilla/2.0 (compatible; Ask Jeeves/Teoma)"
63.123.238.8 - - [04/Aug/2007:06:58:10 -0400] "GET / HTTP/1.1" 200 788 "-" "Mozilla/2.0 (compatible; Ask Jeeves/Teoma)"
66.249.70.165 - - [04/Aug/2007:09:50:09 -0400] "GET /robots.txt HTTP/1.1" 404 370 "-" "Mozilla/5.0 (compatible; Googlebot/2.1; +http://www.google.com/bot.html)"
66.249.70.165 - - [04/Aug/2007:09:50:09 -0400] "GET /logs/?C=S;O=D HTTP/1.1" 200 1146 "-" "Mozilla/5.0 (compatible; Googlebot/2.1; +http://www.google.com/bot.html)"
70.85.114.58 - - [04/Aug/2007:20:59:12 -0400] "GET /robots.txt HTTP/1.1" 404 369 "www.sportbikerecyclers.com" "Pingdom GIGRIB (http://www.pingdom.com)"
70.85.114.58 - - [04/Aug/2007:21:02:09 -0400] "GET // HTTP/1.1" 200 787 "http://www.pingdom.com/tools/fpt/?url=www.sportbikerecyclers.com" "Pingdom GIGRIB (http://www.pingdom.com)"
87.118.114.200 - - [04/Aug/2007:21:17:45 -0400] "GET /logs/access.log HTTP/1.1" 206 447821 "-" "Mozilla/5.0 (compatible; Googlebot/2.1; +http://www.google.com/bot.html)"
66.98.148.24 - - [04/Aug/2007:23:03:15 -0400] "GET /robots.txt HTTP/1.1" 404 370 "www.usedmotorcycleparts.biz" "Pingdom GIGRIB (http://www.pingdom.com)"
66.98.148.24 - - [04/Aug/2007:23:06:03 -0400] "GET // HTTP/1.1" 200 788 "http://www.pingdom.com/tools/fpt/?url=www.usedmotorcycleparts.biz" "Pingdom GIGRIB (http://www.pingdom.com)"
87.118.114.200 - - [04/Aug/2007:23:20:17 -0400] "GET /logs/access.log HTTP/1.1" 206 448326 "-" "Mozilla/5.0 (compatible; Googlebot/2.1; +http://www.google.com/bot.html)"
72.30.177.250 - - [05/Aug/2007:01:02:07 -0400] "GET /robots.txt HTTP/1.0" 404 366 "-" "Mozilla/5.0 (compatible; Yahoo! Slurp; http://help.yahoo.com/help/us/ysearch/slurp)"
74.6.65.232 - - [05/Aug/2007:01:02:07 -0400] "GET / HTTP/1.0" 200 784 "-" "Mozilla/5.0 (compatible; Yahoo! Slurp; http://help.yahoo.com/help/us/ysearch/slurp)"
66.249.70.165 - - [05/Aug/2007:01:24:54 -0400] "GET /robots.txt HTTP/1.1" 404 369 "-" "Mozilla/5.0 (compatible; Googlebot/2.1; +http://www.google.com/bot.html)"
66.249.70.165 - - [05/Aug/2007:01:24:54 -0400] "GET /logs/?C=S;O=A HTTP/1.1" 200 1145 "-" "Mozilla/5.0 (compatible; Googlebot/2.1; +http://www.google.com/bot.html)"
66.249.70.165 - - [05/Aug/2007:05:09:39 -0400] "GET /robots.txt HTTP/1.1" 404 370 "-" "Mozilla/5.0 (compatible; Googlebot/2.1; +http://www.google.com/bot.html)"
66.249.70.165 - - [05/Aug/2007:05:09:39 -0400] "GET /logs/error.log HTTP/1.1" 200 85626 "-" "Mozilla/5.0 (compatible; Googlebot/2.1; +http://www.google.com/bot.html)"
64.27.28.154 - - [05/Aug/2007:07:36:08 -0400] "GET /logs/access.log HTTP/1.1" 206 103425 "-" "Mozilla/5.0 (compatible; Googlebot/2.1; +http://www.google.com/bot.html)"
66.249.70.165 - - [05/Aug/2007:08:04:50 -0400] "GET / HTTP/1.1" 200 788 "-" "Mozilla/5.0 (compatible; Googlebot/2.1; +http://www.google.com/bot.html)"
72.49.67.18 - - [05/Aug/2007:08:38:19 -0400] "GET / HTTP/1.1" 200 787 "-" "Mozilla/4.0 (compatible; MSIE 7.0; Windows NT 5.1)"
72.49.67.18 - - [05/Aug/2007:08:38:19 -0400] "GET /icons/blank.gif HTTP/1.1" 200 148 "http://www.sportbikerecyclers.com/" "Mozilla/4.0 (compatible; MSIE 7.0; Windows NT 5.1)"
