66.249.73.111 - - [08/Jun/2007:22:11:03 -0400] "GET /robots.txt HTTP/1.1" 404 370 "-" "Mozilla/5.0 (compatible; Googlebot/2.1; +http://www.google.com/bot.html)"
66.249.73.111 - - [08/Jun/2007:22:11:04 -0400] "GET /logs/?C=D;O=D HTTP/1.1" 200 1146 "-" "Mozilla/5.0 (compatible; Googlebot/2.1; +http://www.google.com/bot.html)"
66.249.73.111 - - [09/Jun/2007:00:20:09 -0400] "GET /robots.txt HTTP/1.1" 404 369 "-" "Mozilla/5.0 (compatible; Googlebot/2.1; +http://www.google.com/bot.html)"
66.249.73.111 - - [09/Jun/2007:00:20:09 -0400] "GET /logs/error.log HTTP/1.1" 200 51983 "-" "Mozilla/5.0 (compatible; Googlebot/2.1; +http://www.google.com/bot.html)"
74.6.75.27 - - [09/Jun/2007:09:13:21 -0400] "GET /robots.txt HTTP/1.0" 404 370 "-" "Mozilla/5.0 (compatible; Yahoo! Slurp; http://help.yahoo.com/help/us/ysearch/slurp)"
74.6.69.153 - - [09/Jun/2007:09:13:29 -0400] "GET /logs/error.log HTTP/1.0" 200 52102 "-" "Mozilla/5.0 (compatible; Yahoo! Slurp; http://help.yahoo.com/help/us/ysearch/slurp)"
65.222.176.125 - - [09/Jun/2007:13:01:04 -0400] "GET / HTTP/1.1" 200 787 "-" "Mozilla/4.0 (compatible; MSIE 6.0; Windows XP)"
65.222.176.125 - - [09/Jun/2007:13:02:15 -0400] "GET /logs/ HTTP/1.1" 200 1145 "http://www.sportbikerecyclers.com/" "Mozilla/4.0 (compatible; MSIE 6.0; Windows XP)"
65.222.176.125 - - [09/Jun/2007:13:03:37 -0400] "GET /logs/access.log HTTP/1.1" 200 300926 "http://www.sportbikerecyclers.com/logs/" "Mozilla/4.0 (compatible; MSIE 6.0; Windows XP)"
65.222.176.125 - - [09/Jun/2007:13:03:41 -0400] "GET /logs/error.log HTTP/1.1" 200 52102 "http://www.sportbikerecyclers.com/logs/" "Mozilla/4.0 (compatible; MSIE 6.0; Windows XP)"
66.249.73.111 - - [09/Jun/2007:13:18:44 -0400] "GET /robots.txt HTTP/1.1" 404 369 "-" "Mozilla/5.0 (compatible; Googlebot/2.1; +http://www.google.com/bot.html)"
66.249.73.111 - - [09/Jun/2007:13:18:44 -0400] "GET /?C=N;O=D HTTP/1.1" 200 787 "-" "Mozilla/5.0 (compatible; Googlebot/2.1; +http://www.google.com/bot.html)"
66.249.73.111 - - [10/Jun/2007:00:01:34 -0400] "GET /robots.txt HTTP/1.1" 404 370 "-" "Mozilla/5.0 (compatible; Googlebot/2.1; +http://www.google.com/bot.html)"
66.249.73.111 - - [10/Jun/2007:00:01:34 -0400] "GET /logs/?C=D;O=D HTTP/1.1" 200 1146 "-" "Mozilla/5.0 (compatible; Googlebot/2.1; +http://www.google.com/bot.html)"
75.89.157.136 - - [10/Jun/2007:01:45:50 -0400] "GET /favicon.ico HTTP/1.1" 404 370 "-" "Mozilla/4.0 (compatible; MSIE 6.0; Windows NT 5.1; SV1)"
75.89.157.136 - - [10/Jun/2007:01:45:50 -0400] "GET / HTTP/1.1" 200 787 "http://www.sportbikerecycler.com/main.html" "Mozilla/4.0 (compatible; MSIE 6.0; Windows NT 5.1; SV1)"
75.89.157.136 - - [10/Jun/2007:01:45:50 -0400] "GET /icons/blank.gif HTTP/1.1" 200 148 "http://www.sportbikerecyclers.com/" "Mozilla/4.0 (compatible; MSIE 6.0; Windows NT 5.1; SV1)"
75.89.157.136 - - [10/Jun/2007:01:45:50 -0400] "GET /icons/folder.gif HTTP/1.1" 200 225 "http://www.sportbikerecyclers.com/" "Mozilla/4.0 (compatible; MSIE 6.0; Windows NT 5.1; SV1)"
75.89.157.136 - - [10/Jun/2007:01:46:50 -0400] "GET /logs/ HTTP/1.1" 200 1145 "http://www.sportbikerecyclers.com/" "Mozilla/4.0 (compatible; MSIE 6.0; Windows NT 5.1; SV1)"
75.89.157.136 - - [10/Jun/2007:01:46:50 -0400] "GET /icons/back.gif HTTP/1.1" 200 216 "http://www.sportbikerecyclers.com/logs/" "Mozilla/4.0 (compatible; MSIE 6.0; Windows NT 5.1; SV1)"
75.89.157.136 - - [10/Jun/2007:01:46:50 -0400] "GET /icons/unknown.gif HTTP/1.1" 200 245 "http://www.sportbikerecyclers.com/logs/" "Mozilla/4.0 (compatible; MSIE 6.0; Windows NT 5.1; SV1)"
75.89.157.136 - - [10/Jun/2007:01:47:56 -0400] "GET /logs/?C=N;O=D HTTP/1.1" 200 1145 "http://www.sportbikerecyclers.com/logs/" "Mozilla/4.0 (compatible; MSIE 6.0; Windows NT 5.1; SV1)"
75.89.157.136 - - [10/Jun/2007:01:48:14 -0400] "GET /favicon.ico HTTP/1.1" 404 370 "-" "Mozilla/4.0 (compatible; MSIE 6.0; Windows NT 5.1; SV1)"
75.89.157.136 - - [10/Jun/2007:01:48:14 -0400] "GET / HTTP/1.1" 200 787 "http://www.sportbikerecycler.com/main.html" "Mozilla/4.0 (compatible; MSIE 6.0; Windows NT 5.1; SV1)"
75.89.157.136 - - [10/Jun/2007:01:48:14 -0400] "GET /icons/blank.gif HTTP/1.1" 304 - "http://www.sportbikerecyclers.com/" "Mozilla/4.0 (compatible; MSIE 6.0; Windows NT 5.1; SV1)"
75.89.157.136 - - [10/Jun/2007:01:48:14 -0400] "GET /icons/folder.gif HTTP/1.1" 304 - "http://www.sportbikerecyclers.com/" "Mozilla/4.0 (compatible; MSIE 6.0; Windows NT 5.1; SV1)"
66.249.73.111 - - [10/Jun/2007:02:35:59 -0400] "GET /logs/ HTTP/1.1" 200 1146 "-" "Mozilla/5.0 (compatible; Googlebot/2.1; +http://www.google.com/bot.html)"
66.249.73.111 - - [10/Jun/2007:17:58:37 -0400] "GET /robots.txt HTTP/1.1" 404 370 "-" "Mozilla/5.0 (compatible; Googlebot/2.1; +http://www.google.com/bot.html)"
66.249.73.111 - - [10/Jun/2007:17:58:38 -0400] "GET /logs/access.log HTTP/1.1" 200 304352 "-" "Mozilla/5.0 (compatible; Googlebot/2.1; +http://www.google.com/bot.html)"
66.249.73.111 - - [10/Jun/2007:19:21:06 -0400] "GET /robots.txt HTTP/1.1" 404 369 "-" "Mozilla/5.0 (compatible; Googlebot/2.1; +http://www.google.com/bot.html)"
66.249.73.111 - - [10/Jun/2007:19:21:06 -0400] "GET /logs/?C=N;O=A HTTP/1.1" 200 1145 "-" "Mozilla/5.0 (compatible; Googlebot/2.1; +http://www.google.com/bot.html)"
69.219.80.121 - - [10/Jun/2007:20:06:42 -0400] "GET / HTTP/1.1" 200 787 "http://www.sportbikerecycler.com/main.html" "Mozilla/4.0 (compatible; MSIE 7.0; Windows NT 5.1; YPC 3.2.0; yplus 4.1.00b)"
69.219.80.121 - - [10/Jun/2007:20:06:43 -0400] "GET /icons/blank.gif HTTP/1.1" 200 148 "http://www.sportbikerecyclers.com/" "Mozilla/4.0 (compatible; MSIE 7.0; Windows NT 5.1; YPC 3.2.0; yplus 4.1.00b)"
69.219.80.121 - - [10/Jun/2007:20:06:43 -0400] "GET /icons/folder.gif HTTP/1.1" 200 225 "http://www.sportbikerecyclers.com/" "Mozilla/4.0 (compatible; MSIE 7.0; Windows NT 5.1; YPC 3.2.0; yplus 4.1.00b)"
66.249.73.111 - - [10/Jun/2007:20:43:57 -0400] "GET /logs/?C=N;O=D HTTP/1.1" 200 1145 "-" "Mozilla/5.0 (compatible; Googlebot/2.1; +http://www.google.com/bot.html)"
66.249.73.111 - - [10/Jun/2007:23:28:27 -0400] "GET /logs/access.log HTTP/1.1" 200 305615 "-" "Mozilla/5.0 (compatible; Googlebot/2.1; +http://www.google.com/bot.html)"
24.22.211.29 - - [10/Jun/2007:23:45:39 -0400] "GET /logs/access.log HTTP/1.1" 200 305784 "http://www.google.com/search?q=%22google.com/search%22+inurl:access.log&hl=en&client=firefox-a&rls=org.mozilla:en-US:official&hs=4ga&start=40&sa=N" "Mozilla/5.0 (Windows; U; Windows NT 5.1; en-US; rv:1.8.1.4) Gecko/20070515 Firefox/2.0.0.4"
24.22.211.29 - - [10/Jun/2007:23:45:42 -0400] "GET /favicon.ico HTTP/1.1" 404 370 "-" "Mozilla/5.0 (Windows; U; Windows NT 5.1; en-US; rv:1.8.1.4) Gecko/20070515 Firefox/2.0.0.4"
24.22.211.29 - - [10/Jun/2007:23:45:42 -0400] "GET /logs/ HTTP/1.1" 200 1145 "-" "Mozilla/5.0 (Windows; U; Windows NT 5.1; en-US; rv:1.8.1.4) Gecko/20070515 Firefox/2.0.0.4"
24.22.211.29 - - [10/Jun/2007:23:45:42 -0400] "GET /icons/blank.gif HTTP/1.1" 200 148 "http://www.sportbikerecyclers.com/logs/" "Mozilla/5.0 (Windows; U; Windows NT 5.1; en-US; rv:1.8.1.4) Gecko/20070515 Firefox/2.0.0.4"
24.22.211.29 - - [10/Jun/2007:23:45:42 -0400] "GET /icons/back.gif HTTP/1.1" 200 216 "http://www.sportbikerecyclers.com/logs/" "Mozilla/5.0 (Windows; U; Windows NT 5.1; en-US; rv:1.8.1.4) Gecko/20070515 Firefox/2.0.0.4"
24.22.211.29 - - [10/Jun/2007:23:45:42 -0400] "GET /icons/unknown.gif HTTP/1.1" 200 245 "http://www.sportbikerecyclers.com/logs/" "Mozilla/5.0 (Windows; U; Windows NT 5.1; en-US; rv:1.8.1.4) Gecko/20070515 Firefox/2.0.0.4"
24.22.211.29 - - [10/Jun/2007:23:45:46 -0400] "GET /logs/access.log HTTP/1.1" 200 307132 "http://www.sportbikerecyclers.com/logs/" "Mozilla/5.0 (Windows; U; Windows NT 5.1; en-US; rv:1.8.1.4) Gecko/20070515 Firefox/2.0.0.4"
75.89.157.136 - - [11/Jun/2007:00:16:04 -0400] "GET / HTTP/1.1" 200 787 "http://www.sportbikerecycler.com/main.html" "Mozilla/4.0 (compatible; MSIE 6.0; Windows NT 5.1; SV1)"
75.89.157.136 - - [11/Jun/2007:00:16:04 -0400] "GET /favicon.ico HTTP/1.1" 404 370 "-" "Mozilla/4.0 (compatible; MSIE 6.0; Windows NT 5.1; SV1)"
75.89.157.136 - - [11/Jun/2007:00:16:04 -0400] "GET /icons/blank.gif HTTP/1.1" 304 - "http://www.sportbikerecyclers.com/" "Mozilla/4.0 (compatible; MSIE 6.0; Windows NT 5.1; SV1)"
75.89.157.136 - - [11/Jun/2007:00:16:04 -0400] "GET /icons/folder.gif HTTP/1.1" 304 - "http://www.sportbikerecyclers.com/" "Mozilla/4.0 (compatible; MSIE 6.0; Windows NT 5.1; SV1)"
74.6.75.20 - - [11/Jun/2007:03:41:36 -0400] "GET /robots.txt HTTP/1.0" 404 369 "-" "Mozilla/5.0 (compatible; Yahoo! Slurp; http://help.yahoo.com/help/us/ysearch/slurp)"
74.6.65.227 - - [11/Jun/2007:03:41:41 -0400] "GET / HTTP/1.0" 200 787 "-" "Mozilla/5.0 (compatible; Yahoo! Slurp; http://help.yahoo.com/help/us/ysearch/slurp)"
216.145.17.190 - - [11/Jun/2007:08:42:37 -0400] "GET /robots.txt HTTP/1.0" 404 369 "http://www.whois.sc/" "SurveyBot/2.3 (Whois Source)"
216.145.17.190 - - [11/Jun/2007:08:42:37 -0400] "GET / HTTP/1.1" 206 787 "http://www.whois.sc/sportbikerecyclers.com" "SurveyBot/2.3 (Whois Source)"
64.246.165.140 - - [11/Jun/2007:12:41:39 -0400] "GET /robots.txt HTTP/1.0" 404 370 "http://www.whois.sc/" "SurveyBot/2.3 (Whois Source)"
64.246.165.140 - - [11/Jun/2007:12:41:39 -0400] "GET / HTTP/1.1" 206 788 "http://www.whois.sc/usedmotorcycleparts.biz" "SurveyBot/2.3 (Whois Source)"
65.189.218.233 - - [11/Jun/2007:14:11:35 -0400] "GET / HTTP/1.1" 200 787 "-" "Mozilla/5.0 (Windows; U; Win 9x 4.90; en-US; rv:1.8.1.4) Gecko/20070515 Firefox/2.0.0.4"
65.189.218.233 - - [11/Jun/2007:14:11:35 -0400] "GET /icons/blank.gif HTTP/1.1" 200 148 "http://www.sportbikerecyclers.com/" "Mozilla/5.0 (Windows; U; Win 9x 4.90; en-US; rv:1.8.1.4) Gecko/20070515 Firefox/2.0.0.4"
65.189.218.233 - - [11/Jun/2007:14:11:35 -0400] "GET /icons/folder.gif HTTP/1.1" 200 225 "http://www.sportbikerecyclers.com/" "Mozilla/5.0 (Windows; U; Win 9x 4.90; en-US; rv:1.8.1.4) Gecko/20070515 Firefox/2.0.0.4"
65.189.218.233 - - [11/Jun/2007:14:11:35 -0400] "GET /favicon.ico HTTP/1.1" 404 370 "-" "Mozilla/5.0 (Windows; U; Win 9x 4.90; en-US; rv:1.8.1.4) Gecko/20070515 Firefox/2.0.0.4"
65.189.218.233 - - [11/Jun/2007:14:11:36 -0400] "GET /favicon.ico HTTP/1.1" 404 370 "-" "Mozilla/5.0 (Windows; U; Win 9x 4.90; en-US; rv:1.8.1.4) Gecko/20070515 Firefox/2.0.0.4"
66.249.73.111 - - [12/Jun/2007:00:00:19 -0400] "GET /robots.txt HTTP/1.1" 404 370 "-" "Mozilla/5.0 (compatible; Googlebot/2.1; +http://www.google.com/bot.html)"
66.249.73.111 - - [12/Jun/2007:00:00:19 -0400] "GET /?C=S;O=A HTTP/1.1" 200 788 "-" "Mozilla/5.0 (compatible; Googlebot/2.1; +http://www.google.com/bot.html)"
66.249.73.111 - - [12/Jun/2007:01:54:26 -0400] "GET /robots.txt HTTP/1.1" 404 369 "-" "Mozilla/5.0 (compatible; Googlebot/2.1; +http://www.google.com/bot.html)"
66.249.73.111 - - [12/Jun/2007:01:54:26 -0400] "GET /logs/?C=M;O=A HTTP/1.1" 200 1145 "-" "Mozilla/5.0 (compatible; Googlebot/2.1; +http://www.google.com/bot.html)"
66.249.73.111 - - [12/Jun/2007:02:51:07 -0400] "GET /logs/?C=S;O=A HTTP/1.1" 200 1145 "-" "Mozilla/5.0 (compatible; Googlebot/2.1; +http://www.google.com/bot.html)"
74.6.75.27 - - [12/Jun/2007:03:43:29 -0400] "GET /robots.txt HTTP/1.0" 404 370 "-" "Mozilla/5.0 (compatible; Yahoo! Slurp; http://help.yahoo.com/help/us/ysearch/slurp)"
74.6.69.82 - - [12/Jun/2007:03:43:29 -0400] "GET / HTTP/1.0" 200 788 "-" "Mozilla/5.0 (compatible; Yahoo! Slurp; http://help.yahoo.com/help/us/ysearch/slurp)"
66.249.73.111 - - [12/Jun/2007:03:47:42 -0400] "GET /logs/error.log HTTP/1.1" 200 54119 "-" "Mozilla/5.0 (compatible; Googlebot/2.1; +http://www.google.com/bot.html)"
66.249.73.111 - - [12/Jun/2007:05:41:01 -0400] "GET /logs/?C=N;O=A HTTP/1.1" 200 1145 "-" "Mozilla/5.0 (compatible; Googlebot/2.1; +http://www.google.com/bot.html)"
66.249.73.111 - - [12/Jun/2007:06:38:21 -0400] "GET /robots.txt HTTP/1.1" 404 370 "-" "Mozilla/5.0 (compatible; Googlebot/2.1; +http://www.google.com/bot.html)"
66.249.73.111 - - [12/Jun/2007:06:38:22 -0400] "GET / HTTP/1.1" 200 788 "-" "Mozilla/5.0 (compatible; Googlebot/2.1; +http://www.google.com/bot.html)"
66.249.73.111 - - [12/Jun/2007:07:36:23 -0400] "GET /?C=N;O=A HTTP/1.1" 200 788 "-" "Mozilla/5.0 (compatible; Googlebot/2.1; +http://www.google.com/bot.html)"
81.234.94.161 - - [12/Jun/2007:12:09:51 -0400] "GET /logs/error.log HTTP/1.1" 200 54241 "http://www.google.se/search?hl=sv&q=72.30.177.78&btnG=Google-s%C3%B6kning&meta=" "Mozilla/5.0 (Windows; U; Win 9x 4.90; sv-SE; rv:1.8.0.11) Gecko/20070312 Firefox/1.5.0.11"
81.234.94.161 - - [12/Jun/2007:12:09:52 -0400] "GET /favicon.ico HTTP/1.1" 404 370 "-" "Mozilla/5.0 (Windows; U; Win 9x 4.90; sv-SE; rv:1.8.0.11) Gecko/20070312 Firefox/1.5.0.11"
74.208.71.159 - - [12/Jun/2007:12:15:00 -0400] "GET / HTTP/1.0" 200 787 "-" "Mozilla/4.0 (compatible; MSIE 6.0; Windows NT 5.1; SV1; .NET CLR 1.1.4322; .NET CLR 2.0.50727)"
63.123.238.8 - - [12/Jun/2007:15:44:43 -0400] "GET /robots.txt HTTP/1.1" 404 370 "-" "Mozilla/2.0 (compatible; Ask Jeeves/Teoma)"
63.123.238.8 - - [12/Jun/2007:15:44:43 -0400] "GET / HTTP/1.1" 200 788 "-" "Mozilla/2.0 (compatible; Ask Jeeves/Teoma)"
66.249.73.111 - - [13/Jun/2007:08:16:42 -0400] "GET /robots.txt HTTP/1.1" 404 369 "-" "Mozilla/5.0 (compatible; Googlebot/2.1; +http://www.google.com/bot.html)"
66.249.73.111 - - [13/Jun/2007:08:16:43 -0400] "GET /logs/error.log HTTP/1.1" 200 54607 "-" "Mozilla/5.0 (compatible; Googlebot/2.1; +http://www.google.com/bot.html)"
74.6.75.20 - - [13/Jun/2007:13:24:42 -0400] "GET /robots.txt HTTP/1.0" 404 369 "-" "Mozilla/5.0 (compatible; Yahoo! Slurp; http://help.yahoo.com/help/us/ysearch/slurp)"
74.6.65.227 - - [13/Jun/2007:13:24:43 -0400] "GET / HTTP/1.0" 200 787 "-" "Mozilla/5.0 (compatible; Yahoo! Slurp; http://help.yahoo.com/help/us/ysearch/slurp)"
64.208.172.173 - - [13/Jun/2007:18:30:28 -0400] "GET /robots.txt HTTP/1.0" 404 369 "-" "ia_archiver"
64.208.172.173 - - [13/Jun/2007:18:30:28 -0400] "GET /logs/access.log HTTP/1.0" 200 313457 "-" "ia_archiver"
64.208.172.173 - - [13/Jun/2007:18:42:31 -0400] "GET /logs/ HTTP/1.0" 200 1145 "-" "ia_archiver"
70.85.114.58 - - [13/Jun/2007:18:49:45 -0400] "GET /robots.txt HTTP/1.1" 404 369 "www.sportbikerecyclers.com" "Pingdom GIGRIB (http://www.pingdom.com)"
70.85.114.58 - - [13/Jun/2007:18:52:39 -0400] "GET // HTTP/1.1" 200 787 "http://www.pingdom.com/tools/fpt/?url=www.sportbikerecyclers.com" "Pingdom GIGRIB (http://www.pingdom.com)"
66.98.148.24 - - [13/Jun/2007:22:06:07 -0400] "GET /robots.txt HTTP/1.1" 404 370 "www.usedmotorcycleparts.biz" "Pingdom GIGRIB (http://www.pingdom.com)"
66.98.148.24 - - [13/Jun/2007:22:08:48 -0400] "GET // HTTP/1.1" 200 788 "http://www.pingdom.com/tools/fpt/?url=www.usedmotorcycleparts.biz" "Pingdom GIGRIB (http://www.pingdom.com)"
74.6.19.121 - - [14/Jun/2007:01:43:37 -0400] "GET /robots.txt HTTP/1.0" 404 370 "-" "Mozilla/5.0 (compatible; Yahoo! Slurp; http://help.yahoo.com/help/us/ysearch/slurp)"
74.6.26.100 - - [14/Jun/2007:01:44:57 -0400] "GET / HTTP/1.0" 200 788 "-" "Mozilla/5.0 (compatible; Yahoo! Slurp; http://help.yahoo.com/help/us/ysearch/slurp)"
66.249.73.111 - - [14/Jun/2007:07:07:15 -0400] "GET /robots.txt HTTP/1.1" 404 370 "-" "Mozilla/5.0 (compatible; Googlebot/2.1; +http://www.google.com/bot.html)"
66.249.73.111 - - [14/Jun/2007:07:07:15 -0400] "GET /logs/?C=D;O=A HTTP/1.1" 200 1146 "-" "Mozilla/5.0 (compatible; Googlebot/2.1; +http://www.google.com/bot.html)"
66.249.73.111 - - [14/Jun/2007:09:46:15 -0400] "GET /robots.txt HTTP/1.1" 404 369 "-" "Mozilla/5.0 (compatible; Googlebot/2.1; +http://www.google.com/bot.html)"
66.249.73.111 - - [14/Jun/2007:09:46:15 -0400] "GET /logs/?C=M;O=A HTTP/1.1" 200 1145 "-" "Mozilla/5.0 (compatible; Googlebot/2.1; +http://www.google.com/bot.html)"
66.249.73.111 - - [14/Jun/2007:11:06:05 -0400] "GET /logs/ HTTP/1.1" 200 1146 "-" "Mozilla/5.0 (compatible; Googlebot/2.1; +http://www.google.com/bot.html)"
69.138.76.93 - - [14/Jun/2007:22:34:39 -0400] "GET / HTTP/1.1" 200 787 "http://www.sportbikerecycler.com/main.html" "Mozilla/4.0 (compatible; MSIE 7.0; Windows NT 5.1; .NET CLR 1.1.4322; Comcast; Comcast)"
69.138.76.93 - - [14/Jun/2007:22:34:39 -0400] "GET /icons/blank.gif HTTP/1.1" 200 148 "http://www.sportbikerecyclers.com/" "Mozilla/4.0 (compatible; MSIE 7.0; Windows NT 5.1; .NET CLR 1.1.4322; Comcast; Comcast)"
69.138.76.93 - - [14/Jun/2007:22:34:39 -0400] "GET /icons/folder.gif HTTP/1.1" 200 225 "http://www.sportbikerecyclers.com/" "Mozilla/4.0 (compatible; MSIE 7.0; Windows NT 5.1; .NET CLR 1.1.4322; Comcast; Comcast)"
69.138.76.93 - - [14/Jun/2007:22:34:39 -0400] "GET /favicon.ico HTTP/1.1" 404 370 "-" "Mozilla/4.0 (compatible; MSIE 7.0; Windows NT 5.1; .NET CLR 1.1.4322; Comcast; Comcast)"
74.6.75.27 - - [15/Jun/2007:09:56:57 -0400] "GET /robots.txt HTTP/1.0" 404 370 "-" "Mozilla/5.0 (compatible; Yahoo! Slurp; http://help.yahoo.com/help/us/ysearch/slurp)"
74.6.69.82 - - [15/Jun/2007:09:57:09 -0400] "GET / HTTP/1.0" 200 788 "-" "Mozilla/5.0 (compatible; Yahoo! Slurp; http://help.yahoo.com/help/us/ysearch/slurp)"
212.95.252.16 - - [15/Jun/2007:13:48:58 -0400] "GET / HTTP/1.0" 200 788 "-" "Mozilla/4.0 (compatible; MSIE 6.0; Windows NT 5.1)"
74.6.75.20 - - [15/Jun/2007:14:37:18 -0400] "GET /robots.txt HTTP/1.0" 404 369 "-" "Mozilla/5.0 (compatible; Yahoo! Slurp; http://help.yahoo.com/help/us/ysearch/slurp)"
74.6.65.227 - - [15/Jun/2007:14:37:21 -0400] "GET / HTTP/1.0" 200 787 "-" "Mozilla/5.0 (compatible; Yahoo! Slurp; http://help.yahoo.com/help/us/ysearch/slurp)"
84.220.48.35 - - [16/Jun/2007:03:48:19 -0400] "GET /logs/access.log HTTP/1.1" 200 317065 "http://www.google.it/search?q=filetype:log&hl=it&client=firefox-a&rls=org.mozilla:it:official&hs=JyS&start=460&sa=N" "Mozilla/5.0 (Windows; U; Windows NT 5.1; it; rv:1.8.1.4) Gecko/20070515 Firefox/2.0.0.4"
84.220.48.35 - - [16/Jun/2007:03:48:22 -0400] "GET /favicon.ico HTTP/1.1" 404 370 "-" "Mozilla/5.0 (Windows; U; Windows NT 5.1; it; rv:1.8.1.4) Gecko/20070515 Firefox/2.0.0.4"
84.220.48.35 - - [16/Jun/2007:03:48:43 -0400] "GET /favicon.ico HTTP/1.1" 404 370 "-" "Mozilla/5.0 (Windows; U; Windows NT 5.1; it; rv:1.8.1.4) Gecko/20070515 Firefox/2.0.0.4"
84.220.48.35 - - [16/Jun/2007:03:49:55 -0400] "GET /favicon.ico HTTP/1.1" 404 370 "-" "Mozilla/5.0 (Windows; U; Windows NT 5.1; it; rv:1.8.1.4) Gecko/20070515 Firefox/2.0.0.4"
84.220.48.35 - - [16/Jun/2007:03:49:56 -0400] "GET /favicon.ico HTTP/1.1" 404 370 "-" "Mozilla/5.0 (Windows; U; Windows NT 5.1; it; rv:1.8.1.4) Gecko/20070515 Firefox/2.0.0.4"
66.249.73.111 - - [16/Jun/2007:04:35:48 -0400] "GET /robots.txt HTTP/1.1" 404 370 "-" "Mozilla/5.0 (compatible; Googlebot/2.1; +http://www.google.com/bot.html)"
66.249.73.111 - - [16/Jun/2007:04:35:48 -0400] "GET /logs/error.log HTTP/1.1" 200 56500 "-" "Mozilla/5.0 (compatible; Googlebot/2.1; +http://www.google.com/bot.html)"
74.6.75.27 - - [16/Jun/2007:10:27:24 -0400] "GET /robots.txt HTTP/1.0" 404 370 "-" "Mozilla/5.0 (compatible; Yahoo! Slurp; http://help.yahoo.com/help/us/ysearch/slurp)"
74.6.69.109 - - [16/Jun/2007:10:27:24 -0400] "GET /logs/error.log HTTP/1.0" 200 56619 "-" "Mozilla/5.0 (compatible; Yahoo! Slurp; http://help.yahoo.com/help/us/ysearch/slurp)"
212.95.252.16 - - [16/Jun/2007:10:34:28 -0400] "GET / HTTP/1.0" 200 787 "-" "Mozilla/4.0 (compatible; MSIE 6.0; Windows NT 5.1)"
74.140.228.123 - - [16/Jun/2007:17:54:50 -0400] "GET / HTTP/1.1" 200 783 "-" "Mozilla/5.0 (Windows; U; Windows NT 5.1; en-US; rv:1.8.1.4) Gecko/20070515 Firefox/2.0.0.4"
74.140.228.123 - - [16/Jun/2007:17:54:50 -0400] "GET /icons/blank.gif HTTP/1.1" 200 148 "http://sportbikerecyclers.com/" "Mozilla/5.0 (Windows; U; Windows NT 5.1; en-US; rv:1.8.1.4) Gecko/20070515 Firefox/2.0.0.4"
74.140.228.123 - - [16/Jun/2007:17:54:50 -0400] "GET /icons/folder.gif HTTP/1.1" 200 225 "http://sportbikerecyclers.com/" "Mozilla/5.0 (Windows; U; Windows NT 5.1; en-US; rv:1.8.1.4) Gecko/20070515 Firefox/2.0.0.4"
74.140.228.123 - - [16/Jun/2007:17:54:51 -0400] "GET /favicon.ico HTTP/1.1" 404 366 "-" "Mozilla/5.0 (Windows; U; Windows NT 5.1; en-US; rv:1.8.1.4) Gecko/20070515 Firefox/2.0.0.4"
216.9.250.6 - - [16/Jun/2007:21:10:15 -0400] "GET / HTTP/1.0" 200 787 "http://sportbikerecycler.com/main.html" "BlackBerry8700/4.1.0 Profile/MIDP-2.0 Configuration/CLDC-1.1 VendorID/100"
216.9.250.6 - - [16/Jun/2007:21:10:15 -0400] "GET /icons/folder.gif HTTP/1.0" 200 225 "http://www.sportbikerecyclers.com/" "BlackBerry8700/4.1.0 Profile/MIDP-2.0 Configuration/CLDC-1.1 VendorID/100"
216.9.250.6 - - [16/Jun/2007:21:10:15 -0400] "GET /icons/blank.gif HTTP/1.0" 200 148 "http://www.sportbikerecyclers.com/" "BlackBerry8700/4.1.0 Profile/MIDP-2.0 Configuration/CLDC-1.1 VendorID/100"
72.3.137.83 - - [16/Jun/2007:22:17:36 -0400] "GET /robots.txt HTTP/1.0" 404 369 "http://majestic12.co.uk/bot.php?I=D45C91590E3FA622C194B8D61AA37143-9D48DD2E71EF4975-1611A13CA7DE8650-www.sportbikerecyclers.com" "MJ12bot/v1.2.0 (http://majestic12.co.uk/bot.php?+)"
72.3.137.83 - - [16/Jun/2007:22:17:36 -0400] "GET / HTTP/1.0" 200 787 "-" "MJ12bot/v1.2.0 (http://majestic12.co.uk/bot.php?+)"
66.249.73.111 - - [17/Jun/2007:01:40:01 -0400] "GET /robots.txt HTTP/1.1" 404 369 "-" "Mozilla/5.0 (compatible; Googlebot/2.1; +http://www.google.com/bot.html)"
66.249.73.111 - - [17/Jun/2007:01:40:01 -0400] "GET /logs/error.log HTTP/1.1" 200 57123 "-" "Mozilla/5.0 (compatible; Googlebot/2.1; +http://www.google.com/bot.html)"
38.100.41.112 - - [17/Jun/2007:03:40:09 -0400] "GET / HTTP/1.1" 200 788 "-" "Mozilla/4.0 (compatible; MSIE 6.0; Windows XP)"
38.100.41.112 - - [17/Jun/2007:03:40:27 -0400] "GET /logs/ HTTP/1.1" 200 1146 "http://www.usedmotorcycleparts.biz/" "Mozilla/4.0 (compatible; MSIE 6.0; Windows XP)"
38.100.41.112 - - [17/Jun/2007:03:40:45 -0400] "GET /logs/access.log HTTP/1.1" 200 321240 "http://www.usedmotorcycleparts.biz/logs/" "Mozilla/4.0 (compatible; MSIE 6.0; Windows XP)"
38.100.41.112 - - [17/Jun/2007:03:40:51 -0400] "GET /logs/error.log HTTP/1.1" 200 57123 "http://www.usedmotorcycleparts.biz/logs/" "Mozilla/4.0 (compatible; MSIE 6.0; Windows XP)"
67.190.82.153 - - [17/Jun/2007:04:14:58 -0400] "GET / HTTP/1.1" 200 787 "http://www.sportbike.org/main.html" "Mozilla/4.0 (compatible; MSIE 6.0; Windows NT 5.0; .NET CLR 1.1.4322)"
67.190.82.153 - - [17/Jun/2007:04:14:58 -0400] "GET /icons/blank.gif HTTP/1.1" 200 148 "http://www.sportbikerecyclers.com/" "Mozilla/4.0 (compatible; MSIE 6.0; Windows NT 5.0; .NET CLR 1.1.4322)"
67.190.82.153 - - [17/Jun/2007:04:14:58 -0400] "GET /icons/folder.gif HTTP/1.1" 200 225 "http://www.sportbikerecyclers.com/" "Mozilla/4.0 (compatible; MSIE 6.0; Windows NT 5.0; .NET CLR 1.1.4322)"
67.190.82.153 - - [17/Jun/2007:04:15:01 -0400] "GET /logs/ HTTP/1.1" 200 1145 "http://www.sportbikerecyclers.com/" "Mozilla/4.0 (compatible; MSIE 6.0; Windows NT 5.0; .NET CLR 1.1.4322)"
67.190.82.153 - - [17/Jun/2007:04:15:01 -0400] "GET /icons/back.gif HTTP/1.1" 200 216 "http://www.sportbikerecyclers.com/logs/" "Mozilla/4.0 (compatible; MSIE 6.0; Windows NT 5.0; .NET CLR 1.1.4322)"
67.190.82.153 - - [17/Jun/2007:04:15:01 -0400] "GET /icons/unknown.gif HTTP/1.1" 200 245 "http://www.sportbikerecyclers.com/logs/" "Mozilla/4.0 (compatible; MSIE 6.0; Windows NT 5.0; .NET CLR 1.1.4322)"
64.208.172.173 - - [17/Jun/2007:10:18:49 -0400] "GET /robots.txt HTTP/1.0" 404 369 "-" "ia_archiver"
64.208.172.173 - - [17/Jun/2007:10:18:49 -0400] "GET /logs/?C=S;O=A HTTP/1.0" 200 1145 "-" "ia_archiver"
64.208.172.173 - - [17/Jun/2007:10:20:00 -0400] "GET /logs/access.log HTTP/1.0" 200 322972 "-" "ia_archiver"
64.208.172.173 - - [17/Jun/2007:10:20:46 -0400] "GET /logs/?C=N;O=D HTTP/1.0" 200 1145 "-" "ia_archiver"
64.208.172.173 - - [17/Jun/2007:10:21:24 -0400] "GET / HTTP/1.0" 200 787 "-" "ia_archiver"
64.208.172.173 - - [17/Jun/2007:10:21:56 -0400] "GET /logs/error.log HTTP/1.0" 200 57246 "-" "ia_archiver"
64.208.172.173 - - [17/Jun/2007:10:22:24 -0400] "GET /logs/?C=D;O=A HTTP/1.0" 200 1145 "-" "ia_archiver"
64.208.172.173 - - [17/Jun/2007:10:22:48 -0400] "GET /logs/?C=M;O=A HTTP/1.0" 200 1145 "-" "ia_archiver"
74.132.113.114 - - [17/Jun/2007:11:55:50 -0400] "GET / HTTP/1.1" 200 787 "-" "Mozilla/4.0 (compatible; MSIE 6.0; Windows NT 5.1; SV1; .NET CLR 1.0.3705; .NET CLR 1.1.4322; Media Center PC 4.0; .NET CLR 2.0.50727)"
74.132.113.114 - - [17/Jun/2007:11:55:50 -0400] "GET /icons/blank.gif HTTP/1.1" 200 148 "http://www.sportbikerecyclers.com/" "Mozilla/4.0 (compatible; MSIE 6.0; Windows NT 5.1; SV1; .NET CLR 1.0.3705; .NET CLR 1.1.4322; Media Center PC 4.0; .NET CLR 2.0.50727)"
74.132.113.114 - - [17/Jun/2007:11:55:50 -0400] "GET /icons/folder.gif HTTP/1.1" 200 225 "http://www.sportbikerecyclers.com/" "Mozilla/4.0 (compatible; MSIE 6.0; Windows NT 5.1; SV1; .NET CLR 1.0.3705; .NET CLR 1.1.4322; Media Center PC 4.0; .NET CLR 2.0.50727)"
66.249.73.111 - - [17/Jun/2007:19:08:39 -0400] "GET /robots.txt HTTP/1.1" 404 369 "-" "Mozilla/5.0 (compatible; Googlebot/2.1; +http://www.google.com/bot.html)"
66.249.73.111 - - [17/Jun/2007:19:08:39 -0400] "GET /logs/?C=M;O=A HTTP/1.1" 200 1145 "-" "Mozilla/5.0 (compatible; Googlebot/2.1; +http://www.google.com/bot.html)"
66.249.73.111 - - [18/Jun/2007:02:45:03 -0400] "GET /robots.txt HTTP/1.1" 404 370 "-" "Mozilla/5.0 (compatible; Googlebot/2.1; +http://www.google.com/bot.html)"
66.249.73.111 - - [18/Jun/2007:02:45:03 -0400] "GET /logs/ HTTP/1.1" 200 1146 "-" "Mozilla/5.0 (compatible; Googlebot/2.1; +http://www.google.com/bot.html)"
216.145.14.142 - - [18/Jun/2007:09:47:00 -0400] "GET /robots.txt HTTP/1.0" 404 369 "http://www.whois.sc/" "SurveyBot/2.3 (Whois Source)"
216.145.14.142 - - [18/Jun/2007:09:47:00 -0400] "GET / HTTP/1.1" 206 787 "http://www.whois.sc/sportbikerecyclers.com" "SurveyBot/2.3 (Whois Source)"
216.145.14.142 - - [18/Jun/2007:13:38:54 -0400] "GET /robots.txt HTTP/1.0" 404 370 "http://www.whois.sc/" "SurveyBot/2.3 (Whois Source)"
216.145.14.142 - - [18/Jun/2007:13:38:54 -0400] "GET / HTTP/1.1" 206 788 "http://www.whois.sc/usedmotorcycleparts.biz" "SurveyBot/2.3 (Whois Source)"
68.30.30.68 - - [18/Jun/2007:20:11:57 -0400] "GET / HTTP/1.1" 200 787 "-" "Mozilla/4.0 (compatible; MSIE 7.0; Windows NT 6.0; SLCC1; .NET CLR 2.0.50727; .NET CLR 3.0.04506)"
68.30.30.68 - - [18/Jun/2007:20:11:57 -0400] "GET /icons/blank.gif HTTP/1.1" 200 148 "http://www.sportbikerecyclers.com/" "Mozilla/4.0 (compatible; MSIE 7.0; Windows NT 6.0; SLCC1; .NET CLR 2.0.50727; .NET CLR 3.0.04506)"
68.30.30.68 - - [18/Jun/2007:20:11:57 -0400] "GET /icons/folder.gif HTTP/1.1" 200 225 "http://www.sportbikerecyclers.com/" "Mozilla/4.0 (compatible; MSIE 7.0; Windows NT 6.0; SLCC1; .NET CLR 2.0.50727; .NET CLR 3.0.04506)"
68.30.30.68 - - [18/Jun/2007:20:11:58 -0400] "GET /favicon.ico HTTP/1.1" 404 370 "-" "Mozilla/4.0 (compatible; MSIE 7.0; Windows NT 6.0; SLCC1; .NET CLR 2.0.50727; .NET CLR 3.0.04506)"
75.89.157.136 - - [18/Jun/2007:22:08:17 -0400] "GET /favicon.ico HTTP/1.1" 404 370 "-" "Mozilla/4.0 (compatible; MSIE 6.0; Windows NT 5.1; SV1)"
75.89.157.136 - - [18/Jun/2007:22:08:17 -0400] "GET / HTTP/1.1" 200 787 "http://www.sportbikerecycler.com/main.html" "Mozilla/4.0 (compatible; MSIE 6.0; Windows NT 5.1; SV1)"
75.89.157.136 - - [18/Jun/2007:22:08:17 -0400] "GET /icons/blank.gif HTTP/1.1" 304 - "http://www.sportbikerecyclers.com/" "Mozilla/4.0 (compatible; MSIE 6.0; Windows NT 5.1; SV1)"
75.89.157.136 - - [18/Jun/2007:22:08:17 -0400] "GET /icons/folder.gif HTTP/1.1" 304 - "http://www.sportbikerecyclers.com/" "Mozilla/4.0 (compatible; MSIE 6.0; Windows NT 5.1; SV1)"
66.249.73.111 - - [18/Jun/2007:23:25:56 -0400] "GET /robots.txt HTTP/1.1" 404 369 "-" "Mozilla/5.0 (compatible; Googlebot/2.1; +http://www.google.com/bot.html)"
66.249.73.111 - - [18/Jun/2007:23:25:57 -0400] "GET /logs/?C=D;O=D HTTP/1.1" 200 1145 "-" "Mozilla/5.0 (compatible; Googlebot/2.1; +http://www.google.com/bot.html)"
64.208.172.173 - - [18/Jun/2007:23:51:31 -0400] "GET /robots.txt HTTP/1.0" 404 369 "-" "ia_archiver"
64.208.172.173 - - [18/Jun/2007:23:51:31 -0400] "GET /logs/?C=N;O=A HTTP/1.0" 200 1145 "-" "ia_archiver"
66.249.73.111 - - [19/Jun/2007:03:23:30 -0400] "GET /robots.txt HTTP/1.1" 404 370 "-" "Mozilla/5.0 (compatible; Googlebot/2.1; +http://www.google.com/bot.html)"
66.249.73.111 - - [19/Jun/2007:03:23:30 -0400] "GET /logs/access.log HTTP/1.1" 200 327728 "-" "Mozilla/5.0 (compatible; Googlebot/2.1; +http://www.google.com/bot.html)"
66.249.73.111 - - [19/Jun/2007:05:21:41 -0400] "GET /logs/access.log HTTP/1.1" 200 327897 "-" "Mozilla/5.0 (compatible; Googlebot/2.1; +http://www.google.com/bot.html)"
74.6.74.32 - - [19/Jun/2007:06:12:45 -0400] "GET /robots.txt HTTP/1.0" 404 366 "-" "Mozilla/5.0 (compatible; Yahoo! Slurp; http://help.yahoo.com/help/us/ysearch/slurp)"
74.6.65.232 - - [19/Jun/2007:06:12:54 -0400] "GET / HTTP/1.0" 200 784 "-" "Mozilla/5.0 (compatible; Yahoo! Slurp; http://help.yahoo.com/help/us/ysearch/slurp)"
74.6.19.106 - - [19/Jun/2007:12:46:19 -0400] "GET /robots.txt HTTP/1.0" 404 369 "-" "Mozilla/5.0 (compatible; Yahoo! Slurp; http://help.yahoo.com/help/us/ysearch/slurp)"
74.6.24.217 - - [19/Jun/2007:12:46:22 -0400] "GET / HTTP/1.0" 200 787 "-" "Mozilla/5.0 (compatible; Yahoo! Slurp; http://help.yahoo.com/help/us/ysearch/slurp)"
63.123.238.8 - - [19/Jun/2007:16:21:23 -0400] "GET /robots.txt HTTP/1.1" 404 370 "-" "Mozilla/2.0 (compatible; Ask Jeeves/Teoma)"
63.123.238.8 - - [19/Jun/2007:16:21:23 -0400] "GET / HTTP/1.1" 200 788 "-" "Mozilla/2.0 (compatible; Ask Jeeves/Teoma)"
66.249.73.111 - - [19/Jun/2007:17:23:21 -0400] "GET /robots.txt HTTP/1.1" 404 369 "-" "Mozilla/5.0 (compatible; Googlebot/2.1; +http://www.google.com/bot.html)"
66.249.73.111 - - [19/Jun/2007:17:23:21 -0400] "GET /logs/?C=D;O=A HTTP/1.1" 200 1145 "-" "Mozilla/5.0 (compatible; Googlebot/2.1; +http://www.google.com/bot.html)"
208.36.144.8 - - [19/Jun/2007:22:24:20 -0400] "GET /robots.txt HTTP/1.0" 404 370 "-" "Mozilla/5.0 (Twiceler-0.9 http://www.cuill.com/twiceler/robot.html)"
74.6.19.121 - - [19/Jun/2007:23:35:06 -0400] "GET /robots.txt HTTP/1.0" 404 370 "-" "Mozilla/5.0 (compatible; Yahoo! Slurp; http://help.yahoo.com/help/us/ysearch/slurp)"
74.6.20.159 - - [19/Jun/2007:23:35:12 -0400] "GET /logs/access.log HTTP/1.0" 200 329626 "-" "Mozilla/5.0 (compatible; Yahoo! Slurp; http://help.yahoo.com/help/us/ysearch/slurp)"
75.89.157.136 - - [20/Jun/2007:00:28:23 -0400] "GET /favicon.ico HTTP/1.1" 404 370 "-" "Mozilla/4.0 (compatible; MSIE 6.0; Windows NT 5.1; SV1)"
75.89.157.136 - - [20/Jun/2007:00:28:23 -0400] "GET / HTTP/1.1" 200 787 "http://www.sportbikerecycler.com/main.html" "Mozilla/4.0 (compatible; MSIE 6.0; Windows NT 5.1; SV1)"
75.89.157.136 - - [20/Jun/2007:00:28:23 -0400] "GET /icons/blank.gif HTTP/1.1" 304 - "http://www.sportbikerecyclers.com/" "Mozilla/4.0 (compatible; MSIE 6.0; Windows NT 5.1; SV1)"
75.89.157.136 - - [20/Jun/2007:00:28:23 -0400] "GET /icons/folder.gif HTTP/1.1" 304 - "http://www.sportbikerecyclers.com/" "Mozilla/4.0 (compatible; MSIE 6.0; Windows NT 5.1; SV1)"
66.249.73.111 - - [20/Jun/2007:04:17:54 -0400] "GET /robots.txt HTTP/1.1" 404 369 "-" "Mozilla/5.0 (compatible; Googlebot/2.1; +http://www.google.com/bot.html)"
66.249.73.111 - - [20/Jun/2007:04:17:54 -0400] "GET /logs/?C=S;O=A HTTP/1.1" 200 1145 "-" "Mozilla/5.0 (compatible; Googlebot/2.1; +http://www.google.com/bot.html)"
75.89.157.136 - - [20/Jun/2007:14:55:41 -0400] "GET /favicon.ico HTTP/1.1" 404 370 "-" "Mozilla/4.0 (compatible; MSIE 6.0; Windows NT 5.1; SV1)"
75.89.157.136 - - [20/Jun/2007:14:55:41 -0400] "GET / HTTP/1.1" 200 787 "http://www.sportbikerecycler.com/main.html" "Mozilla/4.0 (compatible; MSIE 6.0; Windows NT 5.1; SV1)"
75.89.157.136 - - [20/Jun/2007:14:55:42 -0400] "GET /icons/blank.gif HTTP/1.1" 304 - "http://www.sportbikerecyclers.com/" "Mozilla/4.0 (compatible; MSIE 6.0; Windows NT 5.1; SV1)"
75.89.157.136 - - [20/Jun/2007:14:55:42 -0400] "GET /icons/folder.gif HTTP/1.1" 304 - "http://www.sportbikerecyclers.com/" "Mozilla/4.0 (compatible; MSIE 6.0; Windows NT 5.1; SV1)"
75.89.157.136 - - [20/Jun/2007:14:56:06 -0400] "GET /logs/ HTTP/1.1" 200 1145 "http://www.sportbikerecyclers.com/" "Mozilla/4.0 (compatible; MSIE 6.0; Windows NT 5.1; SV1)"
75.89.157.136 - - [20/Jun/2007:14:56:06 -0400] "GET /icons/back.gif HTTP/1.1" 304 - "http://www.sportbikerecyclers.com/logs/" "Mozilla/4.0 (compatible; MSIE 6.0; Windows NT 5.1; SV1)"
75.89.157.136 - - [20/Jun/2007:14:56:06 -0400] "GET /icons/unknown.gif HTTP/1.1" 304 - "http://www.sportbikerecyclers.com/logs/" "Mozilla/4.0 (compatible; MSIE 6.0; Windows NT 5.1; SV1)"
75.89.157.136 - - [20/Jun/2007:14:56:08 -0400] "GET /logs/access.log HTTP/1.1" 200 332036 "http://www.sportbikerecyclers.com/logs/" "Mozilla/4.0 (compatible; MSIE 6.0; Windows NT 5.1; SV1)"
74.6.73.183 - - [20/Jun/2007:19:49:52 -0400] "GET /robots.txt HTTP/1.0" 404 370 "-" "Mozilla/5.0 (compatible; Yahoo! Slurp; http://help.yahoo.com/help/us/ysearch/slurp)"
74.6.69.82 - - [20/Jun/2007:19:49:52 -0400] "GET / HTTP/1.0" 200 788 "-" "Mozilla/5.0 (compatible; Yahoo! Slurp; http://help.yahoo.com/help/us/ysearch/slurp)"
82.165.148.17 - - [20/Jun/2007:22:14:07 -0400] "GET / HTTP/1.0" 200 787 "-" "Mozilla/4.0 (compatible; MSIE 6.0; Windows NT 5.1; SV1; .NET CLR 1.1.4322; .NET CLR 2.0.50727)"
66.249.73.111 - - [21/Jun/2007:04:10:45 -0400] "GET /robots.txt HTTP/1.1" 404 370 "-" "Mozilla/5.0 (compatible; Googlebot/2.1; +http://www.google.com/bot.html)"
66.249.73.111 - - [21/Jun/2007:04:10:45 -0400] "GET /logs/?C=D;O=D HTTP/1.1" 200 1146 "-" "Mozilla/5.0 (compatible; Googlebot/2.1; +http://www.google.com/bot.html)"
66.249.73.111 - - [21/Jun/2007:10:52:48 -0400] "GET /robots.txt HTTP/1.1" 404 369 "-" "Mozilla/5.0 (compatible; Googlebot/2.1; +http://www.google.com/bot.html)"
66.249.73.111 - - [21/Jun/2007:10:52:48 -0400] "GET /logs/error.log HTTP/1.1" 200 59864 "-" "Mozilla/5.0 (compatible; Googlebot/2.1; +http://www.google.com/bot.html)"
74.6.74.9 - - [21/Jun/2007:13:24:11 -0400] "GET /robots.txt HTTP/1.0" 404 366 "-" "Mozilla/5.0 (compatible; Yahoo! Slurp; http://help.yahoo.com/help/us/ysearch/slurp)"
74.6.65.232 - - [21/Jun/2007:13:24:39 -0400] "GET / HTTP/1.0" 200 784 "-" "Mozilla/5.0 (compatible; Yahoo! Slurp; http://help.yahoo.com/help/us/ysearch/slurp)"
74.6.19.121 - - [21/Jun/2007:20:04:00 -0400] "GET /robots.txt HTTP/1.0" 404 370 "-" "Mozilla/5.0 (compatible; Yahoo! Slurp; http://help.yahoo.com/help/us/ysearch/slurp)"
74.6.27.112 - - [21/Jun/2007:20:04:01 -0400] "GET /logs/error.log HTTP/1.0" 200 60102 "-" "Mozilla/5.0 (compatible; Yahoo! Slurp; http://help.yahoo.com/help/us/ysearch/slurp)"
74.34.117.238 - - [21/Jun/2007:22:48:58 -0400] "GET / HTTP/1.1" 200 788 "-" "Mozilla/4.0 (compatible; MSIE 6.0; Windows NT 5.1; SV1; .NET CLR 1.0.3705; .NET CLR 1.1.4322; Media Center PC 4.0; ZangoToolbar 4.8.3)"
74.34.117.238 - - [21/Jun/2007:22:48:58 -0400] "GET /icons/folder.gif HTTP/1.1" 200 225 "http://www.usedmotorcycleparts.biz/" "Mozilla/4.0 (compatible; MSIE 6.0; Windows NT 5.1; SV1; .NET CLR 1.0.3705; .NET CLR 1.1.4322; Media Center PC 4.0; ZangoToolbar 4.8.3)"
74.34.117.238 - - [21/Jun/2007:22:48:58 -0400] "GET /icons/blank.gif HTTP/1.1" 200 148 "http://www.usedmotorcycleparts.biz/" "Mozilla/4.0 (compatible; MSIE 6.0; Windows NT 5.1; SV1; .NET CLR 1.0.3705; .NET CLR 1.1.4322; Media Center PC 4.0; ZangoToolbar 4.8.3)"
74.6.69.227 - - [22/Jun/2007:06:02:26 -0400] "GET /robots.txt HTTP/1.0" 404 369 "-" "Mozilla/5.0 (compatible; Yahoo! Slurp; http://help.yahoo.com/help/us/ysearch/slurp)"
74.6.65.227 - - [22/Jun/2007:06:02:26 -0400] "GET / HTTP/1.0" 200 787 "-" "Mozilla/5.0 (compatible; Yahoo! Slurp; http://help.yahoo.com/help/us/ysearch/slurp)"
74.6.19.105 - - [22/Jun/2007:09:00:56 -0400] "GET /robots.txt HTTP/1.0" 404 369 "-" "Mozilla/5.0 (compatible; Yahoo! Slurp; http://help.yahoo.com/help/us/ysearch/slurp)"
74.6.25.103 - - [22/Jun/2007:09:00:58 -0400] "GET /logs/access.log HTTP/1.0" 200 335294 "-" "Mozilla/5.0 (compatible; Yahoo! Slurp; http://help.yahoo.com/help/us/ysearch/slurp)"
66.249.73.111 - - [22/Jun/2007:09:12:14 -0400] "GET /robots.txt HTTP/1.1" 404 369 "-" "Mozilla/5.0 (compatible; Googlebot/2.1; +http://www.google.com/bot.html)"
66.249.73.111 - - [22/Jun/2007:09:12:14 -0400] "GET /logs/?C=M;O=A HTTP/1.1" 200 1145 "-" "Mozilla/5.0 (compatible; Googlebot/2.1; +http://www.google.com/bot.html)"
152.163.100.143 - - [22/Jun/2007:10:38:00 -0400] "GET / HTTP/1.1" 200 787 "http://www.sportbikerecycler.com/main.html" "Mozilla/4.0 (compatible; MSIE 6.0; AOL 9.0; Windows NT 5.1; .NET CLR 1.0.3705)"
152.163.100.72 - - [22/Jun/2007:10:38:01 -0400] "GET /icons/folder.gif HTTP/1.1" 200 225 "http://www.sportbikerecyclers.com/" "Mozilla/4.0 (compatible; MSIE 6.0; AOL 9.0; Windows NT 5.1; .NET CLR 1.0.3705)"
152.163.100.18 - - [22/Jun/2007:10:38:03 -0400] "GET /icons/blank.gif HTTP/1.1" 200 148 "http://www.sportbikerecyclers.com/" "Mozilla/4.0 (compatible; MSIE 6.0; AOL 9.0; Windows NT 5.1; .NET CLR 1.0.3705)"
152.163.100.19 - - [22/Jun/2007:10:38:15 -0400] "GET /?C=M;O=A HTTP/1.1" 200 787 "http://www.sportbikerecyclers.com/" "Mozilla/4.0 (compatible; MSIE 6.0; AOL 9.0; Windows NT 5.1; .NET CLR 1.0.3705)"
152.163.100.68 - - [22/Jun/2007:10:38:26 -0400] "GET /?C=M;O=D HTTP/1.1" 200 787 "http://www.sportbikerecyclers.com/?C=M;O=A" "Mozilla/4.0 (compatible; MSIE 6.0; AOL 9.0; Windows NT 5.1; .NET CLR 1.0.3705)"
152.163.100.12 - - [22/Jun/2007:10:38:31 -0400] "GET /?C=D;O=A HTTP/1.1" 200 787 "http://www.sportbikerecyclers.com/?C=M;O=D" "Mozilla/4.0 (compatible; MSIE 6.0; AOL 9.0; Windows NT 5.1; .NET CLR 1.0.3705)"
152.163.100.68 - - [22/Jun/2007:10:38:36 -0400] "GET /?C=M;O=D HTTP/1.1" 200 787 "http://www.sportbikerecyclers.com/?C=M;O=A" "Mozilla/4.0 (compatible; MSIE 6.0; AOL 9.0; Windows NT 5.1; .NET CLR 1.0.3705)"
152.163.100.19 - - [22/Jun/2007:10:38:39 -0400] "GET /?C=M;O=A HTTP/1.1" 200 787 "http://www.sportbikerecyclers.com/" "Mozilla/4.0 (compatible; MSIE 6.0; AOL 9.0; Windows NT 5.1; .NET CLR 1.0.3705)"
152.163.100.143 - - [22/Jun/2007:10:38:41 -0400] "GET / HTTP/1.1" 200 787 "http://www.sportbikerecycler.com/main.html" "Mozilla/4.0 (compatible; MSIE 6.0; AOL 9.0; Windows NT 5.1; .NET CLR 1.0.3705)"
66.249.73.111 - - [22/Jun/2007:11:35:29 -0400] "GET /robots.txt HTTP/1.1" 404 370 "-" "Mozilla/5.0 (compatible; Googlebot/2.1; +http://www.google.com/bot.html)"
66.249.73.111 - - [22/Jun/2007:11:35:29 -0400] "GET /logs/ HTTP/1.1" 200 1146 "-" "Mozilla/5.0 (compatible; Googlebot/2.1; +http://www.google.com/bot.html)"
74.6.19.105 - - [22/Jun/2007:15:43:27 -0400] "GET /robots.txt HTTP/1.0" 404 369 "-" "Mozilla/5.0 (compatible; Yahoo! Slurp; http://help.yahoo.com/help/us/ysearch/slurp)"
74.6.26.218 - - [22/Jun/2007:15:43:28 -0400] "GET /logs/ HTTP/1.0" 200 1145 "-" "Mozilla/5.0 (compatible; Yahoo! Slurp; http://help.yahoo.com/help/us/ysearch/slurp)"
66.249.73.111 - - [22/Jun/2007:20:32:37 -0400] "GET /robots.txt HTTP/1.1" 404 369 "-" "Mozilla/5.0 (compatible; Googlebot/2.1; +http://www.google.com/bot.html)"
66.249.73.111 - - [22/Jun/2007:20:32:37 -0400] "GET /logs/?C=N;O=D HTTP/1.1" 200 1145 "-" "Mozilla/5.0 (compatible; Googlebot/2.1; +http://www.google.com/bot.html)"
74.6.19.105 - - [22/Jun/2007:23:12:08 -0400] "GET /robots.txt HTTP/1.0" 404 369 "-" "Mozilla/5.0 (compatible; Yahoo! Slurp; http://help.yahoo.com/help/us/ysearch/slurp)"
74.6.28.75 - - [22/Jun/2007:23:12:09 -0400] "GET /logs/error.log HTTP/1.0" 200 60948 "-" "Mozilla/5.0 (compatible; Yahoo! Slurp; http://help.yahoo.com/help/us/ysearch/slurp)"
66.249.73.111 - - [22/Jun/2007:23:48:32 -0400] "GET /robots.txt HTTP/1.1" 404 370 "-" "Mozilla/5.0 (compatible; Googlebot/2.1; +http://www.google.com/bot.html)"
66.249.73.111 - - [22/Jun/2007:23:48:32 -0400] "GET /logs/?C=M;O=A HTTP/1.1" 200 1146 "-" "Mozilla/5.0 (compatible; Googlebot/2.1; +http://www.google.com/bot.html)"
74.129.28.110 - - [23/Jun/2007:00:36:44 -0400] "GET / HTTP/1.1" 200 787 "http://msxml.infospace.com/_1_9IYUU70NNRWF1__isight.main/search/web/sportbikerecyclers/1/-/1/-/-/-/-/-/-/-/-/-/-/-/-/-/-/-/-/-/-/-/-/-/-/-/-/-/-/-/-/-/-/-/-/-/-/-/-/-/-/-/-/-/-/-/-/-/-/-/-/-/417/top" "Mozilla/4.0 (compatible; MSIE 6.0; Windows NT 5.1; SV1; .NET CLR 1.1.4322; .NET CLR 2.0.50727)"
74.129.28.110 - - [23/Jun/2007:00:36:44 -0400] "GET /icons/blank.gif HTTP/1.1" 200 148 "http://www.sportbikerecyclers.com/" "Mozilla/4.0 (compatible; MSIE 6.0; Windows NT 5.1; SV1; .NET CLR 1.1.4322; .NET CLR 2.0.50727)"
74.129.28.110 - - [23/Jun/2007:00:36:44 -0400] "GET /icons/folder.gif HTTP/1.1" 200 225 "http://www.sportbikerecyclers.com/" "Mozilla/4.0 (compatible; MSIE 6.0; Windows NT 5.1; SV1; .NET CLR 1.1.4322; .NET CLR 2.0.50727)"
74.129.28.110 - - [23/Jun/2007:00:36:50 -0400] "GET /logs/ HTTP/1.1" 200 1145 "http://www.sportbikerecyclers.com/" "Mozilla/4.0 (compatible; MSIE 6.0; Windows NT 5.1; SV1; .NET CLR 1.1.4322; .NET CLR 2.0.50727)"
74.129.28.110 - - [23/Jun/2007:00:36:50 -0400] "GET /icons/back.gif HTTP/1.1" 200 216 "http://www.sportbikerecyclers.com/logs/" "Mozilla/4.0 (compatible; MSIE 6.0; Windows NT 5.1; SV1; .NET CLR 1.1.4322; .NET CLR 2.0.50727)"
74.129.28.110 - - [23/Jun/2007:00:36:50 -0400] "GET /icons/unknown.gif HTTP/1.1" 200 245 "http://www.sportbikerecyclers.com/logs/" "Mozilla/4.0 (compatible; MSIE 6.0; Windows NT 5.1; SV1; .NET CLR 1.1.4322; .NET CLR 2.0.50727)"
74.129.28.110 - - [23/Jun/2007:00:36:53 -0400] "GET / HTTP/1.1" 200 787 "http://www.sportbikerecyclers.com/logs/" "Mozilla/4.0 (compatible; MSIE 6.0; Windows NT 5.1; SV1; .NET CLR 1.1.4322; .NET CLR 2.0.50727)"
66.249.73.111 - - [23/Jun/2007:03:05:37 -0400] "GET /logs/?C=S;O=A HTTP/1.1" 200 1146 "-" "Mozilla/5.0 (compatible; Googlebot/2.1; +http://www.google.com/bot.html)"
66.249.73.111 - - [23/Jun/2007:06:23:49 -0400] "GET /robots.txt HTTP/1.1" 404 370 "-" "Mozilla/5.0 (compatible; Googlebot/2.1; +http://www.google.com/bot.html)"
66.249.73.111 - - [23/Jun/2007:06:23:49 -0400] "GET /?C=D;O=A HTTP/1.1" 200 788 "-" "Mozilla/5.0 (compatible; Googlebot/2.1; +http://www.google.com/bot.html)"
208.36.144.8 - - [23/Jun/2007:09:25:13 -0400] "GET / HTTP/1.0" 200 788 "-" "Mozilla/5.0 (Twiceler-0.9 http://www.cuill.com/twiceler/robot.html)"
66.249.73.111 - - [23/Jun/2007:09:40:07 -0400] "GET /logs/?C=M;O=D HTTP/1.1" 200 1146 "-" "Mozilla/5.0 (compatible; Googlebot/2.1; +http://www.google.com/bot.html)"
66.249.73.111 - - [23/Jun/2007:10:17:28 -0400] "GET /robots.txt HTTP/1.1" 404 369 "-" "Mozilla/5.0 (compatible; Googlebot/2.1; +http://www.google.com/bot.html)"
66.249.73.111 - - [23/Jun/2007:10:17:28 -0400] "GET /logs/?C=N;O=A HTTP/1.1" 200 1145 "-" "Mozilla/5.0 (compatible; Googlebot/2.1; +http://www.google.com/bot.html)"
66.249.73.111 - - [23/Jun/2007:12:57:43 -0400] "GET /robots.txt HTTP/1.1" 404 370 "-" "Mozilla/5.0 (compatible; Googlebot/2.1; +http://www.google.com/bot.html)"
66.249.73.111 - - [23/Jun/2007:12:57:43 -0400] "GET /logs/?C=S;O=D HTTP/1.1" 200 1146 "-" "Mozilla/5.0 (compatible; Googlebot/2.1; +http://www.google.com/bot.html)"
74.6.74.9 - - [23/Jun/2007:17:45:46 -0400] "GET /robots.txt HTTP/1.0" 404 366 "-" "Mozilla/5.0 (compatible; Yahoo! Slurp; http://help.yahoo.com/help/us/ysearch/slurp)"
74.6.65.232 - - [23/Jun/2007:17:46:10 -0400] "GET / HTTP/1.0" 200 784 "-" "Mozilla/5.0 (compatible; Yahoo! Slurp; http://help.yahoo.com/help/us/ysearch/slurp)"
74.6.73.183 - - [23/Jun/2007:17:57:16 -0400] "GET /robots.txt HTTP/1.0" 404 370 "-" "Mozilla/5.0 (compatible; Yahoo! Slurp; http://help.yahoo.com/help/us/ysearch/slurp)"
74.6.69.82 - - [23/Jun/2007:17:57:16 -0400] "GET / HTTP/1.0" 200 788 "-" "Mozilla/5.0 (compatible; Yahoo! Slurp; http://help.yahoo.com/help/us/ysearch/slurp)"
66.249.73.111 - - [24/Jun/2007:01:14:55 -0400] "GET /robots.txt HTTP/1.1" 404 370 "-" "Mozilla/5.0 (compatible; Googlebot/2.1; +http://www.google.com/bot.html)"
66.249.73.111 - - [24/Jun/2007:01:14:55 -0400] "GET /?C=M;O=A HTTP/1.1" 200 788 "-" "Mozilla/5.0 (compatible; Googlebot/2.1; +http://www.google.com/bot.html)"
66.249.73.111 - - [24/Jun/2007:05:12:13 -0400] "GET /logs/?C=N;O=D HTTP/1.1" 200 1146 "-" "Mozilla/5.0 (compatible; Googlebot/2.1; +http://www.google.com/bot.html)"
208.36.144.8 - - [24/Jun/2007:06:08:29 -0400] "GET /robots.txt HTTP/1.0" 404 370 "-" "Mozilla/5.0 (Twiceler-0.9 http://www.cuill.com/twiceler/robot.html)"
74.6.19.120 - - [24/Jun/2007:07:36:19 -0400] "GET /robots.txt HTTP/1.0" 404 370 "-" "Mozilla/5.0 (compatible; Yahoo! Slurp; http://help.yahoo.com/help/us/ysearch/slurp)"
74.6.25.211 - - [24/Jun/2007:07:36:20 -0400] "GET /logs/ HTTP/1.0" 200 1146 "-" "Mozilla/5.0 (compatible; Yahoo! Slurp; http://help.yahoo.com/help/us/ysearch/slurp)"
66.249.73.111 - - [24/Jun/2007:11:09:59 -0400] "GET /robots.txt HTTP/1.1" 404 370 "-" "Mozilla/5.0 (compatible; Googlebot/2.1; +http://www.google.com/bot.html)"
66.249.73.111 - - [24/Jun/2007:11:09:59 -0400] "GET /logs/error.log HTTP/1.1" 200 62159 "-" "Mozilla/5.0 (compatible; Googlebot/2.1; +http://www.google.com/bot.html)"
66.249.73.111 - - [24/Jun/2007:13:46:56 -0400] "GET /logs/?C=N;O=A HTTP/1.1" 200 1146 "-" "Mozilla/5.0 (compatible; Googlebot/2.1; +http://www.google.com/bot.html)"
64.246.161.190 - - [25/Jun/2007:09:57:25 -0400] "GET /robots.txt HTTP/1.0" 404 369 "http://www.whois.sc/" "SurveyBot/2.3 (Whois Source)"
64.246.161.190 - - [25/Jun/2007:09:57:25 -0400] "GET / HTTP/1.1" 206 787 "http://www.whois.sc/sportbikerecyclers.com" "SurveyBot/2.3 (Whois Source)"
74.6.69.227 - - [25/Jun/2007:10:28:32 -0400] "GET /robots.txt HTTP/1.0" 404 369 "-" "Mozilla/5.0 (compatible; Yahoo! Slurp; http://help.yahoo.com/help/us/ysearch/slurp)"
74.6.65.227 - - [25/Jun/2007:10:28:33 -0400] "GET / HTTP/1.0" 200 787 "-" "Mozilla/5.0 (compatible; Yahoo! Slurp; http://help.yahoo.com/help/us/ysearch/slurp)"
64.246.161.190 - - [25/Jun/2007:13:43:03 -0400] "GET /robots.txt HTTP/1.0" 404 370 "http://www.whois.sc/" "SurveyBot/2.3 (Whois Source)"
64.246.161.190 - - [25/Jun/2007:13:43:04 -0400] "GET / HTTP/1.1" 206 788 "http://www.whois.sc/usedmotorcycleparts.biz" "SurveyBot/2.3 (Whois Source)"
70.85.114.58 - - [25/Jun/2007:21:09:42 -0400] "GET /robots.txt HTTP/1.1" 404 369 "www.sportbikerecyclers.com" "Pingdom GIGRIB (http://www.pingdom.com)"
70.85.114.58 - - [25/Jun/2007:21:12:38 -0400] "GET // HTTP/1.1" 200 787 "http://www.pingdom.com/tools/fpt/?url=www.sportbikerecyclers.com" "Pingdom GIGRIB (http://www.pingdom.com)"
66.249.73.111 - - [25/Jun/2007:23:45:55 -0400] "GET /robots.txt HTTP/1.1" 404 369 "-" "Mozilla/5.0 (compatible; Googlebot/2.1; +http://www.google.com/bot.html)"
66.249.73.111 - - [25/Jun/2007:23:45:55 -0400] "GET /logs/?C=M;O=A HTTP/1.1" 200 1145 "-" "Mozilla/5.0 (compatible; Googlebot/2.1; +http://www.google.com/bot.html)"
66.98.148.24 - - [26/Jun/2007:00:24:24 -0400] "GET /robots.txt HTTP/1.1" 404 370 "www.usedmotorcycleparts.biz" "Pingdom GIGRIB (http://www.pingdom.com)"
66.98.148.24 - - [26/Jun/2007:00:27:01 -0400] "GET // HTTP/1.1" 200 788 "http://www.pingdom.com/tools/fpt/?url=www.usedmotorcycleparts.biz" "Pingdom GIGRIB (http://www.pingdom.com)"
74.6.74.9 - - [26/Jun/2007:03:00:25 -0400] "GET /robots.txt HTTP/1.0" 404 366 "-" "Mozilla/5.0 (compatible; Yahoo! Slurp; http://help.yahoo.com/help/us/ysearch/slurp)"
74.6.65.232 - - [26/Jun/2007:03:00:26 -0400] "GET / HTTP/1.0" 200 784 "-" "Mozilla/5.0 (compatible; Yahoo! Slurp; http://help.yahoo.com/help/us/ysearch/slurp)"
66.249.73.111 - - [26/Jun/2007:06:48:46 -0400] "GET /robots.txt HTTP/1.1" 404 370 "-" "Mozilla/5.0 (compatible; Googlebot/2.1; +http://www.google.com/bot.html)"
66.249.73.111 - - [26/Jun/2007:06:48:46 -0400] "GET /logs/ HTTP/1.1" 200 1146 "-" "Mozilla/5.0 (compatible; Googlebot/2.1; +http://www.google.com/bot.html)"
74.6.73.190 - - [26/Jun/2007:07:59:45 -0400] "GET /logs/ HTTP/1.0" 200 1142 "-" "Mozilla/5.0 (compatible; Yahoo! Slurp; http://help.yahoo.com/help/us/ysearch/slurp)"
63.229.62.12 - - [26/Jun/2007:08:22:19 -0400] "GET / HTTP/1.0" 200 787 "-" "Mozilla/4.0 (compatible; MSIE 6.0; Windows NT 5.1; SV1; .NET CLR 1.1.4322; .NET CLR 2.0.50727)"
208.113.194.27 - - [26/Jun/2007:09:16:32 -0400] "GET /logs/ HTTP/1.0" 200 1145 "-" "-"
74.6.69.227 - - [26/Jun/2007:10:25:20 -0400] "GET /robots.txt HTTP/1.0" 404 369 "-" "Mozilla/5.0 (compatible; Yahoo! Slurp; http://help.yahoo.com/help/us/ysearch/slurp)"
74.6.72.54 - - [26/Jun/2007:10:25:20 -0400] "GET /logs/ HTTP/1.0" 200 1145 "-" "Mozilla/5.0 (compatible; Yahoo! Slurp; http://help.yahoo.com/help/us/ysearch/slurp)"
66.63.197.65 - - [26/Jun/2007:11:41:04 -0400] "GET / HTTP/1.1" 200 787 "-" "Mozilla/4.0 (compatible; MSIE 7.0; Windows NT 5.1; .NET CLR 2.0.50727)"
66.63.197.65 - - [26/Jun/2007:11:41:04 -0400] "GET /icons/blank.gif HTTP/1.1" 200 148 "http://www.sportbikerecyclers.com/" "Mozilla/4.0 (compatible; MSIE 7.0; Windows NT 5.1; .NET CLR 2.0.50727)"
66.63.197.65 - - [26/Jun/2007:11:41:04 -0400] "GET /icons/folder.gif HTTP/1.1" 200 225 "http://www.sportbikerecyclers.com/" "Mozilla/4.0 (compatible; MSIE 7.0; Windows NT 5.1; .NET CLR 2.0.50727)"
66.63.197.65 - - [26/Jun/2007:11:41:04 -0400] "GET /favicon.ico HTTP/1.1" 404 370 "-" "Mozilla/4.0 (compatible; MSIE 7.0; Windows NT 5.1; .NET CLR 2.0.50727)"
66.63.197.65 - - [26/Jun/2007:11:41:14 -0400] "GET /?C=N;O=D HTTP/1.1" 200 787 "http://www.sportbikerecyclers.com/" "Mozilla/4.0 (compatible; MSIE 7.0; Windows NT 5.1; .NET CLR 2.0.50727)"
66.63.197.65 - - [26/Jun/2007:11:41:14 -0400] "GET /?C=N;O=A HTTP/1.1" 200 787 "http://www.sportbikerecyclers.com/?C=N;O=D" "Mozilla/4.0 (compatible; MSIE 7.0; Windows NT 5.1; .NET CLR 2.0.50727)"
66.63.197.65 - - [26/Jun/2007:11:41:15 -0400] "GET /?C=N;O=D HTTP/1.1" 200 787 "http://www.sportbikerecyclers.com/?C=N;O=A" "Mozilla/4.0 (compatible; MSIE 7.0; Windows NT 5.1; .NET CLR 2.0.50727)"
66.63.197.65 - - [26/Jun/2007:11:41:16 -0400] "GET /?C=M;O=A HTTP/1.1" 200 787 "http://www.sportbikerecyclers.com/?C=N;O=D" "Mozilla/4.0 (compatible; MSIE 7.0; Windows NT 5.1; .NET CLR 2.0.50727)"
66.63.197.65 - - [26/Jun/2007:11:41:17 -0400] "GET /?C=S;O=A HTTP/1.1" 200 787 "http://www.sportbikerecyclers.com/?C=M;O=A" "Mozilla/4.0 (compatible; MSIE 7.0; Windows NT 5.1; .NET CLR 2.0.50727)"
