66.63.197.65 - - [26/Jun/2007:11:41:17 -0400] "GET /?C=D;O=A HTTP/1.1" 200 787 "http://www.sportbikerecyclers.com/?C=S;O=A" "Mozilla/4.0 (compatible; MSIE 7.0; Windows NT 5.1; .NET CLR 2.0.50727)"
66.63.197.65 - - [26/Jun/2007:11:41:18 -0400] "GET /logs/ HTTP/1.1" 200 1145 "http://www.sportbikerecyclers.com/?C=D;O=A" "Mozilla/4.0 (compatible; MSIE 7.0; Windows NT 5.1; .NET CLR 2.0.50727)"
66.63.197.65 - - [26/Jun/2007:11:41:19 -0400] "GET /icons/back.gif HTTP/1.1" 200 216 "http://www.sportbikerecyclers.com/logs/" "Mozilla/4.0 (compatible; MSIE 7.0; Windows NT 5.1; .NET CLR 2.0.50727)"
66.63.197.65 - - [26/Jun/2007:11:41:19 -0400] "GET /icons/unknown.gif HTTP/1.1" 200 245 "http://www.sportbikerecyclers.com/logs/" "Mozilla/4.0 (compatible; MSIE 7.0; Windows NT 5.1; .NET CLR 2.0.50727)"
66.63.197.65 - - [26/Jun/2007:11:41:21 -0400] "GET /logs/access.log HTTP/1.1" 200 350318 "http://www.sportbikerecyclers.com/logs/" "Mozilla/4.0 (compatible; MSIE 7.0; Windows NT 5.1; .NET CLR 2.0.50727)"
63.123.238.8 - - [27/Jun/2007:13:08:52 -0400] "GET /robots.txt HTTP/1.1" 404 370 "-" "Mozilla/2.0 (compatible; Ask Jeeves/Teoma)"
63.123.238.8 - - [27/Jun/2007:13:08:52 -0400] "GET / HTTP/1.1" 200 788 "-" "Mozilla/2.0 (compatible; Ask Jeeves/Teoma)"
66.249.70.165 - - [28/Jun/2007:00:23:15 -0400] "GET /robots.txt HTTP/1.1" 404 369 "-" "Mozilla/5.0 (compatible; Googlebot/2.1; +http://www.google.com/bot.html)"
66.249.70.165 - - [28/Jun/2007:00:23:15 -0400] "GET /logs/?C=S;O=A HTTP/1.1" 200 1145 "-" "Mozilla/5.0 (compatible; Googlebot/2.1; +http://www.google.com/bot.html)"
74.6.74.162 - - [28/Jun/2007:00:51:46 -0400] "GET /robots.txt HTTP/1.0" 404 369 "-" "Mozilla/5.0 (compatible; Yahoo! Slurp; http://help.yahoo.com/help/us/ysearch/slurp)"
74.6.65.227 - - [28/Jun/2007:00:51:47 -0400] "GET / HTTP/1.0" 200 787 "-" "Mozilla/5.0 (compatible; Yahoo! Slurp; http://help.yahoo.com/help/us/ysearch/slurp)"
72.30.177.224 - - [28/Jun/2007:17:44:22 -0400] "GET /robots.txt HTTP/1.0" 404 366 "-" "Mozilla/5.0 (compatible; Yahoo! Slurp; http://help.yahoo.com/help/us/ysearch/slurp)"
74.6.65.232 - - [28/Jun/2007:17:44:41 -0400] "GET / HTTP/1.0" 200 784 "-" "Mozilla/5.0 (compatible; Yahoo! Slurp; http://help.yahoo.com/help/us/ysearch/slurp)"
66.249.70.165 - - [28/Jun/2007:18:27:06 -0400] "GET /robots.txt HTTP/1.1" 404 369 "-" "Mozilla/5.0 (compatible; Googlebot/2.1; +http://www.google.com/bot.html)"
66.249.70.165 - - [28/Jun/2007:18:27:06 -0400] "GET /logs/error.log HTTP/1.1" 200 64115 "-" "Mozilla/5.0 (compatible; Googlebot/2.1; +http://www.google.com/bot.html)"
66.56.200.122 - - [28/Jun/2007:20:10:38 -0400] "GET / HTTP/1.1" 200 787 "http://www.sportbikerecycler.com/main.html" "Mozilla/4.0 (compatible; MSIE 7.0; Windows NT 5.1; FunWebProducts; .NET CLR 2.0.50727)"
66.56.200.122 - - [28/Jun/2007:20:10:38 -0400] "GET /icons/blank.gif HTTP/1.1" 200 148 "http://www.sportbikerecyclers.com/" "Mozilla/4.0 (compatible; MSIE 7.0; Windows NT 5.1; FunWebProducts; .NET CLR 2.0.50727)"
66.56.200.122 - - [28/Jun/2007:20:10:38 -0400] "GET /icons/folder.gif HTTP/1.1" 200 225 "http://www.sportbikerecyclers.com/" "Mozilla/4.0 (compatible; MSIE 7.0; Windows NT 5.1; FunWebProducts; .NET CLR 2.0.50727)"
66.56.200.122 - - [28/Jun/2007:20:10:38 -0400] "GET /favicon.ico HTTP/1.1" 404 370 "-" "Mozilla/4.0 (compatible; MSIE 7.0; Windows NT 5.1; FunWebProducts; .NET CLR 2.0.50727)"
74.6.74.162 - - [29/Jun/2007:03:40:19 -0400] "GET /robots.txt HTTP/1.0" 404 369 "-" "Mozilla/5.0 (compatible; Yahoo! Slurp; http://help.yahoo.com/help/us/ysearch/slurp)"
74.6.65.227 - - [29/Jun/2007:03:40:30 -0400] "GET / HTTP/1.0" 200 787 "-" "Mozilla/5.0 (compatible; Yahoo! Slurp; http://help.yahoo.com/help/us/ysearch/slurp)"
66.249.70.165 - - [29/Jun/2007:17:05:41 -0400] "GET /robots.txt HTTP/1.1" 404 369 "-" "Mozilla/5.0 (compatible; Googlebot/2.1; +http://www.google.com/bot.html)"
66.249.70.165 - - [29/Jun/2007:17:05:41 -0400] "GET /logs/ HTTP/1.1" 200 1145 "-" "Mozilla/5.0 (compatible; Googlebot/2.1; +http://www.google.com/bot.html)"
66.249.70.165 - - [29/Jun/2007:19:30:20 -0400] "GET /logs/?C=M;O=A HTTP/1.1" 200 1145 "-" "Mozilla/5.0 (compatible; Googlebot/2.1; +http://www.google.com/bot.html)"
66.249.70.165 - - [29/Jun/2007:21:55:58 -0400] "GET /robots.txt HTTP/1.1" 404 370 "-" "Mozilla/5.0 (compatible; Googlebot/2.1; +http://www.google.com/bot.html)"
66.249.70.165 - - [29/Jun/2007:21:55:58 -0400] "GET /logs/ HTTP/1.1" 200 1146 "-" "Mozilla/5.0 (compatible; Googlebot/2.1; +http://www.google.com/bot.html)"
130.203.154.237 - - [30/Jun/2007:02:54:13 -0400] "GET /robots.txt HTTP/1.1" 404 365 "-" "Mozilla/5.0 (Windows; Mozilla 4.0(compatible; Botseer/1.0; +http://botseer.ist.psu.edu); en-US;)"
74.6.68.121 - - [30/Jun/2007:03:02:14 -0400] "GET /robots.txt HTTP/1.0" 404 370 "-" "Mozilla/5.0 (compatible; Yahoo! Slurp; http://help.yahoo.com/help/us/ysearch/slurp)"
74.6.69.82 - - [30/Jun/2007:03:02:15 -0400] "GET / HTTP/1.0" 200 788 "-" "Mozilla/5.0 (compatible; Yahoo! Slurp; http://help.yahoo.com/help/us/ysearch/slurp)"
208.36.144.8 - - [30/Jun/2007:10:24:06 -0400] "GET /robots.txt HTTP/1.0" 404 370 "-" "Mozilla/5.0 (Twiceler-0.9 http://www.cuill.com/twiceler/robot.html)"
66.249.70.165 - - [30/Jun/2007:17:49:18 -0400] "GET /robots.txt HTTP/1.1" 404 370 "-" "Mozilla/5.0 (compatible; Googlebot/2.1; +http://www.google.com/bot.html)"
66.249.70.165 - - [30/Jun/2007:17:49:18 -0400] "GET /logs/access.log HTTP/1.1" 200 354860 "-" "Mozilla/5.0 (compatible; Googlebot/2.1; +http://www.google.com/bot.html)"
128.194.135.94 - - [30/Jun/2007:20:59:46 -0400] "GET /robots.txt HTTP/1.1" 404 370 "-" "IRLbot/3.0 (compatible; MSIE 6.0; http://irl.cs.tamu.edu/crawler)"
75.90.227.123 - - [30/Jun/2007:21:25:33 -0400] "GET / HTTP/1.1" 200 787 "http://www.sportbikerecycler.com/main.html" "Mozilla/4.0 (compatible; MSIE 6.0; Windows NT 5.1; SV1)"
75.90.227.123 - - [30/Jun/2007:21:25:33 -0400] "GET /icons/blank.gif HTTP/1.1" 304 - "http://www.sportbikerecyclers.com/" "Mozilla/4.0 (compatible; MSIE 6.0; Windows NT 5.1; SV1)"
75.90.227.123 - - [30/Jun/2007:21:25:33 -0400] "GET /icons/folder.gif HTTP/1.1" 304 - "http://www.sportbikerecyclers.com/" "Mozilla/4.0 (compatible; MSIE 6.0; Windows NT 5.1; SV1)"
66.249.70.165 - - [30/Jun/2007:23:00:49 -0400] "GET /robots.txt HTTP/1.1" 404 369 "-" "Mozilla/5.0 (compatible; Googlebot/2.1; +http://www.google.com/bot.html)"
66.249.70.165 - - [30/Jun/2007:23:00:49 -0400] "GET /logs/access.log HTTP/1.1" 200 355881 "-" "Mozilla/5.0 (compatible; Googlebot/2.1; +http://www.google.com/bot.html)"
72.30.177.224 - - [01/Jul/2007:10:20:47 -0400] "GET /robots.txt HTTP/1.0" 404 366 "-" "Mozilla/5.0 (compatible; Yahoo! Slurp; http://help.yahoo.com/help/us/ysearch/slurp)"
74.6.65.232 - - [01/Jul/2007:10:21:13 -0400] "GET / HTTP/1.0" 200 784 "-" "Mozilla/5.0 (compatible; Yahoo! Slurp; http://help.yahoo.com/help/us/ysearch/slurp)"
66.249.70.165 - - [01/Jul/2007:22:24:01 -0400] "GET /robots.txt HTTP/1.1" 404 370 "-" "Mozilla/5.0 (compatible; Googlebot/2.1; +http://www.google.com/bot.html)"
66.249.70.165 - - [01/Jul/2007:22:24:01 -0400] "GET /logs/error.log HTTP/1.1" 200 65578 "-" "Mozilla/5.0 (compatible; Googlebot/2.1; +http://www.google.com/bot.html)"
74.6.68.121 - - [02/Jul/2007:09:08:01 -0400] "GET /robots.txt HTTP/1.0" 404 370 "-" "Mozilla/5.0 (compatible; Yahoo! Slurp; http://help.yahoo.com/help/us/ysearch/slurp)"
74.6.69.82 - - [02/Jul/2007:09:08:02 -0400] "GET / HTTP/1.0" 200 788 "-" "Mozilla/5.0 (compatible; Yahoo! Slurp; http://help.yahoo.com/help/us/ysearch/slurp)"
64.246.165.150 - - [02/Jul/2007:09:24:47 -0400] "GET /robots.txt HTTP/1.0" 404 369 "http://www.whois.sc/" "SurveyBot/2.3 (Whois Source)"
64.246.165.150 - - [02/Jul/2007:09:24:48 -0400] "GET / HTTP/1.1" 206 787 "http://www.whois.sc/sportbikerecyclers.com" "SurveyBot/2.3 (Whois Source)"
66.249.70.165 - - [02/Jul/2007:09:26:58 -0400] "GET /robots.txt HTTP/1.1" 404 369 "-" "Mozilla/5.0 (compatible; Googlebot/2.1; +http://www.google.com/bot.html)"
66.249.70.165 - - [02/Jul/2007:09:26:58 -0400] "GET /logs/error.log HTTP/1.1" 200 65974 "-" "Mozilla/5.0 (compatible; Googlebot/2.1; +http://www.google.com/bot.html)"
216.145.5.42 - - [02/Jul/2007:12:56:13 -0400] "GET /robots.txt HTTP/1.0" 404 370 "http://www.whois.sc/" "SurveyBot/2.3 (Whois Source)"
216.145.5.42 - - [02/Jul/2007:12:56:13 -0400] "GET / HTTP/1.1" 206 788 "http://www.whois.sc/usedmotorcycleparts.biz" "SurveyBot/2.3 (Whois Source)"
152.163.100.143 - - [02/Jul/2007:18:38:23 -0400] "GET / HTTP/1.1" 200 787 "http://sportbikerecycler.com/main.html" "Mozilla/4.0 (compatible; MSIE 6.0; AOL 9.0; Windows NT 5.1; YComp 5.0.0.0; SV1; FunWebProducts; .NET CLR 1.0.3705)"
152.163.100.72 - - [02/Jul/2007:18:38:23 -0400] "GET /icons/folder.gif HTTP/1.1" 200 225 "http://www.sportbikerecyclers.com/" "Mozilla/4.0 (compatible; MSIE 6.0; AOL 9.0; Windows NT 5.1; YComp 5.0.0.0; SV1; FunWebProducts; .NET CLR 1.0.3705)"
152.163.100.18 - - [02/Jul/2007:18:38:25 -0400] "GET /icons/blank.gif HTTP/1.1" 200 148 "http://www.sportbikerecyclers.com/" "Mozilla/4.0 (compatible; MSIE 6.0; AOL 9.0; Windows NT 5.1; YComp 5.0.0.0; SV1; FunWebProducts; .NET CLR 1.0.3705)"
208.36.144.8 - - [03/Jul/2007:04:39:24 -0400] "GET /?C=D;O=A HTTP/1.0" 200 788 "-" "Mozilla/5.0 (Twiceler-0.9 http://www.cuill.com/twiceler/robot.html)"
66.249.70.165 - - [03/Jul/2007:04:50:31 -0400] "GET /robots.txt HTTP/1.1" 404 370 "-" "Mozilla/5.0 (compatible; Googlebot/2.1; +http://www.google.com/bot.html)"
66.249.70.165 - - [03/Jul/2007:04:50:31 -0400] "GET /logs/?C=D;O=A HTTP/1.1" 200 1146 "-" "Mozilla/5.0 (compatible; Googlebot/2.1; +http://www.google.com/bot.html)"
66.249.70.165 - - [03/Jul/2007:07:35:09 -0400] "GET /robots.txt HTTP/1.1" 404 369 "-" "Mozilla/5.0 (compatible; Googlebot/2.1; +http://www.google.com/bot.html)"
66.249.70.165 - - [03/Jul/2007:07:35:09 -0400] "GET /?C=D;O=A HTTP/1.1" 200 787 "-" "Mozilla/5.0 (compatible; Googlebot/2.1; +http://www.google.com/bot.html)"
66.249.70.165 - - [03/Jul/2007:07:40:23 -0400] "GET / HTTP/1.1" 200 787 "-" "Mozilla/5.0 (compatible; Googlebot/2.1; +http://www.google.com/bot.html)"
66.249.70.165 - - [03/Jul/2007:09:14:28 -0400] "GET /?C=D;O=D HTTP/1.1" 200 787 "-" "Mozilla/5.0 (compatible; Googlebot/2.1; +http://www.google.com/bot.html)"
66.249.70.165 - - [03/Jul/2007:09:42:09 -0400] "GET /logs/?C=M;O=A HTTP/1.1" 200 1145 "-" "Mozilla/5.0 (compatible; Googlebot/2.1; +http://www.google.com/bot.html)"
208.36.144.8 - - [03/Jul/2007:12:41:09 -0400] "GET /?C=N;O=D HTTP/1.0" 200 788 "-" "Mozilla/5.0 (Twiceler-0.9 http://www.cuill.com/twiceler/robot.html)"
66.249.70.165 - - [03/Jul/2007:13:45:13 -0400] "GET /robots.txt HTTP/1.1" 404 370 "-" "Mozilla/5.0 (compatible; Googlebot/2.1; +http://www.google.com/bot.html)"
66.249.70.165 - - [03/Jul/2007:13:45:13 -0400] "GET /logs/ HTTP/1.1" 200 1146 "-" "Mozilla/5.0 (compatible; Googlebot/2.1; +http://www.google.com/bot.html)"
72.30.177.224 - - [03/Jul/2007:14:03:38 -0400] "GET /robots.txt HTTP/1.0" 404 366 "-" "Mozilla/5.0 (compatible; Yahoo! Slurp; http://help.yahoo.com/help/us/ysearch/slurp)"
74.6.65.232 - - [03/Jul/2007:14:03:51 -0400] "GET / HTTP/1.0" 200 784 "-" "Mozilla/5.0 (compatible; Yahoo! Slurp; http://help.yahoo.com/help/us/ysearch/slurp)"
66.249.70.165 - - [03/Jul/2007:14:09:36 -0400] "GET /?C=N;O=D HTTP/1.1" 200 788 "-" "Mozilla/5.0 (compatible; Googlebot/2.1; +http://www.google.com/bot.html)"
63.123.238.8 - - [03/Jul/2007:17:34:27 -0400] "GET /robots.txt HTTP/1.1" 404 370 "-" "Mozilla/2.0 (compatible; Ask Jeeves/Teoma)"
63.123.238.8 - - [03/Jul/2007:17:34:27 -0400] "GET / HTTP/1.1" 200 788 "-" "Mozilla/2.0 (compatible; Ask Jeeves/Teoma)"
74.208.68.53 - - [03/Jul/2007:21:45:29 -0400] "GET / HTTP/1.0" 200 787 "-" "Mozilla/4.0 (compatible; MSIE 6.0; Windows NT 5.1; SV1; .NET CLR 1.1.4322; .NET CLR 2.0.50727)"
74.208.71.187 - - [03/Jul/2007:21:48:03 -0400] "GET /logs/ HTTP/1.0" 200 1145 "-" "Mozilla/4.0 (compatible; MSIE 6.0; Windows NT 5.1; SV1; .NET CLR 1.1.4322; .NET CLR 2.0.50727)"
72.20.109.36 - - [03/Jul/2007:22:59:30 -0400] "GET /robots.txt HTTP/1.1" 404 369 "-" "GurujiBot/1.0 (+http://www.guruji.com/en/WebmasterFAQ.html)"
72.20.109.36 - - [03/Jul/2007:22:59:31 -0400] "GET / HTTP/1.1" 200 787 "-" "GurujiBot/1.0 (+http://www.guruji.com/en/WebmasterFAQ.html)"
128.194.135.94 - - [04/Jul/2007:04:58:35 -0400] "GET / HTTP/1.1" 200 788 "-" "IRLbot/3.0 (compatible; MSIE 6.0; http://irl.cs.tamu.edu/crawler)"
88.239.61.174 - - [04/Jul/2007:17:29:05 -0400] "PUT /sina.html HTTP/1.0" 404 365 "-" "Microsoft Data Access Internet Publishing Provider DAV 1.1"
88.239.61.174 - - [04/Jul/2007:17:29:13 -0400] "PUT /sina.html HTTP/1.0" 404 369 "-" "Microsoft Data Access Internet Publishing Provider DAV 1.1"
88.239.61.174 - - [04/Jul/2007:17:32:56 -0400] "PUT /sina.html HTTP/1.0" 404 365 "-" "Microsoft Data Access Internet Publishing Provider DAV 1.1"
88.239.61.174 - - [04/Jul/2007:17:33:15 -0400] "PUT /sina.html HTTP/1.0" 404 369 "-" "Microsoft Data Access Internet Publishing Provider DAV 1.1"
74.6.68.121 - - [05/Jul/2007:04:56:24 -0400] "GET /robots.txt HTTP/1.0" 404 370 "-" "Mozilla/5.0 (compatible; Yahoo! Slurp; http://help.yahoo.com/help/us/ysearch/slurp)"
74.6.69.82 - - [05/Jul/2007:04:56:24 -0400] "GET / HTTP/1.0" 200 788 "-" "Mozilla/5.0 (compatible; Yahoo! Slurp; http://help.yahoo.com/help/us/ysearch/slurp)"
74.6.74.162 - - [05/Jul/2007:08:08:36 -0400] "GET /robots.txt HTTP/1.0" 404 369 "-" "Mozilla/5.0 (compatible; Yahoo! Slurp; http://help.yahoo.com/help/us/ysearch/slurp)"
74.6.65.227 - - [05/Jul/2007:08:08:39 -0400] "GET / HTTP/1.0" 200 787 "-" "Mozilla/5.0 (compatible; Yahoo! Slurp; http://help.yahoo.com/help/us/ysearch/slurp)"
194.72.238.61 - - [05/Jul/2007:15:29:33 -0400] "HEAD / HTTP/1.1" 200 - "http://www.netcraft.com/survey/" "Mozilla/4.0 (compatible; Netcraft Web Server Survey)"
208.36.144.8 - - [05/Jul/2007:17:11:35 -0400] "GET /?C=M;O=A HTTP/1.0" 200 788 "-" "Mozilla/5.0 (Twiceler-0.9 http://www.cuill.com/twiceler/robot.html)"
66.249.70.165 - - [05/Jul/2007:18:15:08 -0400] "GET /robots.txt HTTP/1.1" 404 370 "-" "Mozilla/5.0 (compatible; Googlebot/2.1; +http://www.google.com/bot.html)"
66.249.70.165 - - [05/Jul/2007:18:15:08 -0400] "GET / HTTP/1.1" 200 788 "-" "Mozilla/5.0 (compatible; Googlebot/2.1; +http://www.google.com/bot.html)"
66.249.70.165 - - [05/Jul/2007:19:13:39 -0400] "GET /?C=S;O=A HTTP/1.1" 200 788 "-" "Mozilla/5.0 (compatible; Googlebot/2.1; +http://www.google.com/bot.html)"
72.30.177.224 - - [05/Jul/2007:19:28:56 -0400] "GET /robots.txt HTTP/1.0" 404 366 "-" "Mozilla/5.0 (compatible; Yahoo! Slurp; http://help.yahoo.com/help/us/ysearch/slurp)"
74.6.65.232 - - [05/Jul/2007:19:28:56 -0400] "GET / HTTP/1.0" 200 784 "-" "Mozilla/5.0 (compatible; Yahoo! Slurp; http://help.yahoo.com/help/us/ysearch/slurp)"
66.249.70.165 - - [05/Jul/2007:19:40:16 -0400] "GET /robots.txt HTTP/1.1" 404 369 "-" "Mozilla/5.0 (compatible; Googlebot/2.1; +http://www.google.com/bot.html)"
66.249.70.165 - - [05/Jul/2007:19:40:16 -0400] "GET /logs/?C=S;O=A HTTP/1.1" 200 1145 "-" "Mozilla/5.0 (compatible; Googlebot/2.1; +http://www.google.com/bot.html)"
24.207.49.62 - - [05/Jul/2007:23:24:46 -0400] "GET / HTTP/1.1" 200 787 "http://www.sportbike.org/main.html" "Mozilla/4.0 (compatible; MSIE 7.0; Windows NT 5.1; (R1 1.5); .NET CLR 1.1.4322; .NET CLR 2.0.50727)"
24.207.49.62 - - [05/Jul/2007:23:24:46 -0400] "GET /icons/blank.gif HTTP/1.1" 200 148 "http://www.sportbikerecyclers.com/" "Mozilla/4.0 (compatible; MSIE 7.0; Windows NT 5.1; (R1 1.5); .NET CLR 1.1.4322; .NET CLR 2.0.50727)"
24.207.49.62 - - [05/Jul/2007:23:24:46 -0400] "GET /icons/folder.gif HTTP/1.1" 200 225 "http://www.sportbikerecyclers.com/" "Mozilla/4.0 (compatible; MSIE 7.0; Windows NT 5.1; (R1 1.5); .NET CLR 1.1.4322; .NET CLR 2.0.50727)"
24.207.49.62 - - [05/Jul/2007:23:24:46 -0400] "GET /favicon.ico HTTP/1.1" 404 370 "-" "Mozilla/4.0 (compatible; MSIE 7.0; Windows NT 5.1; (R1 1.5); .NET CLR 1.1.4322; .NET CLR 2.0.50727)"
24.207.49.62 - - [05/Jul/2007:23:24:46 -0400] "GET /favicon.ico HTTP/1.1" 404 370 "-" "Mozilla/4.0 (compatible; MSIE 7.0; Windows NT 5.1; (R1 1.5); .NET CLR 1.1.4322; .NET CLR 2.0.50727)"
66.249.70.165 - - [06/Jul/2007:15:01:15 -0400] "GET /robots.txt HTTP/1.1" 404 369 "-" "Mozilla/5.0 (compatible; Googlebot/2.1; +http://www.google.com/bot.html)"
66.249.70.165 - - [06/Jul/2007:15:01:16 -0400] "GET /?C=M;O=A HTTP/1.1" 200 787 "-" "Mozilla/5.0 (compatible; Googlebot/2.1; +http://www.google.com/bot.html)"
66.249.70.165 - - [06/Jul/2007:16:59:40 -0400] "GET /?C=M;O=D HTTP/1.1" 200 787 "-" "Mozilla/5.0 (compatible; Googlebot/2.1; +http://www.google.com/bot.html)"
66.249.70.165 - - [06/Jul/2007:17:09:39 -0400] "GET /logs/error.log HTTP/1.1" 200 68376 "-" "Mozilla/5.0 (compatible; Googlebot/2.1; +http://www.google.com/bot.html)"
208.36.144.8 - - [07/Jul/2007:20:43:05 -0400] "GET /logs/ HTTP/1.0" 200 1146 "-" "Mozilla/5.0 (Twiceler-0.9 http://www.cuill.com/twiceler/robot.html)"
74.6.74.162 - - [08/Jul/2007:00:41:53 -0400] "GET /robots.txt HTTP/1.0" 404 369 "-" "Mozilla/5.0 (compatible; Yahoo! Slurp; http://help.yahoo.com/help/us/ysearch/slurp)"
74.6.65.227 - - [08/Jul/2007:00:41:53 -0400] "GET / HTTP/1.0" 200 787 "-" "Mozilla/5.0 (compatible; Yahoo! Slurp; http://help.yahoo.com/help/us/ysearch/slurp)"
66.249.70.165 - - [08/Jul/2007:00:50:24 -0400] "GET /robots.txt HTTP/1.1" 404 369 "-" "Mozilla/5.0 (compatible; Googlebot/2.1; +http://www.google.com/bot.html)"
66.249.70.165 - - [08/Jul/2007:00:50:24 -0400] "GET /logs/?C=M;O=A HTTP/1.1" 200 1145 "-" "Mozilla/5.0 (compatible; Googlebot/2.1; +http://www.google.com/bot.html)"
72.30.177.224 - - [08/Jul/2007:02:07:24 -0400] "GET /robots.txt HTTP/1.0" 404 366 "-" "Mozilla/5.0 (compatible; Yahoo! Slurp; http://help.yahoo.com/help/us/ysearch/slurp)"
74.6.65.232 - - [08/Jul/2007:02:07:24 -0400] "GET / HTTP/1.0" 200 784 "-" "Mozilla/5.0 (compatible; Yahoo! Slurp; http://help.yahoo.com/help/us/ysearch/slurp)"
66.249.70.165 - - [08/Jul/2007:02:12:42 -0400] "GET /robots.txt HTTP/1.1" 404 370 "-" "Mozilla/5.0 (compatible; Googlebot/2.1; +http://www.google.com/bot.html)"
66.249.70.165 - - [08/Jul/2007:02:12:42 -0400] "GET /logs/ HTTP/1.1" 200 1146 "-" "Mozilla/5.0 (compatible; Googlebot/2.1; +http://www.google.com/bot.html)"
74.6.65.237 - - [08/Jul/2007:13:16:30 -0400] "GET /robots.txt HTTP/1.0" 404 370 "-" "Mozilla/5.0 (compatible; Yahoo! Slurp; http://help.yahoo.com/help/us/ysearch/slurp)"
74.6.69.82 - - [08/Jul/2007:13:16:50 -0400] "GET / HTTP/1.0" 200 788 "-" "Mozilla/5.0 (compatible; Yahoo! Slurp; http://help.yahoo.com/help/us/ysearch/slurp)"
128.194.135.94 - - [08/Jul/2007:17:21:54 -0400] "GET /?C=N;O=D HTTP/1.1" 200 788 "-" "IRLbot/3.0 (compatible; MSIE 6.0; http://irl.cs.tamu.edu/crawler)"
128.194.135.94 - - [08/Jul/2007:17:22:39 -0400] "GET /logs/ HTTP/1.1" 200 1146 "-" "IRLbot/3.0 (compatible; MSIE 6.0; http://irl.cs.tamu.edu/crawler)"
128.194.135.94 - - [08/Jul/2007:17:23:22 -0400] "GET /?C=S;O=A HTTP/1.1" 200 788 "-" "IRLbot/3.0 (compatible; MSIE 6.0; http://irl.cs.tamu.edu/crawler)"
128.194.135.94 - - [08/Jul/2007:17:24:11 -0400] "GET /?C=D;O=A HTTP/1.1" 200 788 "-" "IRLbot/3.0 (compatible; MSIE 6.0; http://irl.cs.tamu.edu/crawler)"
128.194.135.94 - - [08/Jul/2007:17:25:02 -0400] "GET /?C=M;O=A HTTP/1.1" 200 788 "-" "IRLbot/3.0 (compatible; MSIE 6.0; http://irl.cs.tamu.edu/crawler)"
66.249.70.165 - - [08/Jul/2007:18:06:56 -0400] "GET /robots.txt HTTP/1.1" 404 370 "-" "Mozilla/5.0 (compatible; Googlebot/2.1; +http://www.google.com/bot.html)"
66.249.70.165 - - [08/Jul/2007:18:06:56 -0400] "GET /logs/access.log HTTP/1.1" 200 368997 "-" "Mozilla/5.0 (compatible; Googlebot/2.1; +http://www.google.com/bot.html)"
70.85.114.58 - - [08/Jul/2007:18:21:31 -0400] "GET /robots.txt HTTP/1.1" 404 369 "www.sportbikerecyclers.com" "Pingdom GIGRIB (http://www.pingdom.com)"
70.85.114.58 - - [08/Jul/2007:18:24:21 -0400] "GET // HTTP/1.1" 200 787 "http://www.pingdom.com/tools/fpt/?url=www.sportbikerecyclers.com" "Pingdom GIGRIB (http://www.pingdom.com)"
74.6.24.211 - - [08/Jul/2007:19:00:28 -0400] "GET /robots.txt HTTP/1.0" 404 369 "-" "Mozilla/5.0 (compatible; Yahoo! Slurp; http://help.yahoo.com/help/us/ysearch/slurp)"
74.6.24.217 - - [08/Jul/2007:19:00:28 -0400] "GET / HTTP/1.0" 200 787 "-" "Mozilla/5.0 (compatible; Yahoo! Slurp; http://help.yahoo.com/help/us/ysearch/slurp)"
208.36.144.8 - - [08/Jul/2007:19:21:21 -0400] "GET /robots.txt HTTP/1.0" 404 370 "-" "Mozilla/5.0 (Twiceler-0.9 http://www.cuill.com/twiceler/robot.html)"
65.222.176.123 - - [08/Jul/2007:20:41:57 -0400] "GET / HTTP/1.1" 200 787 "-" "Mozilla/4.0 (compatible; MSIE 6.0; Windows XP)"
65.222.176.123 - - [08/Jul/2007:20:42:06 -0400] "GET /logs/ HTTP/1.1" 200 1145 "http://www.sportbikerecyclers.com/" "Mozilla/4.0 (compatible; MSIE 6.0; Windows XP)"
65.222.176.123 - - [08/Jul/2007:20:42:12 -0400] "GET /logs/access.log HTTP/1.1" 200 370275 "http://www.sportbikerecyclers.com/logs/" "Mozilla/4.0 (compatible; MSIE 6.0; Windows XP)"
65.222.176.123 - - [08/Jul/2007:20:42:15 -0400] "GET /logs/error.log HTTP/1.1" 200 69503 "http://www.sportbikerecyclers.com/logs/" "Mozilla/4.0 (compatible; MSIE 6.0; Windows XP)"
66.249.70.165 - - [08/Jul/2007:21:09:16 -0400] "GET /robots.txt HTTP/1.1" 404 369 "-" "Mozilla/5.0 (compatible; Googlebot/2.1; +http://www.google.com/bot.html)"
66.249.70.165 - - [08/Jul/2007:21:09:16 -0400] "GET /logs/access.log HTTP/1.1" 200 370798 "-" "Mozilla/5.0 (compatible; Googlebot/2.1; +http://www.google.com/bot.html)"
66.98.148.24 - - [08/Jul/2007:22:25:30 -0400] "GET /robots.txt HTTP/1.1" 404 370 "www.usedmotorcycleparts.biz" "Pingdom GIGRIB (http://www.pingdom.com)"
66.98.148.24 - - [08/Jul/2007:22:28:04 -0400] "GET // HTTP/1.1" 200 788 "http://www.pingdom.com/tools/fpt/?url=www.usedmotorcycleparts.biz" "Pingdom GIGRIB (http://www.pingdom.com)"
74.52.245.146 - - [09/Jul/2007:01:45:16 -0400] "GET / HTTP/1.0" 200 787 "-" "Mozilla/5.0 (X11; U; Linux i686; en-US; rv:1.7.5) Gecko/20041107 Firefox/1.0"
208.36.144.8 - - [09/Jul/2007:03:04:32 -0400] "GET /?C=S;O=A HTTP/1.0" 200 788 "-" "Mozilla/5.0 (Twiceler-0.9 http://www.cuill.com/twiceler/robot.html)"
80.78.22.4 - - [09/Jul/2007:06:25:38 -0400] "GET /favicon.ico HTTP/1.0" 404 370 "-" "Mozilla/4.0 (compatible; MSIE 7.0; Windows NT 5.1; .NET CLR 1.1.4322)"
80.78.22.4 - - [09/Jul/2007:06:25:38 -0400] "GET / HTTP/1.0" 200 787 "http://www.sportbikerecycler.com/main.html" "Mozilla/4.0 (compatible; MSIE 7.0; Windows NT 5.1; .NET CLR 1.1.4322)"
80.78.22.4 - - [09/Jul/2007:06:25:39 -0400] "GET /icons/blank.gif HTTP/1.0" 200 148 "http://www.sportbikerecyclers.com/" "Mozilla/4.0 (compatible; MSIE 7.0; Windows NT 5.1; .NET CLR 1.1.4322)"
80.78.22.4 - - [09/Jul/2007:06:25:39 -0400] "GET /icons/folder.gif HTTP/1.0" 200 225 "http://www.sportbikerecyclers.com/" "Mozilla/4.0 (compatible; MSIE 7.0; Windows NT 5.1; .NET CLR 1.1.4322)"
80.78.22.4 - - [09/Jul/2007:06:25:48 -0400] "GET /logs/ HTTP/1.0" 200 1145 "http://www.sportbikerecyclers.com/" "Mozilla/4.0 (compatible; MSIE 7.0; Windows NT 5.1; .NET CLR 1.1.4322)"
80.78.22.4 - - [09/Jul/2007:06:25:48 -0400] "GET /icons/back.gif HTTP/1.0" 200 216 "http://www.sportbikerecyclers.com/logs/" "Mozilla/4.0 (compatible; MSIE 7.0; Windows NT 5.1; .NET CLR 1.1.4322)"
80.78.22.4 - - [09/Jul/2007:06:25:48 -0400] "GET /icons/unknown.gif HTTP/1.0" 200 245 "http://www.sportbikerecyclers.com/logs/" "Mozilla/4.0 (compatible; MSIE 7.0; Windows NT 5.1; .NET CLR 1.1.4322)"
64.246.165.210 - - [09/Jul/2007:10:22:19 -0400] "GET /robots.txt HTTP/1.0" 404 369 "http://www.whois.sc/" "SurveyBot/2.3 (Whois Source)"
64.246.165.210 - - [09/Jul/2007:10:22:19 -0400] "GET / HTTP/1.1" 206 787 "http://www.whois.sc/sportbikerecyclers.com" "SurveyBot/2.3 (Whois Source)"
66.249.70.165 - - [09/Jul/2007:12:45:13 -0400] "GET /robots.txt HTTP/1.1" 404 370 "-" "Mozilla/5.0 (compatible; Googlebot/2.1; +http://www.google.com/bot.html)"
66.249.70.165 - - [09/Jul/2007:12:45:13 -0400] "GET /logs/error.log HTTP/1.1" 200 70180 "-" "Mozilla/5.0 (compatible; Googlebot/2.1; +http://www.google.com/bot.html)"
64.246.165.150 - - [09/Jul/2007:14:09:14 -0400] "GET /robots.txt HTTP/1.0" 404 370 "http://www.whois.sc/" "SurveyBot/2.3 (Whois Source)"
64.246.165.150 - - [09/Jul/2007:14:09:14 -0400] "GET / HTTP/1.1" 206 788 "http://www.whois.sc/usedmotorcycleparts.biz" "SurveyBot/2.3 (Whois Source)"
216.110.82.226 - - [09/Jul/2007:16:45:35 -0400] "GET / HTTP/1.1" 200 787 "http://www.sportbikerecycler.com/main.html" "Mozilla/4.0 (compatible; MSIE 7.0; Windows NT 6.0; SLCC1; .NET CLR 2.0.50727; .NET CLR 3.0.04506; .NET CLR 1.1.4322; InfoPath.2)"
216.110.82.226 - - [09/Jul/2007:16:45:35 -0400] "GET /icons/blank.gif HTTP/1.1" 200 148 "http://www.sportbikerecyclers.com/" "Mozilla/4.0 (compatible; MSIE 7.0; Windows NT 6.0; SLCC1; .NET CLR 2.0.50727; .NET CLR 3.0.04506; .NET CLR 1.1.4322; InfoPath.2)"
216.110.82.226 - - [09/Jul/2007:16:45:36 -0400] "GET /icons/folder.gif HTTP/1.1" 200 225 "http://www.sportbikerecyclers.com/" "Mozilla/4.0 (compatible; MSIE 7.0; Windows NT 6.0; SLCC1; .NET CLR 2.0.50727; .NET CLR 3.0.04506; .NET CLR 1.1.4322; InfoPath.2)"
216.110.82.226 - - [09/Jul/2007:16:45:36 -0400] "GET /favicon.ico HTTP/1.1" 404 370 "-" "Mozilla/4.0 (compatible; MSIE 7.0; Windows NT 6.0; SLCC1; .NET CLR 2.0.50727; .NET CLR 3.0.04506; .NET CLR 1.1.4322; InfoPath.2)"
74.6.19.119 - - [09/Jul/2007:20:06:03 -0400] "GET /robots.txt HTTP/1.0" 404 370 "-" "Mozilla/5.0 (compatible; Yahoo! Slurp; http://help.yahoo.com/help/us/ysearch/slurp)"
74.6.25.211 - - [09/Jul/2007:20:06:03 -0400] "GET /logs/ HTTP/1.0" 200 1146 "-" "Mozilla/5.0 (compatible; Yahoo! Slurp; http://help.yahoo.com/help/us/ysearch/slurp)"
66.249.70.165 - - [10/Jul/2007:10:24:53 -0400] "GET /robots.txt HTTP/1.1" 404 369 "-" "Googlebot-Image/1.0"
66.249.70.165 - - [10/Jul/2007:10:24:53 -0400] "GET /icons/unknown.gif HTTP/1.1" 200 245 "-" "Googlebot-Image/1.0"
66.249.70.165 - - [10/Jul/2007:11:27:38 -0400] "GET /icons/back.gif HTTP/1.1" 200 216 "-" "Googlebot-Image/1.0"
63.123.238.8 - - [10/Jul/2007:13:53:30 -0400] "GET /robots.txt HTTP/1.1" 404 370 "-" "Mozilla/2.0 (compatible; Ask Jeeves/Teoma)"
63.123.238.8 - - [10/Jul/2007:13:53:30 -0400] "GET / HTTP/1.1" 200 788 "-" "Mozilla/2.0 (compatible; Ask Jeeves/Teoma)"
66.249.70.165 - - [10/Jul/2007:16:47:20 -0400] "GET /robots.txt HTTP/1.1" 404 369 "-" "Googlebot-Image/1.0"
66.249.70.165 - - [10/Jul/2007:16:47:21 -0400] "GET /icons/folder.gif HTTP/1.1" 200 225 "-" "Googlebot-Image/1.0"
71.59.82.186 - - [10/Jul/2007:17:04:35 -0400] "GET / HTTP/1.1" 200 787 "http://www.sportbike.org/main.html" "Mozilla/4.0 (compatible; MSIE 6.0; Windows NT 5.1)"
71.59.82.186 - - [10/Jul/2007:17:04:35 -0400] "GET /icons/blank.gif HTTP/1.1" 200 148 "http://www.sportbikerecyclers.com/" "Mozilla/4.0 (compatible; MSIE 6.0; Windows NT 5.1)"
71.59.82.186 - - [10/Jul/2007:17:04:35 -0400] "GET /icons/folder.gif HTTP/1.1" 200 225 "http://www.sportbikerecyclers.com/" "Mozilla/4.0 (compatible; MSIE 6.0; Windows NT 5.1)"
71.59.82.186 - - [10/Jul/2007:17:04:39 -0400] "GET /logs/ HTTP/1.1" 200 1145 "http://www.sportbikerecyclers.com/" "Mozilla/4.0 (compatible; MSIE 6.0; Windows NT 5.1)"
71.59.82.186 - - [10/Jul/2007:17:04:39 -0400] "GET /icons/back.gif HTTP/1.1" 200 216 "http://www.sportbikerecyclers.com/logs/" "Mozilla/4.0 (compatible; MSIE 6.0; Windows NT 5.1)"
71.59.82.186 - - [10/Jul/2007:17:04:39 -0400] "GET /icons/unknown.gif HTTP/1.1" 200 245 "http://www.sportbikerecyclers.com/logs/" "Mozilla/4.0 (compatible; MSIE 6.0; Windows NT 5.1)"
71.59.82.186 - - [10/Jul/2007:17:04:41 -0400] "GET / HTTP/1.1" 200 787 "http://www.sportbikerecyclers.com/logs/" "Mozilla/4.0 (compatible; MSIE 6.0; Windows NT 5.1)"
71.59.82.186 - - [10/Jul/2007:17:04:43 -0400] "GET /logs/ HTTP/1.1" 200 1145 "http://www.sportbikerecyclers.com/" "Mozilla/4.0 (compatible; MSIE 6.0; Windows NT 5.1)"
71.59.82.186 - - [10/Jul/2007:17:04:44 -0400] "GET /logs/access.log HTTP/1.1" 200 377322 "http://www.sportbikerecyclers.com/logs/" "Mozilla/4.0 (compatible; MSIE 6.0; Windows NT 5.1)"
68.250.183.4 - - [10/Jul/2007:17:17:07 -0400] "GET / HTTP/1.1" 200 787 "-" "Mozilla/4.0 (compatible; MSIE 6.0; America Online Browser 1.1; Windows NT 5.1; SV1; .NET CLR 1.0.3705; .NET CLR 1.1.4322; Media Center PC 4.0)"
68.250.183.4 - - [10/Jul/2007:17:17:08 -0400] "GET /icons/blank.gif HTTP/1.1" 200 148 "http://www.sportbikerecyclers.com/" "Mozilla/4.0 (compatible; MSIE 6.0; America Online Browser 1.1; Windows NT 5.1; SV1; .NET CLR 1.0.3705; .NET CLR 1.1.4322; Media Center PC 4.0)"
68.250.183.4 - - [10/Jul/2007:17:17:09 -0400] "GET /icons/folder.gif HTTP/1.1" 200 225 "http://www.sportbikerecyclers.com/" "Mozilla/4.0 (compatible; MSIE 6.0; America Online Browser 1.1; Windows NT 5.1; SV1; .NET CLR 1.0.3705; .NET CLR 1.1.4322; Media Center PC 4.0)"
68.250.183.4 - - [10/Jul/2007:17:17:10 -0400] "GET /favicon.ico HTTP/1.1" 404 370 "-" "OCP HRS 1.0"
74.52.245.146 - - [10/Jul/2007:22:59:41 -0400] "GET / HTTP/1.0" 200 788 "-" "Mozilla/5.0 (X11; U; Linux i686; en-US; rv:1.7.5) Gecko/20041107 Firefox/1.0"
66.249.70.165 - - [11/Jul/2007:00:37:36 -0400] "GET /robots.txt HTTP/1.1" 404 370 "-" "Googlebot-Image/1.0"
66.249.70.165 - - [11/Jul/2007:00:37:36 -0400] "GET /icons/unknown.gif HTTP/1.1" 200 245 "-" "Googlebot-Image/1.0"
208.17.184.46 - - [11/Jul/2007:00:59:53 -0400] "GET /robots.txt HTTP/1.1" 404 369 "-" "Mozilla/5.0 (X11; U; Linux i686; en-US; rv:1.7.12) Gecko/20050922 Fedora/1.0.7-1.1.fc4 Firefox/1.0.7"
208.17.184.46 - - [11/Jul/2007:00:59:53 -0400] "GET / HTTP/1.1" 200 787 "" "Mozilla/5.0 (X11; U; Linux i686; en-US; rv:1.7.12) Gecko/20050922 Fedora/1.0.7-1.1.fc4 Firefox/1.0.7"
208.17.184.46 - - [11/Jul/2007:00:59:53 -0400] "GET /?C=N;O=D HTTP/1.1" 200 787 "http://www.sportbikerecyclers.com/" "Mozilla/5.0 (X11; U; Linux i686; en-US; rv:1.7.12) Gecko/20050922 Fedora/1.0.7-1.1.fc4 Firefox/1.0.7"
208.17.184.46 - - [11/Jul/2007:00:59:53 -0400] "GET /?C=M;O=A HTTP/1.1" 200 787 "http://www.sportbikerecyclers.com/" "Mozilla/5.0 (X11; U; Linux i686; en-US; rv:1.7.12) Gecko/20050922 Fedora/1.0.7-1.1.fc4 Firefox/1.0.7"
208.17.184.46 - - [11/Jul/2007:00:59:53 -0400] "GET /?C=S;O=A HTTP/1.1" 200 787 "http://www.sportbikerecyclers.com/" "Mozilla/5.0 (X11; U; Linux i686; en-US; rv:1.7.12) Gecko/20050922 Fedora/1.0.7-1.1.fc4 Firefox/1.0.7"
208.17.184.46 - - [11/Jul/2007:00:59:54 -0400] "GET /?C=D;O=A HTTP/1.1" 200 787 "http://www.sportbikerecyclers.com/" "Mozilla/5.0 (X11; U; Linux i686; en-US; rv:1.7.12) Gecko/20050922 Fedora/1.0.7-1.1.fc4 Firefox/1.0.7"
208.17.184.46 - - [11/Jul/2007:00:59:54 -0400] "GET /logs/ HTTP/1.1" 200 1145 "http://www.sportbikerecyclers.com/" "Mozilla/5.0 (X11; U; Linux i686; en-US; rv:1.7.12) Gecko/20050922 Fedora/1.0.7-1.1.fc4 Firefox/1.0.7"
208.17.184.46 - - [11/Jul/2007:00:59:54 -0400] "GET /?C=N;O=A HTTP/1.1" 200 787 "http://www.sportbikerecyclers.com/?C=N;O=D" "Mozilla/5.0 (X11; U; Linux i686; en-US; rv:1.7.12) Gecko/20050922 Fedora/1.0.7-1.1.fc4 Firefox/1.0.7"
208.17.184.46 - - [11/Jul/2007:00:59:54 -0400] "GET /?C=M;O=D HTTP/1.1" 200 787 "http://www.sportbikerecyclers.com/?C=M;O=A" "Mozilla/5.0 (X11; U; Linux i686; en-US; rv:1.7.12) Gecko/20050922 Fedora/1.0.7-1.1.fc4 Firefox/1.0.7"
208.17.184.46 - - [11/Jul/2007:00:59:55 -0400] "GET /?C=S;O=D HTTP/1.1" 200 787 "http://www.sportbikerecyclers.com/?C=S;O=A" "Mozilla/5.0 (X11; U; Linux i686; en-US; rv:1.7.12) Gecko/20050922 Fedora/1.0.7-1.1.fc4 Firefox/1.0.7"
208.17.184.46 - - [11/Jul/2007:00:59:55 -0400] "GET /?C=D;O=D HTTP/1.1" 200 787 "http://www.sportbikerecyclers.com/?C=D;O=A" "Mozilla/5.0 (X11; U; Linux i686; en-US; rv:1.7.12) Gecko/20050922 Fedora/1.0.7-1.1.fc4 Firefox/1.0.7"
66.249.70.165 - - [11/Jul/2007:02:31:36 -0400] "GET /icons/back.gif HTTP/1.1" 200 216 "-" "Googlebot-Image/1.0"
66.249.70.165 - - [11/Jul/2007:02:33:06 -0400] "GET /icons/blank.gif HTTP/1.1" 200 148 "-" "Googlebot-Image/1.0"
66.249.70.165 - - [11/Jul/2007:03:36:15 -0400] "GET /robots.txt HTTP/1.1" 404 369 "-" "Mozilla/5.0 (compatible; Googlebot/2.1; +http://www.google.com/bot.html)"
66.249.70.165 - - [11/Jul/2007:03:36:16 -0400] "GET /logs/?C=M;O=A HTTP/1.1" 200 1145 "-" "Mozilla/5.0 (compatible; Googlebot/2.1; +http://www.google.com/bot.html)"
66.249.70.165 - - [11/Jul/2007:05:43:07 -0400] "GET /logs/ HTTP/1.1" 200 1146 "-" "Mozilla/5.0 (compatible; Googlebot/2.1; +http://www.google.com/bot.html)"
66.249.70.165 - - [11/Jul/2007:09:52:50 -0400] "GET /robots.txt HTTP/1.1" 404 369 "-" "Mozilla/5.0 (compatible; Googlebot/2.1; +http://www.google.com/bot.html)"
66.249.70.165 - - [11/Jul/2007:09:52:51 -0400] "GET /?C=N;O=A HTTP/1.1" 200 787 "-" "Mozilla/5.0 (compatible; Googlebot/2.1; +http://www.google.com/bot.html)"
74.6.74.162 - - [11/Jul/2007:11:25:59 -0400] "GET /robots.txt HTTP/1.0" 404 369 "-" "Mozilla/5.0 (compatible; Yahoo! Slurp; http://help.yahoo.com/help/us/ysearch/slurp)"
74.6.65.227 - - [11/Jul/2007:11:25:59 -0400] "GET / HTTP/1.0" 200 787 "-" "Mozilla/5.0 (compatible; Yahoo! Slurp; http://help.yahoo.com/help/us/ysearch/slurp)"
70.47.104.6 - - [11/Jul/2007:18:32:50 -0400] "GET / HTTP/1.1" 200 787 "bookmark: navigazione internet dei minori" "Mozilla/4.0 (compatible; MSIE 6.0; Windows NT 5.1; SV1)"
208.65.21.12 - - [11/Jul/2007:18:32:51 -0400] "GET / HTTP/1.1" 200 787 "bookmark: filtro internet" "Mozilla/4.0 (compatible; MSIE 6.0; Windows NT 5.1; SV1)"
82.110.105.85 - - [11/Jul/2007:18:32:51 -0400] "GET / HTTP/1.1" 200 787 "bookmark: contenuti vietati" "Mozilla/4.0 (compatible; MSIE 6.0; Windows NT 5.1; SV1)"
67.159.44.57 - - [11/Jul/2007:18:32:55 -0400] "GET / HTTP/1.1" 200 787 "bookmark: filtro dei contenuti" "Mozilla/4.0 (compatible; MSIE 6.0; Windows NT 5.1; SV1)"
70.84.230.186 - - [11/Jul/2007:18:32:56 -0400] "GET / HTTP/1.1" 200 787 "bookmark: filtro attivo" "Mozilla/4.0 (compatible; MSIE 6.0; Windows NT 5.1; SV1)"
88.214.192.23 - - [11/Jul/2007:18:32:57 -0400] "GET / HTTP/1.1" 200 787 "bookmark: proteggere la scuola" "Mozilla/4.0 (compatible; MSIE 6.0; Windows NT 5.1; SV1)"
72.21.56.242 - - [11/Jul/2007:18:32:58 -0400] "GET / HTTP/1.1" 200 787 "bookmark: istituti scolastici" "Mozilla/4.0 (compatible; MSIE 6.0; Windows NT 5.1; SV1)"
70.47.104.6 - - [11/Jul/2007:19:02:41 -0400] "GET / HTTP/1.1" 200 788 "bookmark: navigazione internet dei minori" "Mozilla/4.0 (compatible; MSIE 6.0; Windows NT 5.1; SV1)"
208.65.21.12 - - [11/Jul/2007:19:02:42 -0400] "GET / HTTP/1.1" 200 788 "bookmark: filtro internet" "Mozilla/4.0 (compatible; MSIE 6.0; Windows NT 5.1; SV1)"
82.110.105.85 - - [11/Jul/2007:19:02:43 -0400] "GET / HTTP/1.1" 200 788 "bookmark: contenuti vietati" "Mozilla/4.0 (compatible; MSIE 6.0; Windows NT 5.1; SV1)"
67.159.44.57 - - [11/Jul/2007:19:02:43 -0400] "GET / HTTP/1.1" 200 788 "bookmark: filtro dei contenuti" "Mozilla/4.0 (compatible; MSIE 6.0; Windows NT 5.1; SV1)"
70.84.230.186 - - [11/Jul/2007:19:02:54 -0400] "GET / HTTP/1.1" 200 788 "bookmark: filtro attivo" "Mozilla/4.0 (compatible; MSIE 6.0; Windows NT 5.1; SV1)"
88.214.192.23 - - [11/Jul/2007:19:02:58 -0400] "GET / HTTP/1.1" 200 788 "bookmark: proteggere la scuola" "Mozilla/4.0 (compatible; MSIE 6.0; Windows NT 5.1; SV1)"
72.21.56.242 - - [11/Jul/2007:19:02:58 -0400] "GET / HTTP/1.1" 200 788 "bookmark: istituti scolastici" "Mozilla/4.0 (compatible; MSIE 6.0; Windows NT 5.1; SV1)"
72.30.177.224 - - [11/Jul/2007:19:40:23 -0400] "GET /robots.txt HTTP/1.0" 404 366 "-" "Mozilla/5.0 (compatible; Yahoo! Slurp; http://help.yahoo.com/help/us/ysearch/slurp)"
74.6.65.232 - - [11/Jul/2007:19:40:23 -0400] "GET / HTTP/1.0" 200 784 "-" "Mozilla/5.0 (compatible; Yahoo! Slurp; http://help.yahoo.com/help/us/ysearch/slurp)"
63.72.208.223 - - [12/Jul/2007:17:15:53 -0400] "GET / HTTP/1.1" 200 787 "http://www.sportbikerecycler.com/main.html" "Mozilla/4.0 (compatible; MSIE 6.0; Windows NT 5.1; SV1; .NET CLR 1.1.4322; InfoPath.1)"
63.72.208.223 - - [12/Jul/2007:17:15:54 -0400] "GET /icons/blank.gif HTTP/1.1" 200 148 "http://www.sportbikerecyclers.com/" "Mozilla/4.0 (compatible; MSIE 6.0; Windows NT 5.1; SV1; .NET CLR 1.1.4322; InfoPath.1)"
63.72.208.223 - - [12/Jul/2007:17:15:54 -0400] "GET /icons/folder.gif HTTP/1.1" 200 225 "http://www.sportbikerecyclers.com/" "Mozilla/4.0 (compatible; MSIE 6.0; Windows NT 5.1; SV1; .NET CLR 1.1.4322; InfoPath.1)"
66.249.70.165 - - [12/Jul/2007:22:08:12 -0400] "GET /robots.txt HTTP/1.1" 404 369 "-" "Mozilla/5.0 (compatible; Googlebot/2.1; +http://www.google.com/bot.html)"
66.249.70.165 - - [12/Jul/2007:22:08:12 -0400] "GET /logs/?C=S;O=A HTTP/1.1" 200 1145 "-" "Mozilla/5.0 (compatible; Googlebot/2.1; +http://www.google.com/bot.html)"
66.249.70.165 - - [13/Jul/2007:02:19:19 -0400] "GET /robots.txt HTTP/1.1" 404 370 "-" "Mozilla/5.0 (compatible; Googlebot/2.1; +http://www.google.com/bot.html)"
66.249.70.165 - - [13/Jul/2007:02:19:19 -0400] "GET / HTTP/1.1" 200 788 "-" "Mozilla/5.0 (compatible; Googlebot/2.1; +http://www.google.com/bot.html)"
66.249.70.165 - - [13/Jul/2007:02:53:20 -0400] "GET /?C=N;O=A HTTP/1.1" 200 788 "-" "Mozilla/5.0 (compatible; Googlebot/2.1; +http://www.google.com/bot.html)"
128.194.135.94 - - [13/Jul/2007:05:58:40 -0400] "GET /robots.txt HTTP/1.1" 404 369 "-" "IRLbot/3.0 (compatible; MSIE 6.0; http://irl.cs.tamu.edu/crawler)"
74.6.68.121 - - [13/Jul/2007:13:15:39 -0400] "GET /robots.txt HTTP/1.0" 404 370 "-" "Mozilla/5.0 (compatible; Yahoo! Slurp; http://help.yahoo.com/help/us/ysearch/slurp)"
74.6.69.82 - - [13/Jul/2007:13:15:39 -0400] "GET / HTTP/1.0" 200 788 "-" "Mozilla/5.0 (compatible; Yahoo! Slurp; http://help.yahoo.com/help/us/ysearch/slurp)"
66.249.70.165 - - [13/Jul/2007:20:26:08 -0400] "GET /robots.txt HTTP/1.1" 404 369 "-" "Mozilla/5.0 (compatible; Googlebot/2.1; +http://www.google.com/bot.html)"
66.249.70.165 - - [13/Jul/2007:20:26:08 -0400] "GET /logs/error.log HTTP/1.1" 200 72416 "-" "Mozilla/5.0 (compatible; Googlebot/2.1; +http://www.google.com/bot.html)"
66.249.70.165 - - [13/Jul/2007:23:16:03 -0400] "GET /icons/blank.gif HTTP/1.1" 200 148 "-" "Googlebot-Image/1.0"
72.30.177.224 - - [14/Jul/2007:03:14:53 -0400] "GET /robots.txt HTTP/1.0" 404 366 "-" "Mozilla/5.0 (compatible; Yahoo! Slurp; http://help.yahoo.com/help/us/ysearch/slurp)"
74.6.65.232 - - [14/Jul/2007:03:14:54 -0400] "GET / HTTP/1.0" 200 784 "-" "Mozilla/5.0 (compatible; Yahoo! Slurp; http://help.yahoo.com/help/us/ysearch/slurp)"
66.249.70.165 - - [14/Jul/2007:06:37:10 -0400] "GET /robots.txt HTTP/1.1" 404 369 "-" "Mozilla/5.0 (compatible; Googlebot/2.1; +http://www.google.com/bot.html)"
66.249.70.165 - - [14/Jul/2007:06:37:10 -0400] "GET /?C=S;O=A HTTP/1.1" 200 787 "-" "Mozilla/5.0 (compatible; Googlebot/2.1; +http://www.google.com/bot.html)"
66.249.70.165 - - [14/Jul/2007:08:36:43 -0400] "GET /?C=S;O=D HTTP/1.1" 200 787 "-" "Mozilla/5.0 (compatible; Googlebot/2.1; +http://www.google.com/bot.html)"
74.6.19.119 - - [14/Jul/2007:08:39:54 -0400] "GET /robots.txt HTTP/1.0" 404 370 "-" "Mozilla/5.0 (compatible; Yahoo! Slurp; http://help.yahoo.com/help/us/ysearch/slurp)"
74.6.26.100 - - [14/Jul/2007:08:39:54 -0400] "GET / HTTP/1.0" 200 788 "-" "Mozilla/5.0 (compatible; Yahoo! Slurp; http://help.yahoo.com/help/us/ysearch/slurp)"
68.165.204.19 - - [14/Jul/2007:08:56:17 -0400] "GET / HTTP/1.1" 200 787 "-" "Mozilla/4.0 (compatible; MSIE 6.0; Windows NT 5.1; SV1; .NET CLR 1.1.4322)"
68.165.204.19 - - [14/Jul/2007:08:56:17 -0400] "GET /icons/blank.gif HTTP/1.1" 200 148 "http://www.sportbikerecyclers.com/" "Mozilla/4.0 (compatible; MSIE 6.0; Windows NT 5.1; SV1; .NET CLR 1.1.4322)"
68.165.204.19 - - [14/Jul/2007:08:56:17 -0400] "GET /icons/folder.gif HTTP/1.1" 200 225 "http://www.sportbikerecyclers.com/" "Mozilla/4.0 (compatible; MSIE 6.0; Windows NT 5.1; SV1; .NET CLR 1.1.4322)"
68.165.204.19 - - [14/Jul/2007:08:56:30 -0400] "GET /?C=N;O=D HTTP/1.1" 200 787 "http://www.sportbikerecyclers.com/" "Mozilla/4.0 (compatible; MSIE 6.0; Windows NT 5.1; SV1; .NET CLR 1.1.4322)"
68.165.204.19 - - [14/Jul/2007:08:56:35 -0400] "GET /logs/ HTTP/1.1" 200 1145 "http://www.sportbikerecyclers.com/?C=N;O=D" "Mozilla/4.0 (compatible; MSIE 6.0; Windows NT 5.1; SV1; .NET CLR 1.1.4322)"
68.165.204.19 - - [14/Jul/2007:08:56:35 -0400] "GET /icons/back.gif HTTP/1.1" 200 216 "http://www.sportbikerecyclers.com/logs/" "Mozilla/4.0 (compatible; MSIE 6.0; Windows NT 5.1; SV1; .NET CLR 1.1.4322)"
68.165.204.19 - - [14/Jul/2007:08:56:35 -0400] "GET /icons/unknown.gif HTTP/1.1" 200 245 "http://www.sportbikerecyclers.com/logs/" "Mozilla/4.0 (compatible; MSIE 6.0; Windows NT 5.1; SV1; .NET CLR 1.1.4322)"
68.165.204.19 - - [14/Jul/2007:08:56:37 -0400] "GET / HTTP/1.1" 200 787 "http://www.sportbikerecyclers.com/logs/" "Mozilla/4.0 (compatible; MSIE 6.0; Windows NT 5.1; SV1; .NET CLR 1.1.4322)"
68.165.204.19 - - [14/Jul/2007:08:56:38 -0400] "GET /logs/ HTTP/1.1" 200 1145 "http://www.sportbikerecyclers.com/" "Mozilla/4.0 (compatible; MSIE 6.0; Windows NT 5.1; SV1; .NET CLR 1.1.4322)"
128.194.135.94 - - [14/Jul/2007:10:52:40 -0400] "GET /?C=N;O=A HTTP/1.1" 200 788 "-" "IRLbot/3.0 (compatible; MSIE 6.0; http://irl.cs.tamu.edu/crawler)"
128.194.135.94 - - [14/Jul/2007:10:53:31 -0400] "GET /logs/?C=N;O=D HTTP/1.1" 200 1146 "-" "IRLbot/3.0 (compatible; MSIE 6.0; http://irl.cs.tamu.edu/crawler)"
128.194.135.94 - - [14/Jul/2007:10:54:19 -0400] "GET /logs/?C=S;O=A HTTP/1.1" 200 1146 "-" "IRLbot/3.0 (compatible; MSIE 6.0; http://irl.cs.tamu.edu/crawler)"
128.194.135.94 - - [14/Jul/2007:10:55:06 -0400] "GET /logs/?C=D;O=A HTTP/1.1" 200 1146 "-" "IRLbot/3.0 (compatible; MSIE 6.0; http://irl.cs.tamu.edu/crawler)"
128.194.135.94 - - [14/Jul/2007:10:55:55 -0400] "GET /logs/?C=M;O=A HTTP/1.1" 200 1146 "-" "IRLbot/3.0 (compatible; MSIE 6.0; http://irl.cs.tamu.edu/crawler)"
128.194.135.94 - - [14/Jul/2007:10:56:48 -0400] "GET /?C=S;O=D HTTP/1.1" 200 788 "-" "IRLbot/3.0 (compatible; MSIE 6.0; http://irl.cs.tamu.edu/crawler)"
128.194.135.94 - - [14/Jul/2007:10:57:38 -0400] "GET /?C=D;O=D HTTP/1.1" 200 788 "-" "IRLbot/3.0 (compatible; MSIE 6.0; http://irl.cs.tamu.edu/crawler)"
128.194.135.94 - - [14/Jul/2007:10:58:28 -0400] "GET /?C=M;O=D HTTP/1.1" 200 788 "-" "IRLbot/3.0 (compatible; MSIE 6.0; http://irl.cs.tamu.edu/crawler)"
66.249.70.165 - - [14/Jul/2007:15:09:33 -0400] "GET /robots.txt HTTP/1.1" 404 369 "-" "Mozilla/5.0 (compatible; Googlebot/2.1; +http://www.google.com/bot.html)"
66.249.70.165 - - [14/Jul/2007:15:09:33 -0400] "GET /?C=N;O=D HTTP/1.1" 200 787 "-" "Mozilla/5.0 (compatible; Googlebot/2.1; +http://www.google.com/bot.html)"
74.6.74.162 - - [14/Jul/2007:17:56:36 -0400] "GET /robots.txt HTTP/1.0" 404 369 "-" "Mozilla/5.0 (compatible; Yahoo! Slurp; http://help.yahoo.com/help/us/ysearch/slurp)"
74.6.65.227 - - [14/Jul/2007:17:56:36 -0400] "GET / HTTP/1.0" 200 787 "-" "Mozilla/5.0 (compatible; Yahoo! Slurp; http://help.yahoo.com/help/us/ysearch/slurp)"
64.208.172.173 - - [14/Jul/2007:18:03:47 -0400] "GET /robots.txt HTTP/1.0" 404 369 "-" "ia_archiver"
64.208.172.173 - - [14/Jul/2007:18:03:47 -0400] "GET /logs/ HTTP/1.0" 200 1145 "-" "ia_archiver"
64.208.172.173 - - [14/Jul/2007:18:04:45 -0400] "GET /logs/access.log HTTP/1.0" 200 393206 "-" "ia_archiver"
74.6.19.119 - - [14/Jul/2007:19:19:44 -0400] "GET /robots.txt HTTP/1.0" 404 370 "-" "Mozilla/5.0 (compatible; Yahoo! Slurp; http://help.yahoo.com/help/us/ysearch/slurp)"
74.6.24.48 - - [14/Jul/2007:19:19:44 -0400] "GET /logs/ HTTP/1.0" 200 1146 "-" "Mozilla/5.0 (compatible; Yahoo! Slurp; http://help.yahoo.com/help/us/ysearch/slurp)"
66.249.70.165 - - [14/Jul/2007:19:24:10 -0400] "GET /robots.txt HTTP/1.1" 404 370 "-" "Googlebot-Image/1.0"
66.249.70.165 - - [14/Jul/2007:19:24:10 -0400] "GET /icons/folder.gif HTTP/1.1" 200 225 "-" "Googlebot-Image/1.0"
66.249.70.165 - - [14/Jul/2007:20:43:37 -0400] "GET / HTTP/1.1" 200 787 "-" "Mozilla/5.0 (compatible; Googlebot/2.1; +http://www.google.com/bot.html)"
66.249.70.165 - - [14/Jul/2007:23:28:51 -0400] "GET /robots.txt HTTP/1.1" 404 369 "-" "Mozilla/5.0 (compatible; Googlebot/2.1; +http://www.google.com/bot.html)"
66.249.70.165 - - [14/Jul/2007:23:28:51 -0400] "GET /logs/?C=M;O=A HTTP/1.1" 200 1145 "-" "Mozilla/5.0 (compatible; Googlebot/2.1; +http://www.google.com/bot.html)"
66.249.70.165 - - [15/Jul/2007:03:18:41 -0400] "GET /robots.txt HTTP/1.1" 404 370 "-" "Mozilla/5.0 (compatible; Googlebot/2.1; +http://www.google.com/bot.html)"
66.249.70.165 - - [15/Jul/2007:03:18:41 -0400] "GET /logs/?C=D;O=A HTTP/1.1" 200 1146 "-" "Mozilla/5.0 (compatible; Googlebot/2.1; +http://www.google.com/bot.html)"
66.249.70.165 - - [15/Jul/2007:05:12:50 -0400] "GET /logs/ HTTP/1.1" 200 1146 "-" "Mozilla/5.0 (compatible; Googlebot/2.1; +http://www.google.com/bot.html)"
66.249.70.165 - - [15/Jul/2007:08:38:10 -0400] "GET /robots.txt HTTP/1.1" 404 369 "-" "Mozilla/5.0 (compatible; Googlebot/2.1; +http://www.google.com/bot.html)"
66.249.70.165 - - [15/Jul/2007:08:38:10 -0400] "GET /logs/?C=M;O=D HTTP/1.1" 200 1145 "-" "Mozilla/5.0 (compatible; Googlebot/2.1; +http://www.google.com/bot.html)"
74.6.24.211 - - [15/Jul/2007:08:48:51 -0400] "GET /robots.txt HTTP/1.0" 404 369 "-" "Mozilla/5.0 (compatible; Yahoo! Slurp; http://help.yahoo.com/help/us/ysearch/slurp)"
74.6.26.218 - - [15/Jul/2007:08:48:51 -0400] "GET /logs/ HTTP/1.0" 200 1145 "-" "Mozilla/5.0 (compatible; Yahoo! Slurp; http://help.yahoo.com/help/us/ysearch/slurp)"
66.249.70.165 - - [15/Jul/2007:12:35:43 -0400] "GET /logs/?C=S;O=D HTTP/1.1" 200 1145 "-" "Mozilla/5.0 (compatible; Googlebot/2.1; +http://www.google.com/bot.html)"
76.1.253.152 - - [15/Jul/2007:17:43:34 -0400] "GET /logs/access.log HTTP/1.1" 200 395659 "http://www.google.com/search?q=208.113.194.27&hl=en&start=80&sa=N" "Mozilla/4.0 (compatible; MSIE 7.0; Windows NT 5.1; .NET CLR 1.1.4322; .NET CLR 2.0.50727)"
76.1.253.152 - - [15/Jul/2007:17:43:38 -0400] "GET /favicon.ico HTTP/1.1" 404 370 "-" "Mozilla/4.0 (compatible; MSIE 7.0; Windows NT 5.1; .NET CLR 1.1.4322; .NET CLR 2.0.50727)"
76.1.253.152 - - [15/Jul/2007:17:43:38 -0400] "GET /logs/access.log HTTP/1.1" 200 396086 "http://www.google.com/search?q=208.113.194.27&hl=en&start=80&sa=N" "Mozilla/4.0 (compatible; MSIE 7.0; Windows NT 5.1; .NET CLR 1.1.4322; .NET CLR 2.0.50727)"
66.249.70.165 - - [15/Jul/2007:19:33:52 -0400] "GET /robots.txt HTTP/1.1" 404 370 "-" "Mozilla/5.0 (compatible; Googlebot/2.1; +http://www.google.com/bot.html)"
66.249.70.165 - - [15/Jul/2007:19:33:53 -0400] "GET /logs/access.log HTTP/1.1" 200 396496 "-" "Mozilla/5.0 (compatible; Googlebot/2.1; +http://www.google.com/bot.html)"
66.249.70.165 - - [16/Jul/2007:00:11:10 -0400] "GET /robots.txt HTTP/1.1" 404 369 "-" "Mozilla/5.0 (compatible; Googlebot/2.1; +http://www.google.com/bot.html)"
66.249.70.165 - - [16/Jul/2007:00:11:10 -0400] "GET /logs/access.log HTTP/1.1" 200 396826 "-" "Mozilla/5.0 (compatible; Googlebot/2.1; +http://www.google.com/bot.html)"
72.30.177.224 - - [16/Jul/2007:10:49:19 -0400] "GET /robots.txt HTTP/1.0" 404 366 "-" "Mozilla/5.0 (compatible; Yahoo! Slurp; http://help.yahoo.com/help/us/ysearch/slurp)"
74.6.65.232 - - [16/Jul/2007:10:49:20 -0400] "GET / HTTP/1.0" 200 784 "-" "Mozilla/5.0 (compatible; Yahoo! Slurp; http://help.yahoo.com/help/us/ysearch/slurp)"
64.208.172.173 - - [16/Jul/2007:11:24:31 -0400] "GET /robots.txt HTTP/1.0" 404 369 "-" "ia_archiver"
64.208.172.173 - - [16/Jul/2007:11:24:32 -0400] "GET / HTTP/1.0" 200 787 "-" "ia_archiver"
64.208.172.173 - - [16/Jul/2007:11:25:02 -0400] "GET /logs/?C=S;O=A HTTP/1.0" 200 1145 "-" "ia_archiver"
64.208.172.173 - - [16/Jul/2007:11:25:18 -0400] "GET /logs/error.log HTTP/1.0" 200 74484 "-" "ia_archiver"
64.208.172.173 - - [16/Jul/2007:11:25:30 -0400] "GET /logs/?C=N;O=D HTTP/1.0" 200 1145 "-" "ia_archiver"
64.208.172.173 - - [16/Jul/2007:11:25:40 -0400] "GET /logs/access.log HTTP/1.0" 200 397836 "-" "ia_archiver"
64.208.172.173 - - [16/Jul/2007:11:25:53 -0400] "GET /logs/?C=M;O=A HTTP/1.0" 200 1145 "-" "ia_archiver"
64.208.172.173 - - [16/Jul/2007:11:26:00 -0400] "GET /logs/?C=D;O=A HTTP/1.0" 200 1145 "-" "ia_archiver"
74.6.68.121 - - [16/Jul/2007:16:37:03 -0400] "GET /robots.txt HTTP/1.0" 404 370 "-" "Mozilla/5.0 (compatible; Yahoo! Slurp; http://help.yahoo.com/help/us/ysearch/slurp)"
74.6.69.82 - - [16/Jul/2007:16:37:12 -0400] "GET / HTTP/1.0" 200 788 "-" "Mozilla/5.0 (compatible; Yahoo! Slurp; http://help.yahoo.com/help/us/ysearch/slurp)"
64.12.117.67 - - [16/Jul/2007:17:47:16 -0400] "GET /logs/access.log HTTP/1.1" 200 398484 "http://aolsearch.aol.com/aol/search?invocationType=.search&query=WWW.SportBikeRecycler.com" "Mozilla/4.0 (compatible; MSIE 6.0; AOL 9.0; Windows 98; FunWebProducts)"
64.246.187.42 - - [16/Jul/2007:19:11:15 -0400] "GET /robots.txt HTTP/1.0" 404 369 "http://www.whois.sc/" "SurveyBot/2.3 (Whois Source)"
64.246.187.42 - - [16/Jul/2007:19:11:15 -0400] "GET / HTTP/1.1" 206 787 "http://www.whois.sc/sportbikerecyclers.com" "SurveyBot/2.3 (Whois Source)"
205.188.116.207 - - [16/Jul/2007:21:30:39 -0400] "HEAD /logs/access.log HTTP/1.1" 200 - "-" "Mozilla/4.0 (compatible; MSIE 6.0; AOL 9.0; Windows 98; FunWebProducts)"
66.249.70.165 - - [16/Jul/2007:21:51:18 -0400] "GET /robots.txt HTTP/1.1" 404 370 "-" "Mozilla/5.0 (compatible; Googlebot/2.1; +http://www.google.com/bot.html)"
66.249.70.165 - - [16/Jul/2007:21:51:18 -0400] "GET /logs/error.log HTTP/1.1" 200 74879 "-" "Mozilla/5.0 (compatible; Googlebot/2.1; +http://www.google.com/bot.html)"
64.246.165.170 - - [16/Jul/2007:22:23:44 -0400] "GET /robots.txt HTTP/1.0" 404 370 "http://www.whois.sc/" "SurveyBot/2.3 (Whois Source)"
64.246.165.170 - - [16/Jul/2007:22:23:44 -0400] "GET / HTTP/1.1" 206 788 "http://www.whois.sc/usedmotorcycleparts.biz" "SurveyBot/2.3 (Whois Source)"
66.249.70.165 - - [17/Jul/2007:00:05:21 -0400] "GET / HTTP/1.1" 200 788 "-" "Mozilla/5.0 (compatible; Googlebot/2.1; +http://www.google.com/bot.html)"
12.156.194.3 - - [17/Jul/2007:07:47:06 -0400] "GET /favicon.ico HTTP/1.1" 404 370 "-" "Mozilla/4.0 (compatible; MSIE 6.0; Windows NT 5.0; FunWebProducts; .NET CLR 1.1.4322; InfoPath.1)"
