208.17.184.64 - - [06/May/2007:11:53:44 -0400] "GET /robots.txt HTTP/1.1" 404 369 "-" "Mozilla/5.0 (X11; U; Linux i686; en-US; rv:1.7.12) Gecko/20050922 Fedora/1.0.7-1.1.fc4 Firefox/1.0.7"
208.17.184.64 - - [06/May/2007:11:53:44 -0400] "GET / HTTP/1.1" 200 787 "" "Mozilla/5.0 (X11; U; Linux i686; en-US; rv:1.7.12) Gecko/20050922 Fedora/1.0.7-1.1.fc4 Firefox/1.0.7"
208.17.184.64 - - [06/May/2007:11:53:44 -0400] "GET /?C=N;O=D HTTP/1.1" 200 787 "http://www.sportbikerecyclers.com/" "Mozilla/5.0 (X11; U; Linux i686; en-US; rv:1.7.12) Gecko/20050922 Fedora/1.0.7-1.1.fc4 Firefox/1.0.7"
208.17.184.64 - - [06/May/2007:11:53:44 -0400] "GET /?C=M;O=A HTTP/1.1" 200 787 "http://www.sportbikerecyclers.com/" "Mozilla/5.0 (X11; U; Linux i686; en-US; rv:1.7.12) Gecko/20050922 Fedora/1.0.7-1.1.fc4 Firefox/1.0.7"
208.17.184.64 - - [06/May/2007:11:53:45 -0400] "GET /?C=S;O=A HTTP/1.1" 200 787 "http://www.sportbikerecyclers.com/" "Mozilla/5.0 (X11; U; Linux i686; en-US; rv:1.7.12) Gecko/20050922 Fedora/1.0.7-1.1.fc4 Firefox/1.0.7"
208.17.184.64 - - [06/May/2007:11:53:45 -0400] "GET /?C=D;O=A HTTP/1.1" 200 787 "http://www.sportbikerecyclers.com/" "Mozilla/5.0 (X11; U; Linux i686; en-US; rv:1.7.12) Gecko/20050922 Fedora/1.0.7-1.1.fc4 Firefox/1.0.7"
65.160.238.180 - - [06/May/2007:12:03:59 -0400] "GET /logs/access.log HTTP/1.1" 200 200879 "-" "Mozilla/4.0 (compatible; MSIE 6.0; Bluecoat DRTR)"
66.249.65.232 - - [06/May/2007:12:07:04 -0400] "GET /robots.txt HTTP/1.1" 404 369 "-" "Mozilla/5.0 (compatible; Googlebot/2.1; +http://www.google.com/bot.html)"
66.249.65.232 - - [06/May/2007:12:07:04 -0400] "GET /logs/?C=N;O=D HTTP/1.1" 200 1145 "-" "Mozilla/5.0 (compatible; Googlebot/2.1; +http://www.google.com/bot.html)"
66.249.65.232 - - [06/May/2007:17:11:49 -0400] "GET /logs/access.log HTTP/1.1" 200 201352 "-" "Mozilla/5.0 (compatible; Googlebot/2.1; +http://www.google.com/bot.html)"
66.249.65.232 - - [06/May/2007:21:48:43 -0400] "GET /robots.txt HTTP/1.1" 404 369 "-" "Mozilla/5.0 (compatible; Googlebot/2.1; +http://www.google.com/bot.html)"
66.249.65.232 - - [06/May/2007:21:48:43 -0400] "GET /?C=N;O=D HTTP/1.1" 200 787 "-" "Mozilla/5.0 (compatible; Googlebot/2.1; +http://www.google.com/bot.html)"
64.246.165.10 - - [07/May/2007:05:57:34 -0400] "GET /robots.txt HTTP/1.0" 404 369 "http://www.whois.sc/" "SurveyBot/2.3 (Whois Source)"
64.246.165.10 - - [07/May/2007:05:57:34 -0400] "GET / HTTP/1.1" 206 787 "http://www.whois.sc/sportbikerecyclers.com" "SurveyBot/2.3 (Whois Source)"
64.246.161.30 - - [07/May/2007:09:36:25 -0400] "GET /robots.txt HTTP/1.0" 404 370 "http://www.whois.sc/" "SurveyBot/2.3 (Whois Source)"
64.246.161.30 - - [07/May/2007:09:36:25 -0400] "GET / HTTP/1.1" 206 788 "http://www.whois.sc/usedmotorcycleparts.biz" "SurveyBot/2.3 (Whois Source)"
72.30.177.78 - - [07/May/2007:12:26:15 -0400] "GET /robots.txt HTTP/1.0" 404 369 "-" "Mozilla/5.0 (compatible; Yahoo! Slurp; http://help.yahoo.com/help/us/ysearch/slurp)"
74.6.65.227 - - [07/May/2007:12:26:19 -0400] "GET / HTTP/1.0" 200 787 "-" "Mozilla/5.0 (compatible; Yahoo! Slurp; http://help.yahoo.com/help/us/ysearch/slurp)"
66.249.65.232 - - [07/May/2007:17:30:16 -0400] "GET /robots.txt HTTP/1.1" 404 369 "-" "Mozilla/5.0 (compatible; Googlebot/2.1; +http://www.google.com/bot.html)"
66.249.65.232 - - [07/May/2007:17:30:16 -0400] "GET /logs/?C=S;O=A HTTP/1.1" 200 1145 "-" "Mozilla/5.0 (compatible; Googlebot/2.1; +http://www.google.com/bot.html)"
72.30.177.98 - - [07/May/2007:19:16:24 -0400] "GET /robots.txt HTTP/1.0" 404 369 "-" "Mozilla/5.0 (compatible; Yahoo! Slurp; http://help.yahoo.com/help/us/ysearch/slurp)"
74.6.65.227 - - [07/May/2007:19:16:24 -0400] "GET / HTTP/1.0" 200 787 "-" "Mozilla/5.0 (compatible; Yahoo! Slurp; http://help.yahoo.com/help/us/ysearch/slurp)"
66.249.65.144 - - [08/May/2007:04:31:29 -0400] "GET /robots.txt HTTP/1.1" 404 369 "-" "Mozilla/5.0 (compatible; Googlebot/2.1; +http://www.google.com/bot.html)"
66.249.65.144 - - [08/May/2007:04:31:29 -0400] "GET /?C=M;O=A HTTP/1.1" 200 787 "-" "Mozilla/5.0 (compatible; Googlebot/2.1; +http://www.google.com/bot.html)"
66.249.65.144 - - [08/May/2007:08:44:39 -0400] "GET /logs/error.log HTTP/1.1" 200 36455 "-" "Mozilla/5.0 (compatible; Googlebot/2.1; +http://www.google.com/bot.html)"
74.6.75.43 - - [08/May/2007:15:15:52 -0400] "GET /robots.txt HTTP/1.0" 404 370 "-" "Mozilla/5.0 (compatible; Yahoo! Slurp; http://help.yahoo.com/help/us/ysearch/slurp)"
74.6.69.82 - - [08/May/2007:15:15:53 -0400] "GET / HTTP/1.0" 200 788 "-" "Mozilla/5.0 (compatible; Yahoo! Slurp; http://help.yahoo.com/help/us/ysearch/slurp)"
67.72.98.118 - - [08/May/2007:18:36:17 -0400] "GET / HTTP/1.1" 200 788 "http://search.myway.com/search/AJmain.jhtml?PG=SEASUSH&SEC=ABMANY&psa=tBVBXgJD6h7UZnCHPmvE0w&ptnrS=DE&st=kwd&searchfor=USEDMOTORCYCLEPARTS+" "Mozilla/4.0 (compatible; MSIE 6.0; Windows NT 5.1; SV1; .NET CLR 1.1.4322)"
67.72.98.118 - - [08/May/2007:18:36:18 -0400] "GET /icons/blank.gif HTTP/1.1" 200 148 "http://www.usedmotorcycleparts.biz/" "Mozilla/4.0 (compatible; MSIE 6.0; Windows NT 5.1; SV1; .NET CLR 1.1.4322)"
67.72.98.118 - - [08/May/2007:18:36:18 -0400] "GET /icons/folder.gif HTTP/1.1" 200 225 "http://www.usedmotorcycleparts.biz/" "Mozilla/4.0 (compatible; MSIE 6.0; Windows NT 5.1; SV1; .NET CLR 1.1.4322)"
68.215.208.176 - - [08/May/2007:18:42:29 -0400] "GET / HTTP/1.1" 200 787 "http://www.sportbikerecycler.com/main.html" "Mozilla/4.0 (compatible; MSIE 6.0; Windows NT 5.1; SV1; .NET CLR 1.1.4322)"
68.215.208.176 - - [08/May/2007:18:42:29 -0400] "GET /icons/blank.gif HTTP/1.1" 200 148 "http://www.sportbikerecyclers.com/" "Mozilla/4.0 (compatible; MSIE 6.0; Windows NT 5.1; SV1; .NET CLR 1.1.4322)"
68.215.208.176 - - [08/May/2007:18:42:29 -0400] "GET /icons/folder.gif HTTP/1.1" 200 225 "http://www.sportbikerecyclers.com/" "Mozilla/4.0 (compatible; MSIE 6.0; Windows NT 5.1; SV1; .NET CLR 1.1.4322)"
74.52.245.146 - - [09/May/2007:09:39:42 -0400] "GET / HTTP/1.0" 200 787 "-" "Mozilla/5.0 (X11; U; Linux i686; en-US; rv:1.7.5) Gecko/20041107 Firefox/1.0"
63.123.238.8 - - [09/May/2007:09:42:26 -0400] "GET /robots.txt HTTP/1.1" 404 370 "-" "Mozilla/2.0 (compatible; Ask Jeeves/Teoma)"
63.123.238.8 - - [09/May/2007:09:42:26 -0400] "GET / HTTP/1.1" 200 788 "-" "Mozilla/2.0 (compatible; Ask Jeeves/Teoma)"
129.241.104.187 - - [09/May/2007:10:35:03 -0400] "GET /robots.txt HTTP/1.1" 404 369 "-" "boitho.com-dc/0.86 ( http://www.boitho.com/dcbot.html )"
66.249.65.144 - - [09/May/2007:11:37:56 -0400] "GET /robots.txt HTTP/1.1" 404 369 "-" "Mozilla/5.0 (compatible; Googlebot/2.1; +http://www.google.com/bot.html)"
66.249.65.144 - - [09/May/2007:11:37:56 -0400] "GET /logs/?C=N;O=D HTTP/1.1" 200 1145 "-" "Mozilla/5.0 (compatible; Googlebot/2.1; +http://www.google.com/bot.html)"
129.241.104.188 - - [09/May/2007:13:43:26 -0400] "GET / HTTP/1.1" 200 787 "-" "boitho.com-dc/0.85 ( http://www.boitho.com/dcbot.html )"
66.63.197.65 - - [09/May/2007:14:36:55 -0400] "GET / HTTP/1.1" 200 787 "-" "Mozilla/4.0 (compatible; MSIE 6.0; Windows NT 5.0; .NET CLR 1.0.3705; .NET CLR 1.1.4322)"
66.63.197.65 - - [09/May/2007:14:36:55 -0400] "GET /icons/blank.gif HTTP/1.1" 200 148 "http://www.sportbikerecyclers.com/" "Mozilla/4.0 (compatible; MSIE 6.0; Windows NT 5.0; .NET CLR 1.0.3705; .NET CLR 1.1.4322)"
66.63.197.65 - - [09/May/2007:14:36:55 -0400] "GET /icons/folder.gif HTTP/1.1" 200 225 "http://www.sportbikerecyclers.com/" "Mozilla/4.0 (compatible; MSIE 6.0; Windows NT 5.0; .NET CLR 1.0.3705; .NET CLR 1.1.4322)"
66.249.65.144 - - [09/May/2007:15:50:55 -0400] "GET /logs/?C=D;O=A HTTP/1.1" 200 1145 "-" "Mozilla/5.0 (compatible; Googlebot/2.1; +http://www.google.com/bot.html)"
72.30.177.98 - - [09/May/2007:18:45:01 -0400] "GET /robots.txt HTTP/1.0" 404 369 "-" "Mozilla/5.0 (compatible; Yahoo! Slurp; http://help.yahoo.com/help/us/ysearch/slurp)"
74.6.65.227 - - [09/May/2007:18:45:02 -0400] "GET / HTTP/1.0" 200 787 "-" "Mozilla/5.0 (compatible; Yahoo! Slurp; http://help.yahoo.com/help/us/ysearch/slurp)"
72.30.177.98 - - [09/May/2007:23:24:22 -0400] "GET /robots.txt HTTP/1.0" 404 369 "-" "Mozilla/5.0 (compatible; Yahoo! Slurp; http://help.yahoo.com/help/us/ysearch/slurp)"
74.6.65.227 - - [09/May/2007:23:24:22 -0400] "GET / HTTP/1.0" 200 787 "-" "Mozilla/5.0 (compatible; Yahoo! Slurp; http://help.yahoo.com/help/us/ysearch/slurp)"
71.13.115.117 - - [10/May/2007:06:06:46 -0400] "GET /robots.txt HTTP/1.0" 404 369 "-" "bot/1.0 (bot; http://; bot@bot.bot)"
71.13.115.117 - - [10/May/2007:06:06:46 -0400] "GET /?C=N;O=D HTTP/1.0" 200 787 "-" "bot/1.0 (bot; http://; bot@bot.bot)"
71.13.115.117 - - [10/May/2007:07:03:53 -0400] "GET /?C=D;O=A HTTP/1.0" 200 787 "-" "bot/1.0 (bot; http://; bot@bot.bot)"
71.13.115.117 - - [10/May/2007:10:15:36 -0400] "GET /logs/ HTTP/1.0" 200 1145 "-" "bot/1.0 (bot; http://; bot@bot.bot)"
66.249.65.144 - - [10/May/2007:12:44:35 -0400] "GET /robots.txt HTTP/1.1" 404 369 "-" "Mozilla/5.0 (compatible; Googlebot/2.1; +http://www.google.com/bot.html)"
66.249.65.144 - - [10/May/2007:12:44:35 -0400] "GET /logs/access.log HTTP/1.1" 200 208590 "-" "Mozilla/5.0 (compatible; Googlebot/2.1; +http://www.google.com/bot.html)"
71.13.115.117 - - [10/May/2007:14:47:23 -0400] "GET /?C=S;O=A HTTP/1.0" 200 787 "-" "bot/1.0 (bot; http://; bot@bot.bot)"
71.13.115.117 - - [10/May/2007:16:10:50 -0400] "GET /?C=M;O=A HTTP/1.0" 200 787 "-" "bot/1.0 (bot; http://; bot@bot.bot)"
74.52.245.146 - - [10/May/2007:21:16:39 -0400] "GET / HTTP/1.0" 200 788 "-" "Mozilla/5.0 (X11; U; Linux i686; en-US; rv:1.7.5) Gecko/20041107 Firefox/1.0"
74.6.75.43 - - [11/May/2007:01:43:26 -0400] "GET /robots.txt HTTP/1.0" 404 370 "-" "Mozilla/5.0 (compatible; Yahoo! Slurp; http://help.yahoo.com/help/us/ysearch/slurp)"
74.6.69.82 - - [11/May/2007:01:43:27 -0400] "GET / HTTP/1.0" 200 788 "-" "Mozilla/5.0 (compatible; Yahoo! Slurp; http://help.yahoo.com/help/us/ysearch/slurp)"
66.249.65.144 - - [11/May/2007:08:29:24 -0400] "GET /robots.txt HTTP/1.1" 404 369 "-" "Mozilla/5.0 (compatible; Googlebot/2.1; +http://www.google.com/bot.html)"
66.249.65.144 - - [11/May/2007:08:29:24 -0400] "GET /logs/?C=S;O=A HTTP/1.1" 200 1145 "-" "Mozilla/5.0 (compatible; Googlebot/2.1; +http://www.google.com/bot.html)"
66.249.65.144 - - [12/May/2007:04:42:54 -0400] "GET /robots.txt HTTP/1.1" 404 369 "-" "Mozilla/5.0 (compatible; Googlebot/2.1; +http://www.google.com/bot.html)"
66.249.65.144 - - [12/May/2007:04:42:54 -0400] "GET /?C=M;O=A HTTP/1.1" 200 787 "-" "Mozilla/5.0 (compatible; Googlebot/2.1; +http://www.google.com/bot.html)"
66.249.65.144 - - [12/May/2007:07:25:13 -0400] "GET /logs/error.log HTTP/1.1" 200 37790 "-" "Mozilla/5.0 (compatible; Googlebot/2.1; +http://www.google.com/bot.html)"
72.30.177.78 - - [12/May/2007:17:32:04 -0400] "GET /robots.txt HTTP/1.0" 404 369 "-" "Mozilla/5.0 (compatible; Yahoo! Slurp; http://help.yahoo.com/help/us/ysearch/slurp)"
74.6.65.227 - - [12/May/2007:17:32:04 -0400] "GET / HTTP/1.0" 200 787 "-" "Mozilla/5.0 (compatible; Yahoo! Slurp; http://help.yahoo.com/help/us/ysearch/slurp)"
66.249.65.144 - - [12/May/2007:18:52:40 -0400] "GET /robots.txt HTTP/1.1" 404 369 "-" "Mozilla/5.0 (compatible; Googlebot/2.1; +http://www.google.com/bot.html)"
66.249.65.144 - - [12/May/2007:18:52:40 -0400] "GET / HTTP/1.1" 200 787 "-" "Mozilla/5.0 (compatible; Googlebot/2.1; +http://www.google.com/bot.html)"
38.100.41.105 - - [13/May/2007:17:15:50 -0400] "GET / HTTP/1.1" 200 787 "-" "Mozilla/4.0 (compatible; MSIE 6.0; Windows XP)"
38.100.41.105 - - [13/May/2007:17:16:56 -0400] "GET /logs/ HTTP/1.1" 200 1145 "http://www.sportbikerecyclers.com/" "Mozilla/4.0 (compatible; MSIE 6.0; Windows XP)"
38.100.41.105 - - [13/May/2007:17:17:57 -0400] "GET /logs/access.log HTTP/1.1" 200 211231 "http://www.sportbikerecyclers.com/logs/" "Mozilla/4.0 (compatible; MSIE 6.0; Windows XP)"
38.100.41.105 - - [13/May/2007:17:18:01 -0400] "GET /logs/error.log HTTP/1.1" 200 38033 "http://www.sportbikerecyclers.com/logs/" "Mozilla/4.0 (compatible; MSIE 6.0; Windows XP)"
38.100.41.105 - - [13/May/2007:17:25:21 -0400] "GET / HTTP/1.1" 200 787 "-" "Mozilla/4.0 (compatible; MSIE 6.0; Windows XP)"
38.100.41.105 - - [13/May/2007:17:26:02 -0400] "GET /logs/ HTTP/1.1" 200 1145 "http://www.sportbikerecyclers.com/" "Mozilla/4.0 (compatible; MSIE 6.0; Windows XP)"
38.100.41.105 - - [13/May/2007:17:27:20 -0400] "GET /logs/error.log HTTP/1.1" 200 38033 "http://www.sportbikerecyclers.com/logs/" "Mozilla/4.0 (compatible; MSIE 6.0; Windows XP)"
38.100.41.105 - - [13/May/2007:17:27:21 -0400] "GET /logs/access.log HTTP/1.1" 200 212059 "http://www.sportbikerecyclers.com/logs/" "Mozilla/4.0 (compatible; MSIE 6.0; Windows XP)"
74.6.75.38 - - [13/May/2007:20:29:56 -0400] "GET /robots.txt HTTP/1.0" 404 370 "-" "Mozilla/5.0 (compatible; Yahoo! Slurp; http://help.yahoo.com/help/us/ysearch/slurp)"
74.6.69.82 - - [13/May/2007:20:29:57 -0400] "GET / HTTP/1.0" 200 788 "-" "Mozilla/5.0 (compatible; Yahoo! Slurp; http://help.yahoo.com/help/us/ysearch/slurp)"
74.128.100.66 - - [14/May/2007:01:04:18 -0400] "GET /favicon.ico HTTP/1.1" 404 370 "-" "Mozilla/4.0 (compatible; MSIE 7.0; Windows NT 5.1; .NET CLR 1.0.3705; .NET CLR 1.1.4322; Media Center PC 4.0)"
74.128.100.66 - - [14/May/2007:01:04:18 -0400] "GET / HTTP/1.1" 200 787 "http://www.sportbikerecycler.com/main.html" "Mozilla/4.0 (compatible; MSIE 7.0; Windows NT 5.1; .NET CLR 1.0.3705; .NET CLR 1.1.4322; Media Center PC 4.0)"
74.128.100.66 - - [14/May/2007:01:04:18 -0400] "GET /icons/blank.gif HTTP/1.1" 200 148 "http://www.sportbikerecyclers.com/" "Mozilla/4.0 (compatible; MSIE 7.0; Windows NT 5.1; .NET CLR 1.0.3705; .NET CLR 1.1.4322; Media Center PC 4.0)"
74.128.100.66 - - [14/May/2007:01:04:18 -0400] "GET /icons/folder.gif HTTP/1.1" 200 225 "http://www.sportbikerecyclers.com/" "Mozilla/4.0 (compatible; MSIE 7.0; Windows NT 5.1; .NET CLR 1.0.3705; .NET CLR 1.1.4322; Media Center PC 4.0)"
212.95.252.16 - - [14/May/2007:03:16:22 -0400] "GET / HTTP/1.0" 200 787 "-" "Mozilla/4.0 (compatible; MSIE 6.0; Windows NT 5.1)"
64.246.161.42 - - [14/May/2007:09:38:04 -0400] "GET /robots.txt HTTP/1.0" 404 369 "http://www.whois.sc/" "SurveyBot/2.3 (Whois Source)"
64.246.161.42 - - [14/May/2007:09:38:04 -0400] "GET / HTTP/1.1" 206 787 "http://www.whois.sc/sportbikerecyclers.com" "SurveyBot/2.3 (Whois Source)"
64.246.165.210 - - [14/May/2007:13:30:18 -0400] "GET /robots.txt HTTP/1.0" 404 370 "http://www.whois.sc/" "SurveyBot/2.3 (Whois Source)"
64.246.165.210 - - [14/May/2007:13:30:18 -0400] "GET / HTTP/1.1" 206 788 "http://www.whois.sc/usedmotorcycleparts.biz" "SurveyBot/2.3 (Whois Source)"
212.95.252.16 - - [14/May/2007:14:23:45 -0400] "GET / HTTP/1.0" 200 788 "-" "Mozilla/4.0 (compatible; MSIE 6.0; Windows NT 5.1)"
66.249.73.111 - - [14/May/2007:18:59:35 -0400] "GET /robots.txt HTTP/1.1" 404 369 "-" "Mozilla/5.0 (compatible; Googlebot/2.1; +http://www.google.com/bot.html)"
66.249.73.111 - - [14/May/2007:18:59:35 -0400] "GET /logs/?C=S;O=A HTTP/1.1" 200 1145 "-" "Mozilla/5.0 (compatible; Googlebot/2.1; +http://www.google.com/bot.html)"
207.200.116.7 - - [15/May/2007:09:09:02 -0400] "GET / HTTP/1.1" 200 783 "-" "Mozilla/4.0 (compatible; MSIE 7.0; AOL 9.0; Windows NT 5.1; ZangoToolbar 4.8.3; SeekmoToolbar 4.8.4)"
207.200.116.134 - - [15/May/2007:09:09:03 -0400] "GET /icons/blank.gif HTTP/1.1" 200 148 "http://sportbikerecyclers.com/" "Mozilla/4.0 (compatible; MSIE 7.0; AOL 9.0; Windows NT 5.1; ZangoToolbar 4.8.3; SeekmoToolbar 4.8.4)"
207.200.116.130 - - [15/May/2007:09:09:03 -0400] "GET /icons/folder.gif HTTP/1.1" 200 225 "http://sportbikerecyclers.com/" "Mozilla/4.0 (compatible; MSIE 7.0; AOL 9.0; Windows NT 5.1; ZangoToolbar 4.8.3; SeekmoToolbar 4.8.4)"
72.30.177.78 - - [15/May/2007:13:36:19 -0400] "GET /robots.txt HTTP/1.0" 404 369 "-" "Mozilla/5.0 (compatible; Yahoo! Slurp; http://help.yahoo.com/help/us/ysearch/slurp)"
74.6.65.227 - - [15/May/2007:13:36:19 -0400] "GET / HTTP/1.0" 200 787 "-" "Mozilla/5.0 (compatible; Yahoo! Slurp; http://help.yahoo.com/help/us/ysearch/slurp)"
63.123.238.8 - - [15/May/2007:14:37:10 -0400] "GET /robots.txt HTTP/1.1" 404 370 "-" "Mozilla/2.0 (compatible; Ask Jeeves/Teoma)"
63.123.238.8 - - [15/May/2007:14:37:10 -0400] "GET / HTTP/1.1" 200 788 "-" "Mozilla/2.0 (compatible; Ask Jeeves/Teoma)"
66.249.73.111 - - [15/May/2007:18:56:25 -0400] "GET /robots.txt HTTP/1.1" 404 369 "-" "Mozilla/5.0 (compatible; Googlebot/2.1; +http://www.google.com/bot.html)"
66.249.73.111 - - [15/May/2007:18:56:25 -0400] "GET /?C=M;O=A HTTP/1.1" 200 787 "-" "Mozilla/5.0 (compatible; Googlebot/2.1; +http://www.google.com/bot.html)"
74.128.198.9 - - [15/May/2007:22:20:11 -0400] "GET / HTTP/1.1" 200 787 "-" "Opera/9.20 (X11; SunOS i86pc; U; en)"
74.128.198.9 - - [15/May/2007:22:20:11 -0400] "GET /icons/blank.gif HTTP/1.1" 200 148 "http://www.sportbikerecyclers.com/" "Opera/9.20 (X11; SunOS i86pc; U; en)"
74.128.198.9 - - [15/May/2007:22:20:12 -0400] "GET /icons/folder.gif HTTP/1.1" 200 225 "http://www.sportbikerecyclers.com/" "Opera/9.20 (X11; SunOS i86pc; U; en)"
74.128.198.9 - - [15/May/2007:22:20:12 -0400] "GET /favicon.ico HTTP/1.1" 404 370 "http://www.sportbikerecyclers.com/" "Opera/9.20 (X11; SunOS i86pc; U; en)"
66.249.73.111 - - [15/May/2007:23:47:51 -0400] "GET /logs/error.log HTTP/1.1" 200 39235 "-" "Mozilla/5.0 (compatible; Googlebot/2.1; +http://www.google.com/bot.html)"
74.6.75.38 - - [16/May/2007:11:27:05 -0400] "GET /robots.txt HTTP/1.0" 404 370 "-" "Mozilla/5.0 (compatible; Yahoo! Slurp; http://help.yahoo.com/help/us/ysearch/slurp)"
74.6.69.82 - - [16/May/2007:11:27:06 -0400] "GET / HTTP/1.0" 200 788 "-" "Mozilla/5.0 (compatible; Yahoo! Slurp; http://help.yahoo.com/help/us/ysearch/slurp)"
74.6.75.38 - - [16/May/2007:21:56:29 -0400] "GET /robots.txt HTTP/1.0" 404 370 "-" "Mozilla/5.0 (compatible; Yahoo! Slurp; http://help.yahoo.com/help/us/ysearch/slurp)"
74.6.69.82 - - [16/May/2007:21:56:29 -0400] "GET / HTTP/1.0" 200 788 "-" "Mozilla/5.0 (compatible; Yahoo! Slurp; http://help.yahoo.com/help/us/ysearch/slurp)"
72.30.177.78 - - [17/May/2007:12:55:44 -0400] "GET /robots.txt HTTP/1.0" 404 369 "-" "Mozilla/5.0 (compatible; Yahoo! Slurp; http://help.yahoo.com/help/us/ysearch/slurp)"
74.6.65.227 - - [17/May/2007:12:55:44 -0400] "GET / HTTP/1.0" 200 787 "-" "Mozilla/5.0 (compatible; Yahoo! Slurp; http://help.yahoo.com/help/us/ysearch/slurp)"
66.249.73.111 - - [18/May/2007:05:23:16 -0400] "GET /robots.txt HTTP/1.1" 404 369 "-" "Mozilla/5.0 (compatible; Googlebot/2.1; +http://www.google.com/bot.html)"
66.249.73.111 - - [18/May/2007:05:23:16 -0400] "GET /logs/access.log HTTP/1.1" 200 218067 "-" "Mozilla/5.0 (compatible; Googlebot/2.1; +http://www.google.com/bot.html)"
66.249.73.111 - - [18/May/2007:08:29:37 -0400] "GET /robots.txt HTTP/1.1" 404 370 "-" "Mozilla/5.0 (compatible; Googlebot/2.1; +http://www.google.com/bot.html)"
66.249.73.111 - - [18/May/2007:08:29:37 -0400] "GET / HTTP/1.1" 200 788 "-" "Mozilla/5.0 (compatible; Googlebot/2.1; +http://www.google.com/bot.html)"
66.249.73.111 - - [18/May/2007:11:47:36 -0400] "GET /?C=M;O=A HTTP/1.1" 200 788 "-" "Mozilla/5.0 (compatible; Googlebot/2.1; +http://www.google.com/bot.html)"
66.249.73.111 - - [18/May/2007:11:58:31 -0400] "GET /logs/ HTTP/1.1" 200 1146 "-" "Mozilla/5.0 (compatible; Googlebot/2.1; +http://www.google.com/bot.html)"
66.249.73.111 - - [18/May/2007:12:13:33 -0400] "GET /?C=D;O=A HTTP/1.1" 200 788 "-" "Mozilla/5.0 (compatible; Googlebot/2.1; +http://www.google.com/bot.html)"
66.249.73.111 - - [18/May/2007:12:29:12 -0400] "GET /?C=N;O=D HTTP/1.1" 200 788 "-" "Mozilla/5.0 (compatible; Googlebot/2.1; +http://www.google.com/bot.html)"
66.249.73.111 - - [18/May/2007:12:44:13 -0400] "GET /?C=S;O=A HTTP/1.1" 200 788 "-" "Mozilla/5.0 (compatible; Googlebot/2.1; +http://www.google.com/bot.html)"
66.249.73.111 - - [18/May/2007:14:20:48 -0400] "GET /?C=M;O=D HTTP/1.1" 200 788 "-" "Mozilla/5.0 (compatible; Googlebot/2.1; +http://www.google.com/bot.html)"
66.249.73.111 - - [18/May/2007:14:55:49 -0400] "GET /robots.txt HTTP/1.1" 404 370 "-" "Mozilla/5.0 (compatible; Googlebot/2.1; +http://www.google.com/bot.html)"
66.249.73.111 - - [18/May/2007:14:55:49 -0400] "GET /?C=N;O=A HTTP/1.1" 200 788 "-" "Mozilla/5.0 (compatible; Googlebot/2.1; +http://www.google.com/bot.html)"
64.12.116.140 - - [18/May/2007:15:35:18 -0400] "GET / HTTP/1.1" 200 783 "-" "Mozilla/4.0 (compatible; MSIE 6.0; AOL 9.0; Windows NT 5.1; SV1)"
64.12.116.11 - - [18/May/2007:15:35:18 -0400] "GET /icons/blank.gif HTTP/1.1" 200 148 "http://sportbikerecyclers.com/" "Mozilla/4.0 (compatible; MSIE 6.0; AOL 9.0; Windows NT 5.1; SV1)"
64.12.116.69 - - [18/May/2007:15:35:18 -0400] "GET /icons/folder.gif HTTP/1.1" 200 225 "http://sportbikerecyclers.com/" "Mozilla/4.0 (compatible; MSIE 6.0; AOL 9.0; Windows NT 5.1; SV1)"
66.249.73.111 - - [18/May/2007:15:35:26 -0400] "GET /logs/error.log HTTP/1.1" 200 39960 "-" "Mozilla/5.0 (compatible; Googlebot/2.1; +http://www.google.com/bot.html)"
66.249.73.111 - - [18/May/2007:15:42:15 -0400] "GET /logs/access.log HTTP/1.1" 200 220503 "-" "Mozilla/5.0 (compatible; Googlebot/2.1; +http://www.google.com/bot.html)"
66.249.73.111 - - [18/May/2007:15:52:11 -0400] "GET /?C=D;O=D HTTP/1.1" 200 788 "-" "Mozilla/5.0 (compatible; Googlebot/2.1; +http://www.google.com/bot.html)"
66.249.73.111 - - [18/May/2007:16:01:37 -0400] "GET /?C=S;O=D HTTP/1.1" 200 788 "-" "Mozilla/5.0 (compatible; Googlebot/2.1; +http://www.google.com/bot.html)"
66.249.73.111 - - [18/May/2007:16:11:12 -0400] "GET /logs/?C=N;O=D HTTP/1.1" 200 1146 "-" "Mozilla/5.0 (compatible; Googlebot/2.1; +http://www.google.com/bot.html)"
66.249.73.111 - - [18/May/2007:16:20:49 -0400] "GET /logs/?C=S;O=A HTTP/1.1" 200 1146 "-" "Mozilla/5.0 (compatible; Googlebot/2.1; +http://www.google.com/bot.html)"
66.249.73.111 - - [18/May/2007:16:30:36 -0400] "GET /logs/?C=D;O=A HTTP/1.1" 200 1146 "-" "Mozilla/5.0 (compatible; Googlebot/2.1; +http://www.google.com/bot.html)"
66.249.73.111 - - [18/May/2007:16:40:37 -0400] "GET /logs/?C=M;O=A HTTP/1.1" 200 1146 "-" "Mozilla/5.0 (compatible; Googlebot/2.1; +http://www.google.com/bot.html)"
66.249.73.111 - - [18/May/2007:20:12:11 -0400] "GET /logs/?C=N;O=A HTTP/1.1" 200 1146 "-" "Mozilla/5.0 (compatible; Googlebot/2.1; +http://www.google.com/bot.html)"
66.249.73.111 - - [18/May/2007:20:28:51 -0400] "GET /logs/?C=D;O=D HTTP/1.1" 200 1146 "-" "Mozilla/5.0 (compatible; Googlebot/2.1; +http://www.google.com/bot.html)"
66.249.73.111 - - [18/May/2007:20:45:48 -0400] "GET /logs/?C=S;O=D HTTP/1.1" 200 1146 "-" "Mozilla/5.0 (compatible; Googlebot/2.1; +http://www.google.com/bot.html)"
66.249.73.111 - - [18/May/2007:21:02:52 -0400] "GET /robots.txt HTTP/1.1" 404 370 "-" "Mozilla/5.0 (compatible; Googlebot/2.1; +http://www.google.com/bot.html)"
66.249.73.111 - - [18/May/2007:21:02:52 -0400] "GET /logs/?C=M;O=D HTTP/1.1" 200 1146 "-" "Mozilla/5.0 (compatible; Googlebot/2.1; +http://www.google.com/bot.html)"
66.249.73.111 - - [19/May/2007:06:34:04 -0400] "GET /robots.txt HTTP/1.1" 404 369 "-" "Mozilla/5.0 (compatible; Googlebot/2.1; +http://www.google.com/bot.html)"
66.249.73.111 - - [19/May/2007:06:34:04 -0400] "GET /logs/?C=S;O=A HTTP/1.1" 200 1145 "-" "Mozilla/5.0 (compatible; Googlebot/2.1; +http://www.google.com/bot.html)"
204.210.184.206 - - [19/May/2007:13:47:27 -0400] "GET / HTTP/1.1" 200 787 "-" "Mozilla/4.0 (compatible; MSIE 7.0; Windows NT 5.1; Media Center PC 3.0; .NET CLR 1.0.3705; .NET CLR 1.1.4322)"
204.210.184.206 - - [19/May/2007:13:47:27 -0400] "GET /favicon.ico HTTP/1.1" 404 370 "-" "Mozilla/4.0 (compatible; MSIE 7.0; Windows NT 5.1; Media Center PC 3.0; .NET CLR 1.0.3705; .NET CLR 1.1.4322)"
204.210.184.206 - - [19/May/2007:13:47:27 -0400] "GET /icons/blank.gif HTTP/1.1" 200 148 "http://www.sportbikerecyclers.com/" "Mozilla/4.0 (compatible; MSIE 7.0; Windows NT 5.1; Media Center PC 3.0; .NET CLR 1.0.3705; .NET CLR 1.1.4322)"
204.210.184.206 - - [19/May/2007:13:47:27 -0400] "GET /icons/folder.gif HTTP/1.1" 200 225 "http://www.sportbikerecyclers.com/" "Mozilla/4.0 (compatible; MSIE 7.0; Windows NT 5.1; Media Center PC 3.0; .NET CLR 1.0.3705; .NET CLR 1.1.4322)"
74.6.75.38 - - [19/May/2007:18:40:48 -0400] "GET /robots.txt HTTP/1.0" 404 370 "-" "Mozilla/5.0 (compatible; Yahoo! Slurp; http://help.yahoo.com/help/us/ysearch/slurp)"
74.6.69.82 - - [19/May/2007:18:40:49 -0400] "GET / HTTP/1.0" 200 788 "-" "Mozilla/5.0 (compatible; Yahoo! Slurp; http://help.yahoo.com/help/us/ysearch/slurp)"
206.183.1.74 - - [19/May/2007:21:15:20 -0400] "GET /robots.txt HTTP/1.0" 404 369 "-" "Mozilla/4.0 (compatible; T-H-U-N-D-E-R-S-T-O-N-E)"
206.183.1.74 - - [19/May/2007:21:15:20 -0400] "GET / HTTP/1.0" 200 787 "-" "Mozilla/4.0 (compatible; T-H-U-N-D-E-R-S-T-O-N-E)"
206.183.1.74 - - [19/May/2007:21:15:20 -0400] "GET /logs/ HTTP/1.0" 200 1145 "-" "Mozilla/4.0 (compatible; T-H-U-N-D-E-R-S-T-O-N-E)"
66.249.73.111 - - [20/May/2007:05:38:30 -0400] "GET /robots.txt HTTP/1.1" 404 369 "-" "Mozilla/5.0 (compatible; Googlebot/2.1; +http://www.google.com/bot.html)"
66.249.73.111 - - [20/May/2007:05:38:30 -0400] "GET /logs/error.log HTTP/1.1" 200 40691 "-" "Mozilla/5.0 (compatible; Googlebot/2.1; +http://www.google.com/bot.html)"
72.30.177.78 - - [20/May/2007:09:19:28 -0400] "GET /robots.txt HTTP/1.0" 404 369 "-" "Mozilla/5.0 (compatible; Yahoo! Slurp; http://help.yahoo.com/help/us/ysearch/slurp)"
74.6.65.227 - - [20/May/2007:09:19:30 -0400] "GET / HTTP/1.0" 200 787 "-" "Mozilla/5.0 (compatible; Yahoo! Slurp; http://help.yahoo.com/help/us/ysearch/slurp)"
74.241.15.68 - - [20/May/2007:16:36:18 -0400] "GET / HTTP/1.1" 200 787 "http://sportbikerecycler.com/main.html" "Mozilla/4.0 (compatible; MSIE 6.0; Windows NT 5.1; SV1; .NET CLR 1.1.4322)"
74.241.15.68 - - [20/May/2007:16:36:18 -0400] "GET /icons/blank.gif HTTP/1.1" 200 148 "http://www.sportbikerecyclers.com/" "Mozilla/4.0 (compatible; MSIE 6.0; Windows NT 5.1; SV1; .NET CLR 1.1.4322)"
74.241.15.68 - - [20/May/2007:16:36:18 -0400] "GET /icons/folder.gif HTTP/1.1" 200 225 "http://www.sportbikerecyclers.com/" "Mozilla/4.0 (compatible; MSIE 6.0; Windows NT 5.1; SV1; .NET CLR 1.1.4322)"
71.126.23.99 - - [20/May/2007:21:25:29 -0400] "GET /favicon.ico HTTP/1.1" 404 370 "-" "Mozilla/4.0 (compatible; MSIE 7.0; Windows NT 5.1; YPC 3.2.0; .NET CLR 1.1.4322; .NET CLR 2.0.50727; IEMB3)"
71.126.23.99 - - [20/May/2007:21:25:29 -0400] "GET / HTTP/1.1" 200 787 "http://www.sportbike.org/main.html" "Mozilla/4.0 (compatible; MSIE 7.0; Windows NT 5.1; YPC 3.2.0; .NET CLR 1.1.4322; .NET CLR 2.0.50727; IEMB3)"
71.126.23.99 - - [20/May/2007:21:25:29 -0400] "GET /icons/blank.gif HTTP/1.1" 200 148 "http://www.sportbikerecyclers.com/" "Mozilla/4.0 (compatible; MSIE 7.0; Windows NT 5.1; YPC 3.2.0; .NET CLR 1.1.4322; .NET CLR 2.0.50727; IEMB3)"
71.126.23.99 - - [20/May/2007:21:25:29 -0400] "GET /icons/folder.gif HTTP/1.1" 200 225 "http://www.sportbikerecyclers.com/" "Mozilla/4.0 (compatible; MSIE 7.0; Windows NT 5.1; YPC 3.2.0; .NET CLR 1.1.4322; .NET CLR 2.0.50727; IEMB3)"
71.126.23.99 - - [20/May/2007:21:27:51 -0400] "GET / HTTP/1.1" 200 787 "http://www.sportbike.org/main.html" "Mozilla/4.0 (compatible; MSIE 7.0; Windows NT 5.1; YPC 3.2.0; .NET CLR 1.1.4322; .NET CLR 2.0.50727; IEMB3)"
71.126.23.99 - - [20/May/2007:21:27:51 -0400] "GET /icons/blank.gif HTTP/1.1" 304 - "http://www.sportbikerecyclers.com/" "Mozilla/4.0 (compatible; MSIE 7.0; Windows NT 5.1; YPC 3.2.0; .NET CLR 1.1.4322; .NET CLR 2.0.50727; IEMB3)"
71.126.23.99 - - [20/May/2007:21:27:51 -0400] "GET /icons/folder.gif HTTP/1.1" 304 - "http://www.sportbikerecyclers.com/" "Mozilla/4.0 (compatible; MSIE 7.0; Windows NT 5.1; YPC 3.2.0; .NET CLR 1.1.4322; .NET CLR 2.0.50727; IEMB3)"
71.30.192.66 - - [21/May/2007:00:10:09 -0400] "GET /favicon.ico HTTP/1.1" 404 370 "-" "Mozilla/4.0 (compatible; MSIE 6.0; Windows NT 5.1; SV1; .NET CLR 1.1.4322)"
71.30.192.66 - - [21/May/2007:00:10:09 -0400] "GET / HTTP/1.1" 200 787 "http://www.sportbikerecycler.com/main.html" "Mozilla/4.0 (compatible; MSIE 6.0; Windows NT 5.1; SV1; .NET CLR 1.1.4322)"
71.30.192.66 - - [21/May/2007:00:10:09 -0400] "GET /icons/blank.gif HTTP/1.1" 200 148 "http://www.sportbikerecyclers.com/" "Mozilla/4.0 (compatible; MSIE 6.0; Windows NT 5.1; SV1; .NET CLR 1.1.4322)"
71.30.192.66 - - [21/May/2007:00:10:09 -0400] "GET /icons/folder.gif HTTP/1.1" 200 225 "http://www.sportbikerecyclers.com/" "Mozilla/4.0 (compatible; MSIE 6.0; Windows NT 5.1; SV1; .NET CLR 1.1.4322)"
70.85.114.58 - - [21/May/2007:01:01:53 -0400] "GET /robots.txt HTTP/1.1" 404 369 "www.sportbikerecyclers.com" "Pingdom GIGRIB (http://www.pingdom.com)"
70.85.114.58 - - [21/May/2007:01:04:49 -0400] "GET // HTTP/1.1" 200 787 "http://www.pingdom.com/monitor/www.sportbikerecyclers.com" "Pingdom GIGRIB (http://www.pingdom.com)"
66.98.148.24 - - [21/May/2007:01:57:05 -0400] "GET /robots.txt HTTP/1.1" 404 370 "www.usedmotorcycleparts.biz" "Pingdom GIGRIB (http://www.pingdom.com)"
66.98.148.24 - - [21/May/2007:01:59:43 -0400] "GET // HTTP/1.1" 200 788 "http://www.pingdom.com/monitor/www.usedmotorcycleparts.biz" "Pingdom GIGRIB (http://www.pingdom.com)"
216.145.5.42 - - [21/May/2007:07:41:57 -0400] "GET /robots.txt HTTP/1.0" 404 369 "http://www.whois.sc/" "SurveyBot/2.3 (Whois Source)"
216.145.5.42 - - [21/May/2007:07:41:58 -0400] "GET / HTTP/1.1" 206 787 "http://www.whois.sc/sportbikerecyclers.com" "SurveyBot/2.3 (Whois Source)"
74.6.75.38 - - [21/May/2007:10:53:15 -0400] "GET /robots.txt HTTP/1.0" 404 370 "-" "Mozilla/5.0 (compatible; Yahoo! Slurp; http://help.yahoo.com/help/us/ysearch/slurp)"
74.6.67.72 - - [21/May/2007:10:53:16 -0400] "GET /logs/ HTTP/1.0" 200 1146 "-" "Mozilla/5.0 (compatible; Yahoo! Slurp; http://help.yahoo.com/help/us/ysearch/slurp)"
64.246.165.180 - - [21/May/2007:11:14:30 -0400] "GET /robots.txt HTTP/1.0" 404 370 "http://www.whois.sc/" "SurveyBot/2.3 (Whois Source)"
64.246.165.180 - - [21/May/2007:11:14:30 -0400] "GET / HTTP/1.1" 206 788 "http://www.whois.sc/usedmotorcycleparts.biz" "SurveyBot/2.3 (Whois Source)"
74.6.75.38 - - [21/May/2007:20:08:35 -0400] "GET /robots.txt HTTP/1.0" 404 370 "-" "Mozilla/5.0 (compatible; Yahoo! Slurp; http://help.yahoo.com/help/us/ysearch/slurp)"
74.6.69.82 - - [21/May/2007:20:08:35 -0400] "GET / HTTP/1.0" 200 788 "-" "Mozilla/5.0 (compatible; Yahoo! Slurp; http://help.yahoo.com/help/us/ysearch/slurp)"
66.249.73.111 - - [21/May/2007:21:27:08 -0400] "GET /robots.txt HTTP/1.1" 404 369 "-" "Mozilla/5.0 (compatible; Googlebot/2.1; +http://www.google.com/bot.html)"
66.249.73.111 - - [21/May/2007:21:27:08 -0400] "GET /logs/?C=N;O=D HTTP/1.1" 200 1145 "-" "Mozilla/5.0 (compatible; Googlebot/2.1; +http://www.google.com/bot.html)"
66.249.73.111 - - [22/May/2007:07:45:08 -0400] "GET /robots.txt HTTP/1.1" 404 370 "-" "Mozilla/5.0 (compatible; Googlebot/2.1; +http://www.google.com/bot.html)"
66.249.73.111 - - [22/May/2007:07:45:08 -0400] "GET /logs/access.log HTTP/1.1" 200 230330 "-" "Mozilla/5.0 (compatible; Googlebot/2.1; +http://www.google.com/bot.html)"
66.249.73.111 - - [22/May/2007:10:14:19 -0400] "GET / HTTP/1.1" 200 788 "-" "Mozilla/5.0 (compatible; Googlebot/2.1; +http://www.google.com/bot.html)"
62.149.165.16 - - [22/May/2007:11:24:59 -0400] "GET / HTTP/1.1" 200 788 "http://www.stopalporno.net/offerta.html" "Mozilla/4.0 (compatible; MSIE 6.0; Windows NT 5.1; SV1)"
66.249.73.111 - - [22/May/2007:11:34:57 -0400] "GET /?C=N;O=A HTTP/1.1" 200 788 "-" "Mozilla/5.0 (compatible; Googlebot/2.1; +http://www.google.com/bot.html)"
206.19.210.8 - - [22/May/2007:12:52:36 -0400] "GET / HTTP/1.1" 200 783 "-" "Mozilla/4.0 (compatible; MSIE 6.0; Windows NT 5.0; DGD (AutoProxy4); .NET CLR 1.1.4322)"
206.19.210.8 - - [22/May/2007:12:52:37 -0400] "GET /icons/blank.gif HTTP/1.1" 200 148 "http://sportbikerecyclers.com/" "Mozilla/4.0 (compatible; MSIE 6.0; Windows NT 5.0; DGD (AutoProxy4); .NET CLR 1.1.4322)"
206.19.210.8 - - [22/May/2007:12:52:37 -0400] "GET /icons/folder.gif HTTP/1.1" 200 225 "http://sportbikerecyclers.com/" "Mozilla/4.0 (compatible; MSIE 6.0; Windows NT 5.0; DGD (AutoProxy4); .NET CLR 1.1.4322)"
63.123.238.8 - - [22/May/2007:13:10:11 -0400] "GET /robots.txt HTTP/1.1" 404 370 "-" "Mozilla/2.0 (compatible; Ask Jeeves/Teoma)"
63.123.238.8 - - [22/May/2007:13:10:11 -0400] "GET / HTTP/1.1" 200 788 "-" "Mozilla/2.0 (compatible; Ask Jeeves/Teoma)"
72.30.177.78 - - [22/May/2007:13:48:29 -0400] "GET /robots.txt HTTP/1.0" 404 369 "-" "Mozilla/5.0 (compatible; Yahoo! Slurp; http://help.yahoo.com/help/us/ysearch/slurp)"
74.6.65.227 - - [22/May/2007:13:48:30 -0400] "GET / HTTP/1.0" 200 787 "-" "Mozilla/5.0 (compatible; Yahoo! Slurp; http://help.yahoo.com/help/us/ysearch/slurp)"
74.130.32.43 - - [22/May/2007:17:47:29 -0400] "GET /favicon.ico HTTP/1.1" 404 370 "-" "Mozilla/4.0 (compatible; MSIE 7.0; Windows NT 6.0; SLCC1; .NET CLR 2.0.50727; Media Center PC 5.0; .NET CLR 3.0.04506)"
74.130.32.43 - - [22/May/2007:17:47:29 -0400] "GET / HTTP/1.1" 200 787 "http://www.sportbikerecycler.com/main.html" "Mozilla/4.0 (compatible; MSIE 7.0; Windows NT 6.0; SLCC1; .NET CLR 2.0.50727; Media Center PC 5.0; .NET CLR 3.0.04506)"
74.130.32.43 - - [22/May/2007:17:47:29 -0400] "GET /icons/blank.gif HTTP/1.1" 200 148 "http://www.sportbikerecyclers.com/" "Mozilla/4.0 (compatible; MSIE 7.0; Windows NT 6.0; SLCC1; .NET CLR 2.0.50727; Media Center PC 5.0; .NET CLR 3.0.04506)"
74.130.32.43 - - [22/May/2007:17:47:29 -0400] "GET /icons/folder.gif HTTP/1.1" 200 225 "http://www.sportbikerecyclers.com/" "Mozilla/4.0 (compatible; MSIE 7.0; Windows NT 6.0; SLCC1; .NET CLR 2.0.50727; Media Center PC 5.0; .NET CLR 3.0.04506)"
74.130.32.43 - - [22/May/2007:17:47:31 -0400] "GET /logs/ HTTP/1.1" 200 1145 "http://www.sportbikerecyclers.com/" "Mozilla/4.0 (compatible; MSIE 7.0; Windows NT 6.0; SLCC1; .NET CLR 2.0.50727; Media Center PC 5.0; .NET CLR 3.0.04506)"
74.130.32.43 - - [22/May/2007:17:47:31 -0400] "GET /icons/back.gif HTTP/1.1" 200 216 "http://www.sportbikerecyclers.com/logs/" "Mozilla/4.0 (compatible; MSIE 7.0; Windows NT 6.0; SLCC1; .NET CLR 2.0.50727; Media Center PC 5.0; .NET CLR 3.0.04506)"
74.130.32.43 - - [22/May/2007:17:47:31 -0400] "GET /icons/unknown.gif HTTP/1.1" 200 245 "http://www.sportbikerecyclers.com/logs/" "Mozilla/4.0 (compatible; MSIE 7.0; Windows NT 6.0; SLCC1; .NET CLR 2.0.50727; Media Center PC 5.0; .NET CLR 3.0.04506)"
74.130.32.43 - - [22/May/2007:17:47:34 -0400] "GET / HTTP/1.1" 200 787 "http://www.sportbikerecyclers.com/logs/" "Mozilla/4.0 (compatible; MSIE 7.0; Windows NT 6.0; SLCC1; .NET CLR 2.0.50727; Media Center PC 5.0; .NET CLR 3.0.04506)"
216.207.9.195 - - [22/May/2007:20:47:26 -0400] "GET / HTTP/1.1" 200 787 "http://search.yahoo.com/search?ei=utf-8&fr=slv1-&p=sportbikerecyclers" "Mozilla/4.0 (compatible; MSIE 5.5; Windows 98; Win 9x 4.90; .NET CLR 1.1.4322)"
216.207.9.195 - - [22/May/2007:20:47:26 -0400] "GET /icons/blank.gif HTTP/1.1" 200 148 "http://www.sportbikerecyclers.com/" "Mozilla/4.0 (compatible; MSIE 5.5; Windows 98; Win 9x 4.90; .NET CLR 1.1.4322)"
216.207.9.195 - - [22/May/2007:20:47:27 -0400] "GET /icons/folder.gif HTTP/1.1" 200 225 "http://www.sportbikerecyclers.com/" "Mozilla/4.0 (compatible; MSIE 5.5; Windows 98; Win 9x 4.90; .NET CLR 1.1.4322)"
216.207.9.195 - - [22/May/2007:20:49:45 -0400] "GET /?C=M;O=A HTTP/1.1" 200 787 "http://www.sportbikerecyclers.com" "Mozilla/4.0 (compatible; MSIE 5.5; Windows 98; Win 9x 4.90; .NET CLR 1.1.4322)"
216.207.9.195 - - [22/May/2007:20:49:58 -0400] "GET /logs/ HTTP/1.1" 200 1145 "http://www.sportbikerecyclers.com/?C=M;O=A" "Mozilla/4.0 (compatible; MSIE 5.5; Windows 98; Win 9x 4.90; .NET CLR 1.1.4322)"
216.207.9.195 - - [22/May/2007:20:49:59 -0400] "GET /icons/back.gif HTTP/1.1" 200 216 "http://www.sportbikerecyclers.com/logs/" "Mozilla/4.0 (compatible; MSIE 5.5; Windows 98; Win 9x 4.90; .NET CLR 1.1.4322)"
216.207.9.195 - - [22/May/2007:20:49:59 -0400] "GET /icons/unknown.gif HTTP/1.1" 200 245 "http://www.sportbikerecyclers.com/logs/" "Mozilla/4.0 (compatible; MSIE 5.5; Windows 98; Win 9x 4.90; .NET CLR 1.1.4322)"
216.207.9.195 - - [22/May/2007:20:50:06 -0400] "GET /logs/access.log HTTP/1.1" 200 235505 "http://www.sportbikerecyclers.com/logs/" "Mozilla/4.0 (compatible; MSIE 5.5; Windows 98; Win 9x 4.90; .NET CLR 1.1.4322)"
66.61.127.31 - - [22/May/2007:21:01:52 -0400] "GET / HTTP/1.1" 200 787 "-" "Mozilla/4.0 (compatible; MSIE 7.0; Windows NT 5.1; Q312461)"
66.61.127.31 - - [22/May/2007:21:01:52 -0400] "GET /icons/blank.gif HTTP/1.1" 200 148 "http://www.sportbikerecyclers.com/" "Mozilla/4.0 (compatible; MSIE 7.0; Windows NT 5.1; Q312461)"
66.61.127.31 - - [22/May/2007:21:01:52 -0400] "GET /icons/folder.gif HTTP/1.1" 200 225 "http://www.sportbikerecyclers.com/" "Mozilla/4.0 (compatible; MSIE 7.0; Windows NT 5.1; Q312461)"
66.61.127.31 - - [22/May/2007:21:01:52 -0400] "GET /favicon.ico HTTP/1.1" 404 370 "-" "Mozilla/4.0 (compatible; MSIE 7.0; Windows NT 5.1; Q312461)"
66.61.127.31 - - [22/May/2007:21:01:54 -0400] "GET /logs/ HTTP/1.1" 200 1145 "http://www.sportbikerecyclers.com/" "Mozilla/4.0 (compatible; MSIE 7.0; Windows NT 5.1; Q312461)"
66.61.127.31 - - [22/May/2007:21:01:54 -0400] "GET /icons/back.gif HTTP/1.1" 200 216 "http://www.sportbikerecyclers.com/logs/" "Mozilla/4.0 (compatible; MSIE 7.0; Windows NT 5.1; Q312461)"
66.61.127.31 - - [22/May/2007:21:01:54 -0400] "GET /icons/unknown.gif HTTP/1.1" 200 245 "http://www.sportbikerecyclers.com/logs/" "Mozilla/4.0 (compatible; MSIE 7.0; Windows NT 5.1; Q312461)"
66.61.127.31 - - [22/May/2007:21:01:56 -0400] "GET /logs/access.log HTTP/1.1" 200 236931 "http://www.sportbikerecyclers.com/logs/" "Mozilla/4.0 (compatible; MSIE 7.0; Windows NT 5.1; Q312461)"
72.14.194.29 - - [22/May/2007:21:23:50 -0400] "GET / HTTP/1.1" 200 787 "http://sportbikerecycler.com/main.html" "Mozilla/4.0 (compatible; MSIE 7.0; Windows NT 5.1; .NET CLR 1.0.3705; .NET CLR 1.1.4322; Media Center PC 4.0; IEMB3; IEMB3)"
69.133.37.109 - - [22/May/2007:21:23:58 -0400] "GET /icons/blank.gif HTTP/1.1" 200 148 "http://www.sportbikerecyclers.com/" "Mozilla/4.0 (compatible; MSIE 7.0; Windows NT 5.1; .NET CLR 1.0.3705; .NET CLR 1.1.4322; Media Center PC 4.0; IEMB3; IEMB3)"
69.133.37.109 - - [22/May/2007:21:23:58 -0400] "GET /icons/folder.gif HTTP/1.1" 200 225 "http://www.sportbikerecyclers.com/" "Mozilla/4.0 (compatible; MSIE 7.0; Windows NT 5.1; .NET CLR 1.0.3705; .NET CLR 1.1.4322; Media Center PC 4.0; IEMB3; IEMB3)"
66.249.73.111 - - [23/May/2007:02:22:27 -0400] "GET /robots.txt HTTP/1.1" 404 369 "-" "Mozilla/5.0 (compatible; Googlebot/2.1; +http://www.google.com/bot.html)"
66.249.73.111 - - [23/May/2007:02:22:27 -0400] "GET /logs/?C=D;O=D HTTP/1.1" 200 1145 "-" "Mozilla/5.0 (compatible; Googlebot/2.1; +http://www.google.com/bot.html)"
38.99.203.110 - - [23/May/2007:05:27:48 -0400] "GET /robots.txt HTTP/1.1" 404 369 "-" "Java/1.6.0_01-ea"
38.99.203.110 - - [23/May/2007:05:27:48 -0400] "GET / HTTP/1.1" 200 787 "-" "panscient.com"
38.99.203.110 - - [23/May/2007:05:27:49 -0400] "GET /?C=N;O=D HTTP/1.1" 200 787 "-" "panscient.com"
38.99.203.110 - - [23/May/2007:05:27:50 -0400] "GET /?C=D;O=A HTTP/1.1" 200 787 "-" "panscient.com"
38.99.203.110 - - [23/May/2007:05:27:51 -0400] "GET /?C=D;O=D HTTP/1.1" 200 787 "-" "panscient.com"
38.99.203.110 - - [23/May/2007:05:27:52 -0400] "GET /?C=N;O=A HTTP/1.1" 200 787 "-" "panscient.com"
38.99.203.110 - - [23/May/2007:05:27:53 -0400] "GET /?C=M;O=A HTTP/1.1" 200 787 "-" "panscient.com"
38.99.203.110 - - [23/May/2007:05:27:54 -0400] "GET /?C=S;O=A HTTP/1.1" 200 787 "-" "panscient.com"
38.99.203.110 - - [23/May/2007:05:27:55 -0400] "GET /logs/ HTTP/1.1" 200 1145 "-" "panscient.com"
38.99.203.110 - - [23/May/2007:05:27:56 -0400] "GET /logs/?C=N;O=D HTTP/1.1" 200 1145 "-" "panscient.com"
38.99.203.110 - - [23/May/2007:05:27:58 -0400] "GET /logs/?C=N;O=A HTTP/1.1" 200 1145 "-" "panscient.com"
38.99.203.110 - - [23/May/2007:05:27:59 -0400] "GET /logs/?C=D;O=A HTTP/1.1" 200 1145 "-" "panscient.com"
38.99.203.110 - - [23/May/2007:05:28:00 -0400] "GET /logs/?C=D;O=D HTTP/1.1" 200 1145 "-" "panscient.com"
38.99.203.110 - - [23/May/2007:05:28:01 -0400] "GET /logs/?C=M;O=A HTTP/1.1" 200 1145 "-" "panscient.com"
38.99.203.110 - - [23/May/2007:05:28:02 -0400] "GET /logs/?C=S;O=A HTTP/1.1" 200 1145 "-" "panscient.com"
194.153.113.12 - - [23/May/2007:05:29:14 -0400] "GET /robots.txt HTTP/1.1" 404 369 "-" "Mozilla/4.0 (compatible; MSIE 5.5; Windows NT 4.0; obot)"
194.153.113.12 - - [23/May/2007:05:29:14 -0400] "GET / HTTP/1.1" 200 787 "-" "Mozilla/4.0 (compatible; MSIE 5.5; Windows NT 4.0; obot)"
194.153.113.12 - - [23/May/2007:05:29:14 -0400] "GET /icons/blank.gif HTTP/1.1" 200 148 "http://www.sportbikerecyclers.com/" "Mozilla/4.0 (compatible; MSIE 5.5; Windows NT 4.0; obot)"
194.153.113.12 - - [23/May/2007:05:29:14 -0400] "GET /icons/folder.gif HTTP/1.1" 200 225 "http://www.sportbikerecyclers.com/" "Mozilla/4.0 (compatible; MSIE 5.5; Windows NT 4.0; obot)"
66.249.73.111 - - [23/May/2007:05:57:48 -0400] "GET /robots.txt HTTP/1.1" 404 370 "-" "Mozilla/5.0 (compatible; Googlebot/2.1; +http://www.google.com/bot.html)"
66.249.73.111 - - [23/May/2007:05:57:48 -0400] "GET /?C=S;O=D HTTP/1.1" 200 788 "-" "Mozilla/5.0 (compatible; Googlebot/2.1; +http://www.google.com/bot.html)"
66.249.73.111 - - [23/May/2007:07:24:06 -0400] "GET /logs/?C=S;O=A HTTP/1.1" 200 1145 "-" "Mozilla/5.0 (compatible; Googlebot/2.1; +http://www.google.com/bot.html)"
66.249.73.111 - - [23/May/2007:08:06:57 -0400] "GET /logs/error.log HTTP/1.1" 200 43136 "-" "Mozilla/5.0 (compatible; Googlebot/2.1; +http://www.google.com/bot.html)"
66.249.73.111 - - [23/May/2007:10:16:52 -0400] "GET /?C=N;O=D HTTP/1.1" 200 788 "-" "Mozilla/5.0 (compatible; Googlebot/2.1; +http://www.google.com/bot.html)"
66.249.73.111 - - [23/May/2007:10:59:49 -0400] "GET /?C=M;O=D HTTP/1.1" 200 788 "-" "Mozilla/5.0 (compatible; Googlebot/2.1; +http://www.google.com/bot.html)"
66.249.73.111 - - [23/May/2007:12:16:44 -0400] "GET /robots.txt HTTP/1.1" 404 370 "-" "Mozilla/5.0 (compatible; Googlebot/2.1; +http://www.google.com/bot.html)"
66.249.73.111 - - [23/May/2007:12:16:44 -0400] "GET /?C=D;O=D HTTP/1.1" 200 788 "-" "Mozilla/5.0 (compatible; Googlebot/2.1; +http://www.google.com/bot.html)"
65.222.176.124 - - [23/May/2007:12:31:25 -0400] "GET / HTTP/1.1" 200 788 "-" "Mozilla/4.0 (compatible; MSIE 6.0; Windows XP)"
65.222.176.124 - - [23/May/2007:12:31:38 -0400] "GET /logs/ HTTP/1.1" 200 1146 "http://www.usedmotorcycleparts.biz/" "Mozilla/4.0 (compatible; MSIE 6.0; Windows XP)"
65.222.176.124 - - [23/May/2007:12:31:55 -0400] "GET /logs/access.log HTTP/1.1" 200 241953 "http://www.usedmotorcycleparts.biz/logs/" "Mozilla/4.0 (compatible; MSIE 6.0; Windows XP)"
65.222.176.124 - - [23/May/2007:12:32:01 -0400] "GET /logs/error.log HTTP/1.1" 200 43258 "http://www.usedmotorcycleparts.biz/logs/" "Mozilla/4.0 (compatible; MSIE 6.0; Windows XP)"
216.120.173.3 - - [23/May/2007:16:40:45 -0400] "GET /logs/access.log HTTP/1.1" 200 242317 "http://www.google.com/search?q=sportbike.org&hl=en&start=10&sa=N" "Mozilla/4.0 (compatible; MSIE 6.0; Windows NT 5.1; SV1; .NET CLR 1.1.4322)"
66.249.73.245 - - [24/May/2007:05:34:35 -0400] "GET /robots.txt HTTP/1.1" 404 369 "-" "Googlebot-Image/1.0"
66.249.73.245 - - [24/May/2007:05:34:35 -0400] "GET /icons/blank.gif HTTP/1.1" 200 148 "-" "Googlebot-Image/1.0"
72.30.177.78 - - [24/May/2007:06:25:24 -0400] "GET /robots.txt HTTP/1.0" 404 369 "-" "Mozilla/5.0 (compatible; Yahoo! Slurp; http://help.yahoo.com/help/us/ysearch/slurp)"
74.6.65.227 - - [24/May/2007:06:25:24 -0400] "GET / HTTP/1.0" 200 787 "-" "Mozilla/5.0 (compatible; Yahoo! Slurp; http://help.yahoo.com/help/us/ysearch/slurp)"
66.249.73.245 - - [24/May/2007:08:05:14 -0400] "GET /logs/error.log HTTP/1.1" 200 43501 "-" "Mozilla/5.0 (compatible; Googlebot/2.1; +http://www.google.com/bot.html)"
66.249.73.245 - - [24/May/2007:09:45:10 -0400] "GET /robots.txt HTTP/1.1" 404 370 "-" "Mozilla/5.0 (compatible; Googlebot/2.1; +http://www.google.com/bot.html)"
66.249.73.245 - - [24/May/2007:09:45:10 -0400] "GET /logs/?C=D;O=D HTTP/1.1" 200 1146 "-" "Mozilla/5.0 (compatible; Googlebot/2.1; +http://www.google.com/bot.html)"
70.238.243.218 - - [24/May/2007:19:52:53 -0400] "GET / HTTP/1.1" 200 783 "-" "Mozilla/4.0 (compatible; MSIE 6.0; Windows NT 5.1; YPC 3.2.0)"
70.238.243.218 - - [24/May/2007:19:52:53 -0400] "GET /icons/blank.gif HTTP/1.1" 200 148 "http://sportbikerecyclers.com/" "Mozilla/4.0 (compatible; MSIE 6.0; Windows NT 5.1; YPC 3.2.0)"
70.238.243.218 - - [24/May/2007:19:52:53 -0400] "GET /icons/folder.gif HTTP/1.1" 200 225 "http://sportbikerecyclers.com/" "Mozilla/4.0 (compatible; MSIE 6.0; Windows NT 5.1; YPC 3.2.0)"
70.238.243.218 - - [24/May/2007:19:53:09 -0400] "GET /?C=M;O=A HTTP/1.1" 200 783 "http://sportbikerecyclers.com/" "Mozilla/4.0 (compatible; MSIE 6.0; Windows NT 5.1; YPC 3.2.0)"
70.238.243.218 - - [24/May/2007:19:53:11 -0400] "GET /?C=M;O=D HTTP/1.1" 200 783 "http://sportbikerecyclers.com/?C=M;O=A" "Mozilla/4.0 (compatible; MSIE 6.0; Windows NT 5.1; YPC 3.2.0)"
70.238.243.218 - - [24/May/2007:19:53:12 -0400] "GET /?C=S;O=A HTTP/1.1" 200 783 "http://sportbikerecyclers.com/?C=M;O=D" "Mozilla/4.0 (compatible; MSIE 6.0; Windows NT 5.1; YPC 3.2.0)"
70.238.243.218 - - [24/May/2007:19:53:14 -0400] "GET /?C=D;O=A HTTP/1.1" 200 783 "http://sportbikerecyclers.com/?C=S;O=A" "Mozilla/4.0 (compatible; MSIE 6.0; Windows NT 5.1; YPC 3.2.0)"
70.238.243.218 - - [24/May/2007:19:53:15 -0400] "GET /?C=N;O=A HTTP/1.1" 200 783 "http://sportbikerecyclers.com/?C=D;O=A" "Mozilla/4.0 (compatible; MSIE 6.0; Windows NT 5.1; YPC 3.2.0)"
70.238.243.218 - - [24/May/2007:19:53:21 -0400] "GET /logs/ HTTP/1.1" 200 1141 "http://sportbikerecyclers.com/?C=N;O=A" "Mozilla/4.0 (compatible; MSIE 6.0; Windows NT 5.1; YPC 3.2.0)"
70.238.243.218 - - [24/May/2007:19:53:21 -0400] "GET /icons/back.gif HTTP/1.1" 200 216 "http://sportbikerecyclers.com/logs/" "Mozilla/4.0 (compatible; MSIE 6.0; Windows NT 5.1; YPC 3.2.0)"
70.238.243.218 - - [24/May/2007:19:53:21 -0400] "GET /icons/unknown.gif HTTP/1.1" 200 245 "http://sportbikerecyclers.com/logs/" "Mozilla/4.0 (compatible; MSIE 6.0; Windows NT 5.1; YPC 3.2.0)"
70.238.243.218 - - [24/May/2007:19:53:26 -0400] "GET /logs/access.log HTTP/1.1" 200 245595 "http://sportbikerecyclers.com/logs/" "Mozilla/4.0 (compatible; MSIE 6.0; Windows NT 5.1; YPC 3.2.0)"
76.211.24.236 - - [24/May/2007:22:20:49 -0400] "GET / HTTP/1.1" 200 787 "http://www.sportbikerecycler.com/main.html" "Mozilla/4.0 (compatible; MSIE 6.0; Windows NT 5.1; SV1; .NET CLR 1.0.3705; .NET CLR 1.1.4322; Media Center PC 4.0; PeoplePal 3.0)"
76.211.24.236 - - [24/May/2007:22:20:49 -0400] "GET /icons/blank.gif HTTP/1.1" 200 148 "http://www.sportbikerecyclers.com/" "Mozilla/4.0 (compatible; MSIE 6.0; Windows NT 5.1; SV1; .NET CLR 1.0.3705; .NET CLR 1.1.4322; Media Center PC 4.0; PeoplePal 3.0)"
76.211.24.236 - - [24/May/2007:22:20:49 -0400] "GET /icons/folder.gif HTTP/1.1" 200 225 "http://www.sportbikerecyclers.com/" "Mozilla/4.0 (compatible; MSIE 6.0; Windows NT 5.1; SV1; .NET CLR 1.0.3705; .NET CLR 1.1.4322; Media Center PC 4.0; PeoplePal 3.0)"
75.136.159.107 - - [24/May/2007:23:55:15 -0400] "GET / HTTP/1.1" 200 787 "http://www.sportbikerecycler.com/main.html" "Mozilla/4.0 (compatible; MSIE 7.0; Windows NT 5.1; .NET CLR 1.1.4322)"
75.136.159.107 - - [24/May/2007:23:55:15 -0400] "GET /icons/blank.gif HTTP/1.1" 200 148 "http://www.sportbikerecyclers.com/" "Mozilla/4.0 (compatible; MSIE 7.0; Windows NT 5.1; .NET CLR 1.1.4322)"
75.136.159.107 - - [24/May/2007:23:55:15 -0400] "GET /icons/folder.gif HTTP/1.1" 200 225 "http://www.sportbikerecyclers.com/" "Mozilla/4.0 (compatible; MSIE 7.0; Windows NT 5.1; .NET CLR 1.1.4322)"
75.136.159.107 - - [24/May/2007:23:55:15 -0400] "GET /favicon.ico HTTP/1.1" 404 370 "-" "Mozilla/4.0 (compatible; MSIE 7.0; Windows NT 5.1; .NET CLR 1.1.4322)"
66.249.73.245 - - [25/May/2007:04:38:59 -0400] "GET /robots.txt HTTP/1.1" 404 369 "-" "Mozilla/5.0 (compatible; Googlebot/2.1; +http://www.google.com/bot.html)"
66.249.73.245 - - [25/May/2007:04:38:59 -0400] "GET /logs/ HTTP/1.1" 200 1145 "-" "Mozilla/5.0 (compatible; Googlebot/2.1; +http://www.google.com/bot.html)"
66.249.73.245 - - [25/May/2007:08:30:44 -0400] "GET /robots.txt HTTP/1.1" 404 370 "-" "Mozilla/5.0 (compatible; Googlebot/2.1; +http://www.google.com/bot.html)"
66.249.73.245 - - [25/May/2007:08:30:44 -0400] "GET /logs/?C=D;O=A HTTP/1.1" 200 1146 "-" "Mozilla/5.0 (compatible; Googlebot/2.1; +http://www.google.com/bot.html)"
66.249.73.245 - - [25/May/2007:09:47:59 -0400] "GET /logs/ HTTP/1.1" 200 1146 "-" "Mozilla/5.0 (compatible; Googlebot/2.1; +http://www.google.com/bot.html)"
66.249.73.245 - - [25/May/2007:11:05:35 -0400] "GET /?C=S;O=A HTTP/1.1" 200 788 "-" "Mozilla/5.0 (compatible; Googlebot/2.1; +http://www.google.com/bot.html)"
205.204.242.21 - - [25/May/2007:13:26:04 -0400] "GET / HTTP/1.1" 200 787 "http://sportbikerecycler.com/main.html" "Mozilla/4.0 (compatible; MSIE 6.0; Windows NT 5.1; SV1; .NET CLR 1.1.4322)"
205.204.242.21 - - [25/May/2007:13:26:04 -0400] "GET /icons/blank.gif HTTP/1.1" 200 148 "http://www.sportbikerecyclers.com/" "Mozilla/4.0 (compatible; MSIE 6.0; Windows NT 5.1; SV1; .NET CLR 1.1.4322)"
205.204.242.21 - - [25/May/2007:13:26:04 -0400] "GET /icons/folder.gif HTTP/1.1" 200 225 "http://www.sportbikerecyclers.com/" "Mozilla/4.0 (compatible; MSIE 6.0; Windows NT 5.1; SV1; .NET CLR 1.1.4322)"
205.204.242.21 - - [25/May/2007:13:26:07 -0400] "GET /?C=N;O=D HTTP/1.1" 200 787 "http://www.sportbikerecyclers.com/" "Mozilla/4.0 (compatible; MSIE 6.0; Windows NT 5.1; SV1; .NET CLR 1.1.4322)"
69.72.19.50 - - [25/May/2007:19:20:53 -0400] "GET / HTTP/1.1" 200 787 "http://www.sportbikerecycler.com/main.html" "Mozilla/4.0 (compatible; MSIE 6.0; Windows NT 5.1; .NET CLR 1.1.4322)"
69.72.19.50 - - [25/May/2007:19:20:53 -0400] "GET /icons/folder.gif HTTP/1.1" 200 225 "http://www.sportbikerecyclers.com/" "Mozilla/4.0 (compatible; MSIE 6.0; Windows NT 5.1; .NET CLR 1.1.4322)"
69.72.19.50 - - [25/May/2007:19:20:54 -0400] "GET /icons/blank.gif HTTP/1.1" 200 148 "http://www.sportbikerecyclers.com/" "Mozilla/4.0 (compatible; MSIE 6.0; Windows NT 5.1; .NET CLR 1.1.4322)"
