66.111.122.81 - - [16/Aug/2007:11:19:23 -0400] "GET /icons/blank.gif HTTP/1.1" 200 148 "http://www.sportbikerecyclers.com/?SID=aVR4P0NieDtqRFp4X1ROdFg+PXtvRFp7Xz9KI1ZhSj4" "Mozilla/4.0 (compatible; MSIE 6.0; Windows NT 5.1; SV1; .NET CLR 2.0.50727)"
66.111.122.81 - - [16/Aug/2007:11:19:23 -0400] "GET /icons/folder.gif HTTP/1.1" 200 225 "http://www.sportbikerecyclers.com/?SID=aVR4P0NieDtqRFp4X1ROdFg+PXtvRFp7Xz9KI1ZhSj4" "Mozilla/4.0 (compatible; MSIE 6.0; Windows NT 5.1; SV1; .NET CLR 2.0.50727)"
59.92.119.181 - - [16/Aug/2007:12:05:54 -0400] "GET /?SID=aVR4P0NieDtqRFp4X1ROdFg/ZHRvVGQ9aj5WPWpLOT0 HTTP/1.1" 200 787 "-" "Mozilla/4.0 (compatible; MSIE 6.0; Windows NT 5.1; SV1)"
59.92.119.181 - - [16/Aug/2007:12:05:55 -0400] "GET /icons/blank.gif HTTP/1.1" 200 148 "http://www.sportbikerecyclers.com/?SID=aVR4P0NieDtqRFp4X1ROdFg/ZHRvVGQ9aj5WPWpLOT0" "Mozilla/4.0 (compatible; MSIE 6.0; Windows NT 5.1; SV1)"
59.92.119.181 - - [16/Aug/2007:12:05:55 -0400] "GET /icons/folder.gif HTTP/1.1" 200 225 "http://www.sportbikerecyclers.com/?SID=aVR4P0NieDtqRFp4X1ROdFg/ZHRvVGQ9aj5WPWpLOT0" "Mozilla/4.0 (compatible; MSIE 6.0; Windows NT 5.1; SV1)"
209.191.87.216 - - [16/Aug/2007:12:12:01 -0400] "GET /?sid=avr4p0niedtqrfp4x1rodfh1xwzax1paaftwowhd HTTP/1.0" 200 787 "-" "Mozilla/4.0 (compatible; MSIE 6.0; Windows NT 5.1)"
209.191.87.216 - - [16/Aug/2007:12:12:03 -0400] "GET /?sid=avr4p0niedtqrfp4x1rodfh1xwzax1paaftwowhd HTTP/1.0" 200 787 "-" "Mozilla/4.0 (compatible; MSIE 6.0; Windows NT 5.1)"
219.64.138.30 - - [16/Aug/2007:12:47:36 -0400] "GET /?SID=aVR4P0NieDtqRFp4X1ROdFg+aGFvVGQ4b1tCdGphXj4 HTTP/1.1" 200 787 "http://us.f536.mail.yahoo.com/ym/ShowLetter?MsgId=8481_0_2186_1220_934_0_4775_1691_180998697_oSOYkYn4Ur6Rg9WuJfSMZ.Sr6r3ayXRfTqZHlxUjpQI1uiCbkflC4FT4KXIq4tEwHI0FSUEiEcuMzGkHgy1qX.smkHSBOtz8.niqSJIWB6M7aEIWp0PpGAmZJH_hMsL9LTBIsX2hEaUEJ5oQi0wJNGFk9FmN65JMqHhgmb5ie4I-&Idx=0&YY=41121&y5beta=yes&y5beta=yes&inc=25&order=down&sort=date&pos=0&view=a&head=b&box=%40B%40Bulk" "Mozilla/4.0 (compatible; MSIE 6.0; Windows NT 5.1; SV1)"
219.64.138.30 - - [16/Aug/2007:12:47:39 -0400] "GET /icons/blank.gif HTTP/1.1" 200 148 "http://www.sportbikerecyclers.com/?SID=aVR4P0NieDtqRFp4X1ROdFg+aGFvVGQ4b1tCdGphXj4" "Mozilla/4.0 (compatible; MSIE 6.0; Windows NT 5.1; SV1)"
219.64.138.30 - - [16/Aug/2007:12:47:41 -0400] "GET /icons/folder.gif HTTP/1.1" 200 225 "http://www.sportbikerecyclers.com/?SID=aVR4P0NieDtqRFp4X1ROdFg+aGFvVGQ4b1tCdGphXj4" "Mozilla/4.0 (compatible; MSIE 6.0; Windows NT 5.1; SV1)"
66.196.97.159 - - [16/Aug/2007:14:40:48 -0400] "GET /?sid=avr4p0niedtqrfp4x1rodfg/zhroyko0agjkoghubw HTTP/1.0" 200 787 "-" "Mozilla/4.0 (compatible; MSIE 6.0; Windows NT 5.1)"
66.196.97.159 - - [16/Aug/2007:14:40:50 -0400] "GET /?sid=avr4p0niedtqrfp4x1rodfg/zhroyko0agjkoghubw HTTP/1.0" 200 787 "-" "Mozilla/4.0 (compatible; MSIE 6.0; Windows NT 5.1)"
59.162.178.50 - - [16/Aug/2007:15:31:49 -0400] "GET /?SID=aVR4P0NieDtqRFp4X1ROdFg+aGJvW1Z2aWJKQGlEWjloXQ HTTP/1.1" 200 787 "http://us.f545.mail.yahoo.com/ym/ShowLetter?MsgId=4868_5089315_9813_1198_903_0_5259_1637_3514721347&Idx=3&YY=83174&y5beta=yes&y5beta=yes&inc=25&order=down&sort=date&pos=0&view=&head=&box=Inbox" "Mozilla/4.0 (compatible; MSIE 6.0; Windows NT 5.1; SV1)"
59.162.178.50 - - [16/Aug/2007:15:31:50 -0400] "GET /icons/blank.gif HTTP/1.1" 200 148 "http://www.sportbikerecyclers.com/?SID=aVR4P0NieDtqRFp4X1ROdFg+aGJvW1Z2aWJKQGlEWjloXQ" "Mozilla/4.0 (compatible; MSIE 6.0; Windows NT 5.1; SV1)"
59.162.178.50 - - [16/Aug/2007:15:31:50 -0400] "GET /icons/folder.gif HTTP/1.1" 200 225 "http://www.sportbikerecyclers.com/?SID=aVR4P0NieDtqRFp4X1ROdFg+aGJvW1Z2aWJKQGlEWjloXQ" "Mozilla/4.0 (compatible; MSIE 6.0; Windows NT 5.1; SV1)"
59.162.178.50 - - [16/Aug/2007:15:32:35 -0400] "GET /?C=N;O=D HTTP/1.1" 200 787 "http://www.sportbikerecyclers.com/?SID=aVR4P0NieDtqRFp4X1ROdFg+aGJvW1Z2aWJKQGlEWjloXQ" "Mozilla/4.0 (compatible; MSIE 6.0; Windows NT 5.1; SV1)"
59.162.178.50 - - [16/Aug/2007:15:32:35 -0400] "GET /icons/folder.gif HTTP/1.1" 304 - "http://www.sportbikerecyclers.com/?C=N;O=D" "Mozilla/4.0 (compatible; MSIE 6.0; Windows NT 5.1; SV1)"
59.162.178.50 - - [16/Aug/2007:15:32:36 -0400] "GET /icons/blank.gif HTTP/1.1" 304 - "http://www.sportbikerecyclers.com/?C=N;O=D" "Mozilla/4.0 (compatible; MSIE 6.0; Windows NT 5.1; SV1)"
59.162.178.50 - - [16/Aug/2007:15:32:48 -0400] "GET /?C=N;O=A HTTP/1.1" 200 787 "http://www.sportbikerecyclers.com/?C=N;O=D" "Mozilla/4.0 (compatible; MSIE 6.0; Windows NT 5.1; SV1)"
59.162.178.50 - - [16/Aug/2007:15:32:49 -0400] "GET /icons/blank.gif HTTP/1.1" 304 - "http://www.sportbikerecyclers.com/?C=N;O=A" "Mozilla/4.0 (compatible; MSIE 6.0; Windows NT 5.1; SV1)"
59.162.178.50 - - [16/Aug/2007:15:32:49 -0400] "GET /icons/folder.gif HTTP/1.1" 304 - "http://www.sportbikerecyclers.com/?C=N;O=A" "Mozilla/4.0 (compatible; MSIE 6.0; Windows NT 5.1; SV1)"
59.162.178.50 - - [16/Aug/2007:15:32:51 -0400] "GET /?C=M;O=A HTTP/1.1" 200 787 "http://www.sportbikerecyclers.com/?C=N;O=A" "Mozilla/4.0 (compatible; MSIE 6.0; Windows NT 5.1; SV1)"
59.162.178.50 - - [16/Aug/2007:15:32:52 -0400] "GET /icons/folder.gif HTTP/1.1" 304 - "http://www.sportbikerecyclers.com/?C=M;O=A" "Mozilla/4.0 (compatible; MSIE 6.0; Windows NT 5.1; SV1)"
59.162.178.50 - - [16/Aug/2007:15:32:52 -0400] "GET /icons/blank.gif HTTP/1.1" 304 - "http://www.sportbikerecyclers.com/?C=M;O=A" "Mozilla/4.0 (compatible; MSIE 6.0; Windows NT 5.1; SV1)"
59.162.178.50 - - [16/Aug/2007:15:32:54 -0400] "GET /?C=N;O=A HTTP/1.1" 200 787 "http://www.sportbikerecyclers.com/?C=M;O=A" "Mozilla/4.0 (compatible; MSIE 6.0; Windows NT 5.1; SV1)"
59.162.178.50 - - [16/Aug/2007:15:32:54 -0400] "GET /icons/blank.gif HTTP/1.1" 304 - "http://www.sportbikerecyclers.com/?C=N;O=A" "Mozilla/4.0 (compatible; MSIE 6.0; Windows NT 5.1; SV1)"
59.162.178.50 - - [16/Aug/2007:15:32:54 -0400] "GET /icons/folder.gif HTTP/1.1" 304 - "http://www.sportbikerecyclers.com/?C=N;O=A" "Mozilla/4.0 (compatible; MSIE 6.0; Windows NT 5.1; SV1)"
59.162.178.50 - - [16/Aug/2007:15:32:56 -0400] "GET /logs/ HTTP/1.1" 200 1145 "http://www.sportbikerecyclers.com/?C=N;O=A" "Mozilla/4.0 (compatible; MSIE 6.0; Windows NT 5.1; SV1)"
59.162.178.50 - - [16/Aug/2007:15:32:56 -0400] "GET /icons/blank.gif HTTP/1.1" 304 - "http://www.sportbikerecyclers.com/logs/" "Mozilla/4.0 (compatible; MSIE 6.0; Windows NT 5.1; SV1)"
59.162.178.50 - - [16/Aug/2007:15:32:56 -0400] "GET /icons/back.gif HTTP/1.1" 200 216 "http://www.sportbikerecyclers.com/logs/" "Mozilla/4.0 (compatible; MSIE 6.0; Windows NT 5.1; SV1)"
59.162.178.50 - - [16/Aug/2007:15:32:56 -0400] "GET /icons/unknown.gif HTTP/1.1" 200 245 "http://www.sportbikerecyclers.com/logs/" "Mozilla/4.0 (compatible; MSIE 6.0; Windows NT 5.1; SV1)"
59.162.178.50 - - [16/Aug/2007:15:33:00 -0400] "GET / HTTP/1.1" 200 787 "http://www.sportbikerecyclers.com/logs/" "Mozilla/4.0 (compatible; MSIE 6.0; Windows NT 5.1; SV1)"
59.162.178.50 - - [16/Aug/2007:15:33:00 -0400] "GET /icons/blank.gif HTTP/1.1" 304 - "http://www.sportbikerecyclers.com/" "Mozilla/4.0 (compatible; MSIE 6.0; Windows NT 5.1; SV1)"
59.162.178.50 - - [16/Aug/2007:15:33:00 -0400] "GET /icons/folder.gif HTTP/1.1" 304 - "http://www.sportbikerecyclers.com/" "Mozilla/4.0 (compatible; MSIE 6.0; Windows NT 5.1; SV1)"
59.162.178.50 - - [16/Aug/2007:15:33:02 -0400] "GET /logs/ HTTP/1.1" 200 1145 "http://www.sportbikerecyclers.com/" "Mozilla/4.0 (compatible; MSIE 6.0; Windows NT 5.1; SV1)"
59.162.178.50 - - [16/Aug/2007:15:33:03 -0400] "GET /icons/blank.gif HTTP/1.1" 304 - "http://www.sportbikerecyclers.com/logs/" "Mozilla/4.0 (compatible; MSIE 6.0; Windows NT 5.1; SV1)"
59.162.178.50 - - [16/Aug/2007:15:33:03 -0400] "GET /icons/back.gif HTTP/1.1" 304 - "http://www.sportbikerecyclers.com/logs/" "Mozilla/4.0 (compatible; MSIE 6.0; Windows NT 5.1; SV1)"
59.162.178.50 - - [16/Aug/2007:15:33:03 -0400] "GET /icons/unknown.gif HTTP/1.1" 304 - "http://www.sportbikerecyclers.com/logs/" "Mozilla/4.0 (compatible; MSIE 6.0; Windows NT 5.1; SV1)"
59.162.178.50 - - [16/Aug/2007:15:33:04 -0400] "GET /logs/access.log HTTP/1.1" 200 508029 "http://www.sportbikerecyclers.com/logs/" "Mozilla/4.0 (compatible; MSIE 6.0; Windows NT 5.1; SV1)"
66.249.70.165 - - [16/Aug/2007:15:44:32 -0400] "GET /robots.txt HTTP/1.1" 404 369 "-" "Mozilla/5.0 (compatible; Googlebot/2.1; +http://www.google.com/bot.html)"
66.249.70.165 - - [16/Aug/2007:15:44:32 -0400] "GET /?C=D;O=D HTTP/1.1" 200 787 "-" "Mozilla/5.0 (compatible; Googlebot/2.1; +http://www.google.com/bot.html)"
66.196.97.159 - - [16/Aug/2007:17:12:54 -0400] "GET /?sid=avr4p0niedtqrfp4x1rodfg+tmrvp1z0aurapw HTTP/1.0" 200 787 "-" "Mozilla/4.0 (compatible; MSIE 6.0; Windows NT 5.1)"
66.196.97.159 - - [16/Aug/2007:17:12:56 -0400] "GET /?sid=avr4p0niedtqrfp4x1rodfg+tmrvp1z0aurapw HTTP/1.0" 200 787 "-" "Mozilla/4.0 (compatible; MSIE 6.0; Windows NT 5.1)"
209.191.87.216 - - [16/Aug/2007:17:33:48 -0400] "GET /?sid=avr4p0niedtqrfp4x1rodfg+ahtpsxh0vwfwdfy/egtvreo4aurapw HTTP/1.0" 200 787 "-" "Mozilla/4.0 (compatible; MSIE 6.0; Windows NT 5.1)"
209.191.87.216 - - [16/Aug/2007:17:33:50 -0400] "GET /?sid=avr4p0niedtqrfp4x1rodfg+ahtpsxh0vwfwdfy/egtvreo4aurapw HTTP/1.0" 200 787 "-" "Mozilla/4.0 (compatible; MSIE 6.0; Windows NT 5.1)"
66.249.70.165 - - [16/Aug/2007:17:51:20 -0400] "GET / HTTP/1.1" 200 787 "-" "Mozilla/5.0 (compatible; Googlebot/2.1; +http://www.google.com/bot.html)"
66.196.97.159 - - [16/Aug/2007:19:48:37 -0400] "GET /?sid=avr4p0niedtqrfp4x1rodfh1xwrgt1vmvj5wpw9uvq HTTP/1.0" 200 787 "-" "Mozilla/4.0 (compatible; MSIE 6.0; Windows NT 5.1)"
66.196.97.159 - - [16/Aug/2007:19:48:39 -0400] "GET /?sid=avr4p0niedtqrfp4x1rodfh1xwrgt1vmvj5wpw9uvq HTTP/1.0" 200 787 "-" "Mozilla/4.0 (compatible; MSIE 6.0; Windows NT 5.1)"
122.2.30.145 - - [16/Aug/2007:20:51:48 -0400] "GET /?SID=aVR4P0NieDtqRFp4X1ROdFg/fDVvW1Y+aT9OdGlEZD1oew HTTP/1.1" 200 787 "http://aa.mg2.mail.yahoo.com/dc/blank.html?bn=651.48&.intl=aa" "Mozilla/5.0 (Windows; U; Windows NT 5.1; en-US; rv:1.8.1.6) Gecko/20070725 Firefox/2.0.0.6"
122.2.30.145 - - [16/Aug/2007:20:51:49 -0400] "GET /icons/blank.gif HTTP/1.1" 200 148 "http://www.sportbikerecyclers.com/?SID=aVR4P0NieDtqRFp4X1ROdFg/fDVvW1Y+aT9OdGlEZD1oew" "Mozilla/5.0 (Windows; U; Windows NT 5.1; en-US; rv:1.8.1.6) Gecko/20070725 Firefox/2.0.0.6"
122.2.30.145 - - [16/Aug/2007:20:51:49 -0400] "GET /icons/folder.gif HTTP/1.1" 200 225 "http://www.sportbikerecyclers.com/?SID=aVR4P0NieDtqRFp4X1ROdFg/fDVvW1Y+aT9OdGlEZD1oew" "Mozilla/5.0 (Windows; U; Windows NT 5.1; en-US; rv:1.8.1.6) Gecko/20070725 Firefox/2.0.0.6"
122.2.30.145 - - [16/Aug/2007:20:51:50 -0400] "GET /favicon.ico HTTP/1.1" 404 370 "-" "Mozilla/5.0 (Windows; U; Windows NT 5.1; en-US; rv:1.8.1.6) Gecko/20070725 Firefox/2.0.0.6"
209.191.87.218 - - [17/Aug/2007:00:23:28 -0400] "GET /?sid=avr4p0niedtqrfp4x1rodfg+owjuvfz4bmfwz2hr HTTP/1.0" 200 787 "-" "Mozilla/4.0 (compatible; MSIE 6.0; Windows NT 5.1)"
209.191.87.218 - - [17/Aug/2007:00:23:30 -0400] "GET /?sid=avr4p0niedtqrfp4x1rodfg+owjuvfz4bmfwz2hr HTTP/1.0" 200 787 "-" "Mozilla/4.0 (compatible; MSIE 6.0; Windows NT 5.1)"
213.6.105.137 - - [17/Aug/2007:00:35:55 -0400] "GET /?SID=aVR4P0NieDtqRFp4X1ROdFg/QjppP2g0VURKPg HTTP/1.1" 200 787 "http://us.f607.mail.yahoo.com/ym/ShowLetter?MsgId=9115_0_22_1237_848_0_477_1562_2037383437_oSOYkYn4Ur6Rg9OuJfSMZ6x0WsukYm3d1sZ_sxAb0mNKmEWuNSE9ohQk0hyULf1JdtyLH7cMt30qA0Zwsdw1NtpRtxHdHLaE04dDvDnLb6H52DfromrFHXNdozlUvxCe8zQZ80M_zyv818EUXGcokAtdgQZQ18UidJSn6iOk8eU-&Idx=0&YY=38091&y5beta=yes&y5beta=yes&inc=25&order=down&sort=date&pos=0&view=&head=&box=%40B%40Bulk" "Mozilla/4.0 (compatible; MSIE 6.0; Windows NT 5.1; SV1; InfoPath.2)"
213.6.105.137 - - [17/Aug/2007:00:35:56 -0400] "GET /icons/blank.gif HTTP/1.1" 200 148 "http://www.sportbikerecyclers.com/?SID=aVR4P0NieDtqRFp4X1ROdFg/QjppP2g0VURKPg" "Mozilla/4.0 (compatible; MSIE 6.0; Windows NT 5.1; SV1; InfoPath.2)"
213.6.105.137 - - [17/Aug/2007:00:35:56 -0400] "GET /icons/folder.gif HTTP/1.1" 200 225 "http://www.sportbikerecyclers.com/?SID=aVR4P0NieDtqRFp4X1ROdFg/QjppP2g0VURKPg" "Mozilla/4.0 (compatible; MSIE 6.0; Windows NT 5.1; SV1; InfoPath.2)"
66.249.70.165 - - [17/Aug/2007:00:38:52 -0400] "GET /robots.txt HTTP/1.1" 404 370 "-" "Mozilla/5.0 (compatible; Googlebot/2.1; +http://www.google.com/bot.html)"
66.249.70.165 - - [17/Aug/2007:00:38:52 -0400] "GET /logs/ HTTP/1.1" 200 1146 "-" "Mozilla/5.0 (compatible; Googlebot/2.1; +http://www.google.com/bot.html)"
66.196.97.159 - - [17/Aug/2007:02:38:29 -0400] "GET /?sid=avr4p0niedtqrfp4x1rodfg+rinfp3w1vwjkpwh7 HTTP/1.0" 200 787 "-" "Mozilla/4.0 (compatible; MSIE 6.0; Windows NT 5.1)"
66.196.97.159 - - [17/Aug/2007:02:38:31 -0400] "GET /?sid=avr4p0niedtqrfp4x1rodfg+rinfp3w1vwjkpwh7 HTTP/1.0" 200 787 "-" "Mozilla/4.0 (compatible; MSIE 6.0; Windows NT 5.1)"
66.249.70.165 - - [17/Aug/2007:03:50:06 -0400] "GET /robots.txt HTTP/1.1" 404 369 "-" "Googlebot-Image/1.0"
66.249.70.165 - - [17/Aug/2007:03:50:06 -0400] "GET /icons/back.gif HTTP/1.1" 200 216 "-" "Googlebot-Image/1.0"
66.196.97.159 - - [17/Aug/2007:07:48:09 -0400] "GET /?sid=avr4p0niedtqrfp4x1rodfh1wjpqs0phagjapw HTTP/1.0" 200 787 "-" "Mozilla/4.0 (compatible; MSIE 6.0; Windows NT 5.1)"
66.196.97.159 - - [17/Aug/2007:07:48:11 -0400] "GET /?sid=avr4p0niedtqrfp4x1rodfh1wjpqs0phagjapw HTTP/1.0" 200 787 "-" "Mozilla/4.0 (compatible; MSIE 6.0; Windows NT 5.1)"
66.196.97.167 - - [17/Aug/2007:08:32:03 -0400] "GET /?sid=avr4p0niedtqrfp4x1rodfg/smrwyvy9ad9kzfzivj1oew HTTP/1.0" 200 787 "-" "Mozilla/4.0 (compatible; MSIE 6.0; Windows NT 5.1)"
66.196.97.167 - - [17/Aug/2007:08:32:06 -0400] "GET /?sid=avr4p0niedtqrfp4x1rodfg/smrwyvy9ad9kzfzivj1oew HTTP/1.0" 200 787 "-" "Mozilla/4.0 (compatible; MSIE 6.0; Windows NT 5.1)"
63.243.163.199 - - [17/Aug/2007:08:42:37 -0400] "GET /?SID=aVR4P0NieDtqRFp4X1ROdFg+PThoWzk9akRCOWhUdHhoXQ HTTP/1.0" 200 787 "http://us.f517.mail.yahoo.com/ym/ShowLetter?MsgId=5377_0_1172_1240_937_0_3615_1686_1813459839_oSOYkYn4Ur6Rg9SuJfSMZylF0qCfl_ZIAhxTnM9GZ8Qb9L9y.fSfX38znXdM1jGxVgTjof9ljUyKHvXv9F.hPuIoDDGS0mjbwGA9VlbIWP_f9Iu_Pxo4rN17dDG4JyNQ6dyu_Ch5SUKjIjKJRHHnJLyw9BvJGHqatvL2bTOZoS8-&Idx=0&YY=16246&y5beta=yes&y5beta=yes&inc=25&order=down&sort=date&pos=0&view=a&head=b&box=%40B%40Bulk" "Mozilla/4.0 (compatible; MSIE 6.0; Windows NT 5.1; SV1; .NET CLR 1.1.4322)"
63.243.163.199 - - [17/Aug/2007:08:42:38 -0400] "GET /icons/blank.gif HTTP/1.0" 200 148 "http://www.sportbikerecyclers.com/?SID=aVR4P0NieDtqRFp4X1ROdFg+PThoWzk9akRCOWhUdHhoXQ" "Mozilla/4.0 (compatible; MSIE 6.0; Windows NT 5.1; SV1; .NET CLR 1.1.4322)"
63.243.163.199 - - [17/Aug/2007:08:42:41 -0400] "GET /icons/folder.gif HTTP/1.0" 200 225 "http://www.sportbikerecyclers.com/?SID=aVR4P0NieDtqRFp4X1ROdFg+PThoWzk9akRCOWhUdHhoXQ" "Mozilla/4.0 (compatible; MSIE 6.0; Windows NT 5.1; SV1; .NET CLR 1.1.4322)"
63.243.163.199 - - [17/Aug/2007:08:42:51 -0400] "GET /logs/ HTTP/1.0" 200 1145 "http://www.sportbikerecyclers.com/?SID=aVR4P0NieDtqRFp4X1ROdFg+PThoWzk9akRCOWhUdHhoXQ" "Mozilla/4.0 (compatible; MSIE 6.0; Windows NT 5.1; SV1; .NET CLR 1.1.4322)"
63.243.163.199 - - [17/Aug/2007:08:42:52 -0400] "GET /icons/back.gif HTTP/1.0" 200 216 "http://www.sportbikerecyclers.com/logs/" "Mozilla/4.0 (compatible; MSIE 6.0; Windows NT 5.1; SV1; .NET CLR 1.1.4322)"
63.243.163.199 - - [17/Aug/2007:08:42:52 -0400] "GET /icons/unknown.gif HTTP/1.0" 200 245 "http://www.sportbikerecyclers.com/logs/" "Mozilla/4.0 (compatible; MSIE 6.0; Windows NT 5.1; SV1; .NET CLR 1.1.4322)"
66.249.70.165 - - [17/Aug/2007:09:20:11 -0400] "GET /icons/unknown.gif HTTP/1.1" 200 245 "-" "Googlebot-Image/1.0"
208.66.194.5 - - [17/Aug/2007:10:12:28 -0400] "GET /logs/access.log HTTP/1.1" 200 515574 "-" "Googlebot-Image/1.0"
216.230.138.105 - - [17/Aug/2007:10:20:08 -0400] "GET /?SID=aVR4P0NieDtqRFp4X1ROdFg+aHRWYlo4aT5oeFVLTnRoaw HTTP/1.0" 200 787 "http://e1.f374.mail.yahoo.com/ym/ShowLetter?MsgId=9925_74088569_1283996_1202_895_0_4928_1629_3511799514&Idx=5&YY=21156&y5beta=yes&y5beta=yes&inc=25&order=down&sort=date&pos=0&view=a&head=b&box=Inbox" "Mozilla/4.0 (compatible; MSIE 6.0; Windows NT 5.1; SV1; FunWebProducts; .NET CLR 1.1.4322; InfoPath.2)"
216.230.138.105 - - [17/Aug/2007:10:20:09 -0400] "GET /icons/blank.gif HTTP/1.0" 200 148 "http://www.sportbikerecyclers.com/?SID=aVR4P0NieDtqRFp4X1ROdFg+aHRWYlo4aT5oeFVLTnRoaw" "Mozilla/4.0 (compatible; MSIE 6.0; Windows NT 5.1; SV1; FunWebProducts; .NET CLR 1.1.4322; InfoPath.2)"
216.230.138.105 - - [17/Aug/2007:10:20:09 -0400] "GET /icons/folder.gif HTTP/1.0" 200 225 "http://www.sportbikerecyclers.com/?SID=aVR4P0NieDtqRFp4X1ROdFg+aHRWYlo4aT5oeFVLTnRoaw" "Mozilla/4.0 (compatible; MSIE 6.0; Windows NT 5.1; SV1; FunWebProducts; .NET CLR 1.1.4322; InfoPath.2)"
208.66.194.5 - - [17/Aug/2007:10:41:48 -0400] "GET /logs/access.log HTTP/1.1" 200 516685 "-" "Googlebot-Image/1.0"
208.66.194.5 - - [17/Aug/2007:11:01:34 -0400] "GET /logs/access.log HTTP/1.1" 200 516800 "-" "Mozilla/5.0 (compatible; Googlebot/2.1; +http://www.google.com/bot.html)"
208.66.194.5 - - [17/Aug/2007:11:36:27 -0400] "GET /logs/access.log HTTP/1.1" 200 516968 "-" "Mozilla/5.0 (compatible; Googlebot/2.1; +http://www.google.com/bot.html)"
209.191.87.218 - - [17/Aug/2007:12:09:54 -0400] "GET /?sid=avr4p0niedtqrfp4x1rodfh1qxhow1y5af0 HTTP/1.0" 200 787 "-" "Mozilla/4.0 (compatible; MSIE 6.0; Windows NT 5.1)"
209.191.87.218 - - [17/Aug/2007:12:09:57 -0400] "GET /?sid=avr4p0niedtqrfp4x1rodfh1qxhow1y5af0 HTTP/1.0" 200 787 "-" "Mozilla/4.0 (compatible; MSIE 6.0; Windows NT 5.1)"
208.66.194.5 - - [17/Aug/2007:12:10:44 -0400] "GET /logs/access.log HTTP/1.1" 200 517476 "-" "Mozilla/5.0 (compatible; Googlebot/2.1; +http://www.google.com/bot.html)"
208.36.144.8 - - [17/Aug/2007:12:14:11 -0400] "GET /robots.txt HTTP/1.0" 404 370 "-" "Mozilla/5.0 (Twiceler-0.9 http://www.cuill.com/twiceler/robot.html)"
208.66.194.5 - - [17/Aug/2007:12:29:44 -0400] "GET /logs/access.log HTTP/1.1" 200 517799 "-" "Mozilla/5.0 (compatible; Googlebot/2.1; +http://www.google.com/bot.html)"
208.66.194.5 - - [17/Aug/2007:12:46:47 -0400] "GET /logs/access.log HTTP/1.1" 200 517967 "-" "Googlebot-Image/1.0"
208.66.194.5 - - [17/Aug/2007:13:03:20 -0400] "GET /logs/access.log HTTP/1.1" 200 518082 "-" "Mozilla/5.0 (compatible; Googlebot/2.1; +http://www.google.com/bot.html)"
208.66.194.5 - - [17/Aug/2007:13:19:37 -0400] "GET /logs/access.log HTTP/1.1" 200 518250 "-" "Mozilla/5.0 (compatible; Googlebot/2.1; +http://www.google.com/bot.html)"
208.66.194.5 - - [17/Aug/2007:13:43:41 -0400] "GET /logs/access.log HTTP/1.1" 200 518418 "-" "Googlebot-Image/1.0"
208.66.194.5 - - [17/Aug/2007:14:02:45 -0400] "GET /logs/access.log HTTP/1.1" 200 518533 "-" "Mozilla/5.0 (compatible; Googlebot/2.1; +http://www.google.com/bot.html)"
66.249.70.165 - - [17/Aug/2007:14:08:11 -0400] "GET /robots.txt HTTP/1.1" 404 370 "-" "Mozilla/5.0 (compatible; Googlebot/2.1; +http://www.google.com/bot.html)"
66.249.70.165 - - [17/Aug/2007:14:08:11 -0400] "GET /logs/access.log HTTP/1.1" 200 518862 "-" "Mozilla/5.0 (compatible; Googlebot/2.1; +http://www.google.com/bot.html)"
131.107.0.95 - - [17/Aug/2007:14:16:24 -0400] "GET / HTTP/1.1" 200 787 "http://search.live.com/result.aspx?q=flights&mrt=en-us&FORM=LVSP" "Mozilla/4.0 (compatible; MSIE 7.0; Windows NT 5.2; .NET CLR 1.1.4322)"
208.66.194.5 - - [17/Aug/2007:14:29:41 -0400] "GET /logs/access.log HTTP/1.1" 200 519241 "-" "Mozilla/5.0 (compatible; Googlebot/2.1; +http://www.google.com/bot.html)"
208.66.194.5 - - [17/Aug/2007:14:47:23 -0400] "GET /logs/access.log HTTP/1.1" 200 519409 "-" "Mozilla/5.0 (compatible; Googlebot/2.1; +http://www.google.com/bot.html)"
208.66.194.5 - - [17/Aug/2007:15:16:51 -0400] "GET /logs/access.log HTTP/1.1" 200 519577 "-" "Googlebot-Image/1.0"
208.66.194.5 - - [17/Aug/2007:15:36:15 -0400] "GET /logs/access.log HTTP/1.1" 200 519692 "-" "Googlebot-Image/1.0"
208.66.194.5 - - [17/Aug/2007:15:54:36 -0400] "GET /logs/access.log HTTP/1.1" 200 519807 "-" "Mozilla/5.0 (compatible; Googlebot/2.1; +http://www.google.com/bot.html)"
208.66.194.5 - - [17/Aug/2007:16:18:06 -0400] "GET /logs/access.log HTTP/1.1" 200 519975 "-" "Mozilla/5.0 (compatible; Googlebot/2.1; +http://www.google.com/bot.html)"
66.249.70.165 - - [17/Aug/2007:16:22:43 -0400] "GET /robots.txt HTTP/1.1" 404 369 "-" "Googlebot-Image/1.0"
66.249.70.165 - - [17/Aug/2007:16:22:43 -0400] "GET /icons/folder.gif HTTP/1.1" 200 225 "-" "Googlebot-Image/1.0"
208.66.194.5 - - [17/Aug/2007:16:37:40 -0400] "GET /logs/access.log HTTP/1.1" 200 520365 "-" "Googlebot-Image/1.0"
209.191.87.218 - - [17/Aug/2007:16:49:22 -0400] "GET /?sid=avr4p0niedtqrfp4x1rodfg+agtpp3g+aj5wo1u/smrprfu HTTP/1.0" 200 787 "-" "Mozilla/4.0 (compatible; MSIE 6.0; Windows NT 5.1)"
209.191.87.218 - - [17/Aug/2007:16:49:24 -0400] "GET /?sid=avr4p0niedtqrfp4x1rodfg+agtpp3g+aj5wo1u/smrprfu HTTP/1.0" 200 787 "-" "Mozilla/4.0 (compatible; MSIE 6.0; Windows NT 5.1)"
208.66.194.5 - - [17/Aug/2007:16:54:30 -0400] "GET /logs/access.log HTTP/1.1" 200 520844 "-" "Mozilla/5.0 (compatible; Googlebot/2.1; +http://www.google.com/bot.html)"
208.66.194.5 - - [17/Aug/2007:17:12:46 -0400] "GET /logs/access.log HTTP/1.1" 200 521012 "-" "Googlebot-Image/1.0"
66.249.70.165 - - [17/Aug/2007:17:18:54 -0400] "GET /icons/back.gif HTTP/1.1" 200 216 "-" "Googlebot-Image/1.0"
208.66.194.5 - - [17/Aug/2007:17:29:59 -0400] "GET /logs/access.log HTTP/1.1" 200 521239 "-" "Googlebot-Image/1.0"
208.66.194.5 - - [17/Aug/2007:17:47:01 -0400] "GET /logs/access.log HTTP/1.1" 200 521354 "-" "Mozilla/5.0 (compatible; Googlebot/2.1; +http://www.google.com/bot.html)"
208.66.194.5 - - [17/Aug/2007:18:03:18 -0400] "GET /logs/access.log HTTP/1.1" 200 521522 "-" "Googlebot-Image/1.0"
208.66.194.5 - - [17/Aug/2007:18:19:56 -0400] "GET /logs/access.log HTTP/1.1" 200 521637 "-" "Mozilla/5.0 (compatible; Googlebot/2.1; +http://www.google.com/bot.html)"
208.66.194.5 - - [17/Aug/2007:18:37:31 -0400] "GET /logs/access.log HTTP/1.1" 200 521805 "-" "Googlebot-Image/1.0"
64.27.28.154 - - [17/Aug/2007:18:45:47 -0400] "GET /logs/access.log HTTP/1.1" 206 103425 "-" "Mozilla/5.0 (compatible; Googlebot/2.1; +http://www.google.com/bot.html)"
208.66.194.5 - - [17/Aug/2007:18:54:02 -0400] "GET /logs/access.log HTTP/1.1" 200 522088 "-" "Googlebot-Image/1.0"
208.66.194.5 - - [17/Aug/2007:19:11:33 -0400] "GET /logs/access.log HTTP/1.1" 200 522203 "-" "Googlebot-Image/1.0"
208.66.194.5 - - [17/Aug/2007:19:28:12 -0400] "GET /logs/access.log HTTP/1.1" 200 522318 "-" "Googlebot-Image/1.0"
208.66.194.5 - - [17/Aug/2007:19:44:41 -0400] "GET /logs/access.log HTTP/1.1" 200 522433 "-" "Mozilla/5.0 (compatible; Googlebot/2.1; +http://www.google.com/bot.html)"
208.66.194.5 - - [17/Aug/2007:20:01:34 -0400] "GET /logs/access.log HTTP/1.1" 200 522601 "-" "Mozilla/5.0 (compatible; Googlebot/2.1; +http://www.google.com/bot.html)"
208.66.194.5 - - [17/Aug/2007:20:17:45 -0400] "GET /logs/access.log HTTP/1.1" 200 522769 "-" "Mozilla/5.0 (compatible; Googlebot/2.1; +http://www.google.com/bot.html)"
208.66.194.5 - - [17/Aug/2007:20:34:26 -0400] "GET /logs/access.log HTTP/1.1" 200 522937 "-" "Mozilla/5.0 (compatible; Googlebot/2.1; +http://www.google.com/bot.html)"
208.66.194.5 - - [17/Aug/2007:20:50:53 -0400] "GET /logs/access.log HTTP/1.1" 200 523105 "-" "Googlebot-Image/1.0"
208.66.194.5 - - [17/Aug/2007:21:07:14 -0400] "GET /logs/access.log HTTP/1.1" 200 523220 "-" "Mozilla/5.0 (compatible; Googlebot/2.1; +http://www.google.com/bot.html)"
208.66.194.5 - - [17/Aug/2007:21:23:42 -0400] "GET /logs/access.log HTTP/1.1" 200 523388 "-" "Mozilla/5.0 (compatible; Googlebot/2.1; +http://www.google.com/bot.html)"
208.66.194.5 - - [17/Aug/2007:21:40:32 -0400] "GET /logs/access.log HTTP/1.1" 200 523556 "-" "Mozilla/5.0 (compatible; Googlebot/2.1; +http://www.google.com/bot.html)"
208.66.194.5 - - [17/Aug/2007:21:57:11 -0400] "GET /logs/access.log HTTP/1.1" 200 523724 "-" "Googlebot-Image/1.0"
208.66.194.5 - - [17/Aug/2007:22:13:50 -0400] "GET /logs/access.log HTTP/1.1" 200 523839 "-" "Mozil